{"id":2330,"date":"2020-05-06T14:05:02","date_gmt":"2020-05-06T17:05:02","guid":{"rendered":"http:\/\/themes.muffingroup.com\/be\/callcenter\/?page_id=2327"},"modified":"2024-02-25T10:48:01","modified_gmt":"2024-02-25T13:48:01","slug":"fale-conosco","status":"publish","type":"page","link":"https:\/\/justlaser.com.br\/alugueldelasers\/fale-conosco\/","title":{"rendered":"FALE CONOSCO"},"content":{"rendered":"<p><span style=\"font-size: 14pt;\">A JUST LASER \u00e9 uma empresa l\u00edder no aluguel e loca\u00e7\u00e3o de Equipamentos M\u00e9dicos para \u00e1rea de est\u00e9tica. <\/span><br \/>\n<span style=\"font-size: 14pt;\">Fundada em 2012 por m\u00e9dicos dermatologistas\u00a0 e investidores, oferecemos uma s\u00e9rie de equipamentos para aluguel na regi\u00e3o de S\u00e3o Paulo e arredores.\u00a0<\/span><\/p>\n<p><span style=\"font-size: 14pt;\">Assim como oferecemos tamb\u00e9m treinamentos espec\u00edficos para o uso de nossas m\u00e1quinas e melhor resultados de performance para sua empresa.<\/span><\/p>\n<p>&nbsp;<\/p>\n<p><span style=\"font-size: 14pt;\">Voc\u00ea pode entrar em contato conosco:<\/span><\/p>\n<ul>\n<li><span style=\"font-size: 14pt;\"> pelo e-mail\u00a0 <strong>comercial@justlaser.com.br <\/strong><\/span><\/li>\n<li><span style=\"font-size: 14pt;\">ou pelo <strong>WhatsApp<\/strong> , no bot\u00e3o verde, que se encontra a direita e abaixo aqui no site. Agora, basta clicar no bot\u00e3o verde para ser atendido.\u00a0<\/span><\/li>\n<\/ul>\n<p>&nbsp;<\/p>\n<p>&nbsp;<\/p>\n","protected":false},"excerpt":{"rendered":"<p>A JUST LASER \u00e9 uma empresa l\u00edder no aluguel e loca\u00e7\u00e3o de Equipamentos M\u00e9dicos [&hellip;]<\/p>\n","protected":false},"author":1,"featured_media":0,"parent":0,"menu_order":0,"comment_status":"open","ping_status":"open","template":"","meta":{"footnotes":""},"_links":{"self":[{"href":"https:\/\/justlaser.com.br\/alugueldelasers\/wp-json\/wp\/v2\/pages\/2330"}],"collection":[{"href":"https:\/\/justlaser.com.br\/alugueldelasers\/wp-json\/wp\/v2\/pages"}],"about":[{"href":"https:\/\/justlaser.com.br\/alugueldelasers\/wp-json\/wp\/v2\/types\/page"}],"author":[{"embeddable":true,"href":"https:\/\/justlaser.com.br\/alugueldelasers\/wp-json\/wp\/v2\/users\/1"}],"replies":[{"embeddable":true,"href":"https:\/\/justlaser.com.br\/alugueldelasers\/wp-json\/wp\/v2\/comments?post=2330"}],"version-history":[{"count":0,"href":"https:\/\/justlaser.com.br\/alugueldelasers\/wp-json\/wp\/v2\/pages\/2330\/revisions"}],"wp:attachment":[{"href":"https:\/\/justlaser.com.br\/alugueldelasers\/wp-json\/wp\/v2\/media?parent=2330"}],"curies":[{"name":"wp","href":"https:\/\/api.w.org\/{rel}","templated":true}]}}

<p><span style="font-size: 14pt;">A JUST LASER é uma empresa líder no aluguel e locação de Equipamentos Médicos para área de estética. </span><br />
<span style="font-size: 14pt;">Fundada em 2012 por médicos dermatologistas  e investidores, oferecemos uma série de equipamentos para aluguel na região de São Paulo e arredores. </span></p>
<p><span style="font-size: 14pt;">Assim como oferecemos também treinamentos específicos para o uso de nossas máquinas e melhor resultados de performance para sua empresa.</span></p>
<p>&nbsp;</p>
<p><span style="font-size: 14pt;">Você pode entrar em contato conosco:</span></p>
<ul>
<li><span style="font-size: 14pt;"> pelo e-mail  <strong>comercial@justlaser.com.br </strong></span></li>
<li><span style="font-size: 14pt;">ou pelo <strong>WhatsApp</strong> , no botão verde, que se encontra a direita e abaixo aqui no site. Agora, basta clicar no botão verde para ser atendido. </span></li>
</ul>
<p>&nbsp;</p>
<p>&nbsp;</p>

<p>A JUST LASER é uma empresa líder no aluguel e locação de Equipamentos Médicos [&hellip;]</p>
