{"id":2428,"date":"2017-11-20T15:26:03","date_gmt":"2017-11-20T17:26:03","guid":{"rendered":"http:\/\/justlaser.com.br\/alugueldelasers\/?page_id=2428"},"modified":"2022-01-12T09:58:40","modified_gmt":"2022-01-12T12:58:40","slug":"aluguel-da-ponteira-acroma-q-switched-1064-do-etherea","status":"publish","type":"page","link":"https:\/\/justlaser.com.br\/alugueldelasers\/aluguel-e-locacao-de-ponteiras-de-lasers-em-sao-paulo\/aluguel-da-ponteira-acroma-q-switched-1064-do-etherea\/","title":{"rendered":"Aluguel da Ponteira Acroma Q-Switched 1064 do Etherea MX"},"content":{"rendered":"<h1><img decoding=\"async\" class=\"aligncenter size-full wp-image-3019\" src=\"http:\/\/justlaser.com.br\/alugueldelasers\/wp-content\/uploads\/2022\/01\/ALUGUEL-ACROMA-ETHEREA.png\" alt=\"ALUGUEL ACROMA ETHEREA\" width=\"1525\" height=\"367\" title=\"\" srcset=\"https:\/\/justlaser.com.br\/alugueldelasers\/wp-content\/uploads\/2022\/01\/ALUGUEL-ACROMA-ETHEREA-200x48.png 200w, https:\/\/justlaser.com.br\/alugueldelasers\/wp-content\/uploads\/2022\/01\/ALUGUEL-ACROMA-ETHEREA-300x72.png 300w, https:\/\/justlaser.com.br\/alugueldelasers\/wp-content\/uploads\/2022\/01\/ALUGUEL-ACROMA-ETHEREA-400x96.png 400w, https:\/\/justlaser.com.br\/alugueldelasers\/wp-content\/uploads\/2022\/01\/ALUGUEL-ACROMA-ETHEREA-500x120.png 500w, https:\/\/justlaser.com.br\/alugueldelasers\/wp-content\/uploads\/2022\/01\/ALUGUEL-ACROMA-ETHEREA-600x144.png 600w, https:\/\/justlaser.com.br\/alugueldelasers\/wp-content\/uploads\/2022\/01\/ALUGUEL-ACROMA-ETHEREA-700x168.png 700w, https:\/\/justlaser.com.br\/alugueldelasers\/wp-content\/uploads\/2022\/01\/ALUGUEL-ACROMA-ETHEREA-768x185.png 768w, https:\/\/justlaser.com.br\/alugueldelasers\/wp-content\/uploads\/2022\/01\/ALUGUEL-ACROMA-ETHEREA-800x193.png 800w, https:\/\/justlaser.com.br\/alugueldelasers\/wp-content\/uploads\/2022\/01\/ALUGUEL-ACROMA-ETHEREA-1024x246.png 1024w, https:\/\/justlaser.com.br\/alugueldelasers\/wp-content\/uploads\/2022\/01\/ALUGUEL-ACROMA-ETHEREA-1200x289.png 1200w, https:\/\/justlaser.com.br\/alugueldelasers\/wp-content\/uploads\/2022\/01\/ALUGUEL-ACROMA-ETHEREA.png 1525w\" sizes=\"(max-width: 1525px) 100vw, 1525px\" \/><\/h1>\n<h1>Aluguel da Ponteira Acroma Q-Switched 1064 do Etherea MX<\/h1>\n<p>&nbsp;<\/p>\n<p>Para remo\u00e7\u00e3o de tatuagem, para tratamento de melasma , para Black Peel e Peeling Hollywood.<br \/>\nAparelho\u00a0 m\u00e9dico, considerado a melhora plataforma de lasers do Brasil.<\/p>\n<p>&nbsp;<\/p>\n<div class=\"et_pb_module et_pb_text et_pb_text_0 et_pb_text_align_left et_pb_bg_layout_light et_multi_view__hover_selector\">\n<div class=\"et_pb_text_inner\" style=\"box-sizing: border-box; margin: 0px; padding: 0px; border: 0px; outline: 0px; font-size: 20px; text-size-adjust: 100%; vertical-align: baseline; background: transparent; position: relative;\" data-et-multi-view=\"{&quot;schema&quot;:{&quot;content&quot;:{&quot;desktop&quot;:&quot;&lt;p style=\\&quot;text-align: left;\\&quot;&gt;VERSATILIDADE PARA DIFERENTES INDICA\\u00c7\\u00d5ES DE TRATAMENTO&lt;\\\/p&gt;&quot;,&quot;phone&quot;:&quot;&lt;p style=\\&quot;text-align: center;\\&quot;&gt;VERSATILIDADE PARA DIFERENTES INDICA\\u00c7\\u00d5ES DE TRATAMENTO&lt;\\\/p&gt;&quot;}},&quot;slug&quot;:&quot;et_pb_text&quot;}\" data-et-multi-view-load-phone-hidden=\"true\">\n<h2><span style=\"font-size: 14pt;\">VERSATILIDADE PARA DIFERENTES INDICA\u00c7\u00d5ES DE TRATAMENTO COM ACROMA<\/span><\/h2>\n<\/div>\n<\/div>\n<div class=\"et_pb_module et_pb_text et_pb_text_1 et_pb_text_align_left et_pb_bg_layout_light\">\n<div class=\"et_pb_text_inner\">\n<p>2 comprimentos de onda dispon\u00edveis q swtiched :<br \/>\n<strong>\u2022 1.064 nm para rejuvenescimento fotoionizante em nanosegundos,\u00a0 para Black Peel e melhora poros e tonus facial.<\/strong><br \/>\n<strong>\u2022 1.064 nm e 532 nm para remo\u00e7\u00e3o de tatuagens.<\/strong><\/p>\n<\/div>\n<\/div>\n<div class=\"et_pb_column et_pb_column_1_4 et_pb_column_inner et_pb_column_inner_1\">\n<div class=\"et_pb_module et_pb_blurb et_pb_blurb_5 et_pb_text_align_left et_pb_blurb_position_left et_pb_bg_layout_light et_had_animation\">\n<div class=\"et_pb_blurb_content\">\n<div class=\"et_pb_main_blurb_image\"><span class=\"et_pb_image_wrap et_pb_only_image_mode_wrap\"><img decoding=\"async\" class=\"et_pb_animation_top et_pb_animation_top_tablet et_pb_animation_top_phone wp-image-18105 et-animated et_had_animation\" src=\"https:\/\/www.vydence.com\/wp-content\/uploads\/2018\/10\/img1-1.png\" alt=\"\" width=\"115\" height=\"115\" title=\"\"><\/span><\/div>\n<div class=\"et_pb_blurb_container\">\n<h4 class=\"et_pb_module_header\">MELHORA DA TEXTURA<\/h4>\n<\/div>\n<\/div>\n<\/div>\n<div class=\"et_pb_module et_pb_blurb et_pb_blurb_6 et_pb_text_align_left et_pb_blurb_position_left et_pb_bg_layout_light et_had_animation\">\n<div class=\"et_pb_blurb_content\">\n<div class=\"et_pb_main_blurb_image\"><span class=\"et_pb_image_wrap et_pb_only_image_mode_wrap\"><img decoding=\"async\" class=\"et_pb_animation_top et_pb_animation_top_tablet et_pb_animation_top_phone wp-image-18106 et-animated et_had_animation\" src=\"https:\/\/www.vydence.com\/wp-content\/uploads\/2018\/10\/img3-1.png\" alt=\"\" width=\"115\" height=\"115\" title=\"\"><\/span><\/div>\n<div class=\"et_pb_blurb_container\">\n<h4 class=\"et_pb_module_header\">FECHAMENTO DE POROS<\/h4>\n<\/div>\n<\/div>\n<\/div>\n<div class=\"et_pb_module et_pb_blurb et_pb_blurb_7 et_pb_text_align_left et_pb_blurb_position_left et_pb_bg_layout_light et_had_animation\">\n<div class=\"et_pb_blurb_content\">\n<div class=\"et_pb_main_blurb_image\"><span class=\"et_pb_image_wrap et_pb_only_image_mode_wrap\"><img decoding=\"async\" class=\"et_pb_animation_top et_pb_animation_top_tablet et_pb_animation_top_phone wp-image-18107 et-animated et_had_animation\" src=\"https:\/\/www.vydence.com\/wp-content\/uploads\/2018\/10\/img5-1.png\" alt=\"\" width=\"115\" height=\"115\" title=\"\"><\/span><\/div>\n<div class=\"et_pb_blurb_container\">\n<h4 class=\"et_pb_module_header\">ATENUA\u00c7\u00c3O DE RUGAS E LINHAS FINAS<\/h4>\n<\/div>\n<\/div>\n<\/div>\n<\/div>\n<div class=\"et_pb_column et_pb_column_1_4 et_pb_column_inner et_pb_column_inner_2 et-last-child\">\n<div class=\"et_pb_module et_pb_blurb et_pb_blurb_8 et_pb_text_align_left et_pb_blurb_position_left et_pb_bg_layout_light et_had_animation\">\n<div class=\"et_pb_blurb_content\">\n<div class=\"et_pb_main_blurb_image\"><span class=\"et_pb_image_wrap et_pb_only_image_mode_wrap\"><img decoding=\"async\" class=\"et_pb_animation_top et_pb_animation_top_tablet et_pb_animation_top_phone wp-image-18108 et-animated et_had_animation\" src=\"https:\/\/www.vydence.com\/wp-content\/uploads\/2018\/10\/img2-1.png\" alt=\"\" width=\"115\" height=\"115\" title=\"\"><\/span><\/div>\n<div class=\"et_pb_blurb_container\">\n<h4 class=\"et_pb_module_header\">AUMENTO DO T\u00d4NUS E VI\u00c7O<\/h4>\n<\/div>\n<\/div>\n<\/div>\n<div class=\"et_pb_module et_pb_blurb et_pb_blurb_9 et_pb_text_align_left et_pb_blurb_position_left et_pb_bg_layout_light et_had_animation\">\n<div class=\"et_pb_blurb_content\">\n<div class=\"et_pb_main_blurb_image\"><span class=\"et_pb_image_wrap et_pb_only_image_mode_wrap\"><img decoding=\"async\" class=\"et_pb_animation_top et_pb_animation_top_tablet et_pb_animation_top_phone wp-image-18109 et-animated et_had_animation\" src=\"https:\/\/www.vydence.com\/wp-content\/uploads\/2018\/10\/img4-1.png\" alt=\"\" width=\"115\" height=\"115\" title=\"\"><\/span><\/div>\n<div class=\"et_pb_blurb_container\">\n<h4 class=\"et_pb_module_header\">CLAREAMENTO DE MANCHAS com ACROMA<\/h4>\n<div class=\"et_pb_module et_pb_text et_pb_text_3 et_pb_text_align_left et_pb_bg_layout_light\">\n<div class=\"et_pb_text_inner\">\n<p>PARA TODOS OS TIPOS DE PELE EM QUALQUER \u00c9POCA DO ANO<\/p>\n<\/div>\n<\/div>\n<div class=\"et_pb_module et_pb_text et_pb_text_4 et_pb_text_align_left et_pb_bg_layout_light\">\n<div class=\"et_pb_text_inner\">\n<p>Tratamento seguro, que pode ser amplamente indicado e adaptado \u00e0 rotina e estilo de vida de cada paciente, sem restri\u00e7\u00f5es.<\/p>\n<p><img decoding=\"async\" class=\"aligncenter size-full wp-image-3020\" src=\"http:\/\/justlaser.com.br\/alugueldelasers\/wp-content\/uploads\/2022\/01\/ALUGUEL-ACROMA-.png\" alt=\"ALUGUEL ACROMA\" width=\"1453\" height=\"776\" title=\"\" srcset=\"https:\/\/justlaser.com.br\/alugueldelasers\/wp-content\/uploads\/2022\/01\/ALUGUEL-ACROMA--200x107.png 200w, https:\/\/justlaser.com.br\/alugueldelasers\/wp-content\/uploads\/2022\/01\/ALUGUEL-ACROMA--300x160.png 300w, https:\/\/justlaser.com.br\/alugueldelasers\/wp-content\/uploads\/2022\/01\/ALUGUEL-ACROMA--400x214.png 400w, https:\/\/justlaser.com.br\/alugueldelasers\/wp-content\/uploads\/2022\/01\/ALUGUEL-ACROMA--500x267.png 500w, https:\/\/justlaser.com.br\/alugueldelasers\/wp-content\/uploads\/2022\/01\/ALUGUEL-ACROMA--600x320.png 600w, https:\/\/justlaser.com.br\/alugueldelasers\/wp-content\/uploads\/2022\/01\/ALUGUEL-ACROMA--700x374.png 700w, https:\/\/justlaser.com.br\/alugueldelasers\/wp-content\/uploads\/2022\/01\/ALUGUEL-ACROMA--768x410.png 768w, https:\/\/justlaser.com.br\/alugueldelasers\/wp-content\/uploads\/2022\/01\/ALUGUEL-ACROMA--800x427.png 800w, https:\/\/justlaser.com.br\/alugueldelasers\/wp-content\/uploads\/2022\/01\/ALUGUEL-ACROMA--1024x547.png 1024w, https:\/\/justlaser.com.br\/alugueldelasers\/wp-content\/uploads\/2022\/01\/ALUGUEL-ACROMA--1200x641.png 1200w, https:\/\/justlaser.com.br\/alugueldelasers\/wp-content\/uploads\/2022\/01\/ALUGUEL-ACROMA-.png 1453w\" sizes=\"(max-width: 1453px) 100vw, 1453px\" \/><\/p>\n<\/div>\n<\/div>\n<\/div>\n<\/div>\n<\/div>\n<\/div>\n<h2>Se voc\u00ea procura aluguel do Etherea MX, entre em contato agora !<\/h2>\n<h3>\u00a0<strong>A PLATAFORMA LASER BRASILEIRA MAIS VENDIDA NO MUNDO, DISPON\u00cdVEL PARA ALUGUEL\u00a0<\/strong><\/h3>\n<h2><\/h2>\n<ul>\n<li><span style=\"font-size: 14pt;\">Vers\u00e1til: mais de 70 indica\u00e7\u00f5es de tratamentos cl\u00ednicos e est\u00e9ticos.<\/span><\/li>\n<li><span style=\"font-size: 14pt;\">Compat\u00edvel com o handPICO<sup><strong>\u00ae<\/strong><\/sup>, o primeiro e \u00fanico handpiece em picossegundos do mundo.<\/span><\/li>\n<li><span style=\"font-size: 14pt;\">Tecnologia de ponta, presente em mais de 30 pa\u00edses incluindo USA e Canad\u00e1.<\/span><\/li>\n<li><span style=\"font-size: 14pt;\">L\u00edder absoluto em vendas no mercado brasileiro com quase 2.000 unidades vendidas.<\/span><\/li>\n<li><span style=\"font-size: 14pt;\">Estabilidade, seguran\u00e7a e robustez.<\/span><\/li>\n<li><span style=\"font-size: 14pt;\">Reconhecido pela classe m\u00e9dica por sua qualidade e garantia de resultados.<\/span><\/li>\n<li><span style=\"font-size: 14pt;\">2 anos de garantia para a plataforma*.<\/span><\/li>\n<\/ul>\n<p><iframe src=\"\/\/www.youtube.com\/embed\/JHCT89RbAS8\" width=\"560\" height=\"314\" allowfullscreen=\"allowfullscreen\" data-mce-fragment=\"1\"><\/iframe><\/p>\n<div id=\"rd-text-kfwxnui0\" class=\"bricks--component bricks--component-text rd-text\">\n<h3><strong>Aluguel do laser Etherea MX\u00a0 &#8211; Por que ?\u00a0 \u00a0Mais de\u00a0 1.800+ unidades vendidas<\/strong><\/h3>\n<p>Uma conquista t\u00e3o robusta quanto a plataforma.<\/p>\n<\/div>\n<div id=\"rd-text-kfwxoi1m\" class=\"bricks--component bricks--component-text rd-text\">\n<p>Atingir a lideran\u00e7a e permanecer no topo s\u00f3 \u00e9 poss\u00edvel atrav\u00e9s de muita dedica\u00e7\u00e3o ao mais alto n\u00edvel de pesquisa e desenvolvimento.<br \/>\nO <a href=\"https:\/\/www.vydence.com\/pt\/home\/\" target=\"_blank\" rel=\"noopener\">ETHEREA MX<\/a>\u00ae continua conquistando a confian\u00e7a de m\u00e9dicos e de pacientes em todo o mundo, devido a essa dedica\u00e7\u00e3o, sempre com foco em projetos de amplo espectro.<\/p>\n<\/div>\n<p>&nbsp;<\/p>\n<h2><span style=\"font-size: 14pt;\">Como fazer a remo\u00e7\u00e3o de tatuagem com laser Q switched 1064 Nd Yag<\/span><\/h2>\n<p>Check list do protocolo<br \/>\nFotografia perfeita da tatuagem\u00a0 \u2013 do antes<br \/>\nTermo de consentimento esclarecido assinado !<br \/>\nD\u00favidas tiradas<br \/>\nAnest\u00e9sico<br \/>\nLimpar a \u00e1rea muito bem antes do laser<\/p>\n<h2><span style=\"font-size: 14pt;\">Exemplo de protocolo avan\u00e7ado para <\/span><span style=\"font-size: 14pt;\">remo\u00e7\u00e3o de tatuagem com\u00a0aluguel ou loca\u00e7\u00e3o\u00a0de laser Ndyag (nd-yag 1064)\u00a0 para tatoo:<\/span><\/h2>\n<h3>Abaixo exemplo de sequ\u00eancia de tratamento com laser para remo\u00e7\u00e3o de tatoo, tatuagem, com laser\u00a0 Acroma da Vydence, Etherea MX ponteira Acroma<\/h3>\n<p><strong><em>Protocolo remo\u00e7\u00e3o de tatuagem<\/em><\/strong><br \/>\n1. Pot\u00eancias crescentes<br \/>\n600 mj -&gt; 900 mj -&gt; 1200 mj -&gt; 1500 mj<\/p>\n<p>2. Ponteira \u2013 iniciar com uso da ponteira 5mm nas primeiras sess\u00f5es:<br \/>\n5 mm \u2013 quando n\u00e3o funcionar mais, trocar a\u00a0 3 mm 1064nm\u00a0 e no fim , se precisar, tentar a 3mm\u00a0 532nm<\/p>\n<p>3. Cores<br \/>\nPreto -&gt; colorido<\/p>\n<p>4. \u00danica passada no pigmento<\/p>\n<p>&nbsp;<\/p>\n<p><a href=\"https:\/\/justlaser.com.br\/alugueldelasers\/aluguel-ultrassom-macro-focado-scizer\/locacao-scizer\">Loca\u00e7\u00e3o do Scizer pelo Brasil\u00a0<\/a><\/p>\n<p><a href=\"https:\/\/justlaser.com.br\/alugueldelasers\/aluguel-locacao-de-lasers\/locacao-aluguel-do-laser-plataforma-ethereamx-sao-paulo\/\">Aluguel Etherea MX<\/a><\/p>\n<p><a href=\"https:\/\/justlaser.com.br\/alugueldelasers\/aluguel-locacao-harmony-xl\/\">Aluguel Harmony\u00a0<\/a><\/p>\n<p><a href=\"https:\/\/justlaser.com.br\/alugueldelasers\/curso-treinamento-aparelhos-de-laser-depilacao-ultrassom\/curso-de-ultraformer\/\">Curso de UltraFormer<\/a><\/p>\n<p><em><strong><span style=\"font-size: 14pt;\">Se voc\u00ea procura <a href=\"https:\/\/justlaser.com.br\/alugueldelasers\/aluguel-locacao-de-lasers\/locacao-aluguel-do-laser-plataforma-etherea-mx-sao-paulo\/\">aluguel loca\u00e7\u00e3o do Etherea MX<\/a><br \/>\n<\/span><\/strong><\/em><em><strong><span style=\"font-size: 14pt;\">ou treinamento de Etherea MX: entre em contato !<\/span><\/strong><\/em><\/p>\n<h2><\/h2>\n<blockquote><p><span style=\"font-size: 14pt;\">Na Just Laser voc\u00ea encontra as melhores tecnologias<strong> para loca\u00e7\u00e3o,<\/strong> e aparelhos para os mais diversos tratamentos.<\/span><br \/>\n<span style=\"font-size: 24pt;\"><strong>Ficaremos felizes em atend\u00ea-lo!<\/strong><\/span><br \/>\n<span style=\"font-size: 14pt;\">\u00a0<\/span><\/p><\/blockquote>\n<h2>Saiba mais entrando em contato pelo whatsapp sobre <span style=\"font-size: 18pt;\"><a href=\"https:\/\/justlaser.com.br\/alugueldelasers\/aluguel-locacao-de-lasers\/locacao-aluguel-do-laser-plataforma-etherea-mx-sao-paulo\/\">aluguel e treinamento do\u00a0<em><strong>Etherea MX<\/strong><\/em><\/a>?<\/span><\/h2>\n<h3><span style=\"color: #ff0000;\">Geralmente cobrimos os or\u00e7amentos, ent\u00e3o fale conosco antes de fechar!<\/span><\/h3>\n","protected":false},"excerpt":{"rendered":"<p>Aluguel da Ponteira Acroma Q-Switched 1064 do Etherea MX &nbsp; Para remo\u00e7\u00e3o de tatuagem, [&hellip;]<\/p>\n","protected":false},"author":1,"featured_media":0,"parent":2415,"menu_order":0,"comment_status":"closed","ping_status":"closed","template":"","meta":{"footnotes":""},"_links":{"self":[{"href":"https:\/\/justlaser.com.br\/alugueldelasers\/wp-json\/wp\/v2\/pages\/2428"}],"collection":[{"href":"https:\/\/justlaser.com.br\/alugueldelasers\/wp-json\/wp\/v2\/pages"}],"about":[{"href":"https:\/\/justlaser.com.br\/alugueldelasers\/wp-json\/wp\/v2\/types\/page"}],"author":[{"embeddable":true,"href":"https:\/\/justlaser.com.br\/alugueldelasers\/wp-json\/wp\/v2\/users\/1"}],"replies":[{"embeddable":true,"href":"https:\/\/justlaser.com.br\/alugueldelasers\/wp-json\/wp\/v2\/comments?post=2428"}],"version-history":[{"count":0,"href":"https:\/\/justlaser.com.br\/alugueldelasers\/wp-json\/wp\/v2\/pages\/2428\/revisions"}],"up":[{"embeddable":true,"href":"https:\/\/justlaser.com.br\/alugueldelasers\/wp-json\/wp\/v2\/pages\/2415"}],"wp:attachment":[{"href":"https:\/\/justlaser.com.br\/alugueldelasers\/wp-json\/wp\/v2\/media?parent=2428"}],"curies":[{"name":"wp","href":"https:\/\/api.w.org\/{rel}","templated":true}]}}