{"id":2613,"date":"2024-12-25T18:00:25","date_gmt":"2024-12-25T21:00:25","guid":{"rendered":"http:\/\/justlaser.com.br\/alugueldelasers\/?page_id=2613"},"modified":"2025-04-02T10:30:13","modified_gmt":"2025-04-02T13:30:13","slug":"aluguel-locacao-laser-co2-accupulse-lumenis","status":"publish","type":"page","link":"https:\/\/justlaser.com.br\/alugueldelasers\/aluguel-locacao-laser-co2-accupulse-lumenis\/","title":{"rendered":"Aluguel ou  Loca\u00e7\u00e3o laser CO2 Lumenis"},"content":{"rendered":"<h1>Aluguel ou Loca\u00e7\u00e3o laser CO2<\/h1>\n<p><span style=\"font-size: 20px;\"><em><strong>Vamos falar de aluguel de laser de co2 para sua cl\u00ednica?<\/strong><\/em><\/span><\/p>\n<p>Umas das mais inovadoras e incr\u00edveis m\u00e1quinas de laser de co2 para aluguel\u00a0 ou loca\u00e7\u00e3o, Accupulse j\u00e1 tem mais de 15 anos de lider de mercado.<\/p>\n<p><strong>Aten\u00e7\u00e3o :\u00a0 DEIXAMOS DE ALUGAR O ACCUPULSE, POR TECNOLOGIAS MAIS MODERNAS, POTENTES, H\u00cdBRIDAS E DE PULSO MAIS R\u00c1PIDO AINDA !\u00a0<\/strong><br \/>\n<strong>DE FORMA QUE TEMOS OUTRAS OP\u00c7\u00d5ES PARA SUA ESCOLHA COM RELA\u00c7\u00c3O A LASER DE CO2<\/strong><\/p>\n<div class=\"jf_col grid_8\">\n<h2>Accupulse Lumenis &#8211; Vale pensar nele quando falamos de aluguel de CO2 Laser ?<\/h2>\n<p><span style=\"font-size: 20px;\">O AcuPulse \u2122 \u00e9 uma plataforma a laser\u00a0 de Co2 completa e ablativa, com tecnologia de ponta para todas as necessidades de resurfacing est\u00e9tico.<\/span><\/p>\n<div class=\"video-shortcode\"><iframe width=\"1200\" height=\"675\" src=\"https:\/\/www.youtube.com\/embed\/PinXo5ZLanc?feature=oembed\" frameborder=\"0\" allow=\"accelerometer; autoplay; clipboard-write; encrypted-media; gyroscope; picture-in-picture\" allowfullscreen><\/iframe><\/div>\n<h3><span style=\"font-size: 24px;\">ALUGUEL DE LASER DE CO2: PODEROSO, VERS\u00c1TIL, SIMPLES.<\/span><\/h3>\n<div class=\"jf_col grid_6\">\n<h6><span style=\"font-size: 20px;\">TECNOLOGIA SUPERPULSE DO\u00a0 <a href=\"https:\/\/lumenis.com\/\" target=\"_blank\" rel=\"noopener\">ACCUPULSE<\/a><\/span><\/h6>\n<ul class=\"jf_fa\">\n<li><span style=\"font-size: 20px;\"><i class=\"fas fa-check\"><\/i>\u00a0Propor\u00e7\u00e3o excepcional de abla\u00e7\u00e3o \/ coagula\u00e7\u00e3o<\/span><\/li>\n<li><span style=\"font-size: 20px;\"><i class=\"fas fa-check\"><\/i>\u00a0Alcance a profundidade de tratamento desejada com um \u00fanico pulso<\/span><\/li>\n<\/ul>\n<\/div>\n<div class=\"jf_col grid_6 last-column\">\n<h6><span style=\"font-size: 20px;\">11 MODOS DE TRATAMENTO PR\u00c9-DEFINIDOS<\/span><\/h6>\n<ul class=\"jf_fa\">\n<li><span style=\"font-size: 20px;\"><i class=\"fas fa-check\"><\/i>\u00a0Versatilidade m\u00e1xima com apenas duas ponteiras<\/span><\/li>\n<li><span style=\"font-size: 20px;\"><i class=\"fas fa-check\"><\/i>\u00a0Controle total de par\u00e2metros para usu\u00e1rios avan\u00e7ados<\/span><\/li>\n<\/ul>\n<\/div>\n<div class=\"clear\"><\/div>\n<div class=\"jf_col grid_6\">\n<h6><span style=\"font-size: 20px;\">DURA\u00c7\u00c3O CURTA DO PULSO<\/span><\/h6>\n<ul class=\"jf_fa\">\n<li><span style=\"font-size: 20px;\"><i class=\"fas fa-check\"><\/i>\u00a0Maior conforto do paciente<\/span><\/li>\n<li><span style=\"font-size: 20px;\"><i class=\"fas fa-check\"><\/i>\u00a0Menor chance de efeitos colaterais<\/span><\/li>\n<\/ul>\n<\/div>\n<div class=\"jf_col grid_6 last-column\">\n<h6><span style=\"font-size: 20px;\">INTERFACE DE USU\u00c1RIO INTUITIVA<\/span><\/h6>\n<ul class=\"jf_fa\">\n<li><span style=\"font-size: 20px;\"><i class=\"fas fa-check\"><\/i>\u00a0Configura\u00e7\u00e3o f\u00e1cil e tratamentos r\u00e1pidos<\/span><\/li>\n<li><span style=\"font-size: 20px;\"><i class=\"fas fa-check\"><\/i>\u00a0Predefini\u00e7\u00f5es de usu\u00e1rio para tratamentos com um \u00fanico clique<\/span><\/li>\n<\/ul>\n<\/div>\n<\/div>\n<div class=\"jf_col grid_4 last-column\"><center><span style=\"font-size: 20px;\">11 modos de tratamento para m\u00e1xima versatilidade<\/span><\/center><\/div>\n<div class=\"jf_col grid_12 last-column\">\n<div class=\"video-shortcode\"><iframe width=\"1200\" height=\"675\" src=\"https:\/\/www.youtube.com\/embed\/Yt_VkCZCna0?feature=oembed\" frameborder=\"0\" allow=\"accelerometer; autoplay; clipboard-write; encrypted-media; gyroscope; picture-in-picture\" allowfullscreen><\/iframe><\/div>\n<h3>\u00a0CO2 FRACIONADO ACUSCAN120\u2122 PONTEIRA FRACIONADA <span style=\"font-size: 20px;\">SUPERFICIAL PARA O LASER DE CO2 M\u00c9DICO<\/span><\/h3>\n<div class=\"jf_col grid_8 last-column\">\n<div class=\"jf_col grid_6\">\n<p><span style=\"font-size: 16px;\">para danos moderados ao sol, linhas finas, textura irregular, discromia, queratose act\u00ednica e muito mais.<\/span><\/p>\n<\/div>\n<div class=\"jf_col grid_6 last-column\"><\/div>\n<\/div>\n<div class=\"jf_col grid_8 last-column\">\n<div class=\"jf_col grid_6 last-column\">\n<p>&nbsp;<\/p>\n<\/div>\n<\/div>\n<\/div>\n<hr class=\"style14\" \/>\n<div class=\"jf_col grid_12 last-column\">\n<h5><span style=\"font-size: 20px;\">SURGITOUCH\u2122 ADVANCED SCANNER\u00a0 &#8211; A ponteira cir\u00fargica para <a href=\"https:\/\/justlaser.com.br\/alugueldelasers\/aluguel-locacao-laser-co2-accupulse-lumenis\">aluguel de Laser de CO2<\/a><\/span><\/h5>\n<p><span style=\"font-size: 16px;\">FEATHERTOUCH<\/span><\/p>\n<div class=\"jf_col grid_6\">\n<p><span style=\"font-size: 16px;\">para tratamentos genitais de aplica\u00e7\u00e3o \u00fanica.<\/span><\/p>\n<\/div>\n<div class=\"jf_col grid_6 last-column\">\n<h6><span style=\"font-size: 16px;\">TOETOUCH<\/span><\/h6>\n<p><span style=\"font-size: 16px;\">para doen\u00e7as comuns dos p\u00e9s, como verrugas plantares e unhas encravadas.<\/span><\/p>\n<\/div>\n<div class=\"clear\">SILKTOUCH<\/div>\n<div class=\"jf_col grid_6\">\n<p><span style=\"font-size: 16px;\">para tratamentos de aplica\u00e7\u00e3o dupla mais vigorosos.<\/span><\/p>\n<\/div>\n<div class=\"jf_col grid_6 last-column\">\n<h6><span style=\"font-size: 16px;\">PAINT: <\/span><span style=\"font-size: 16px;\">para aplica\u00e7\u00f5es continuas e controladas \u00e0 m\u00e3o livre em pequenas \u00e1reas.<\/span><\/h6>\n<\/div>\n<\/div>\n<div class=\"jf_col grid_12 last-column\">\n<h3><span style=\"font-size: 20px;\">125MM PONTEIRA INCISIONAL -A ponteira cir\u00fargica do Laser de CO2<\/span><\/h3>\n<div class=\"jf_col grid_8 last-column\">\n<div class=\"jf_col grid_6\">\n<p><span style=\"font-size: 16px;\">BLEPH: <\/span><span style=\"font-size: 16px;\">para incis\u00f5es precisas e limpas com sangramento m\u00ednimo.<\/span><\/p>\n<p>&nbsp;<\/p>\n<h2><a href=\"https:\/\/justlaser.com.br\/alugueldelasers\/aluguel-laser-co2\">Aluguel de laser de Co2<\/a> ou Aluguel de lase de Erbium ?<\/h2>\n<p>Pois \u00e9, essa \u00e9 uma quest\u00e3o t\u00e9cnica e importante: o laser CO2 penetra mais fundo e pode ser mais ablativo do que o laser de erbium. Mas o laser de erben pode doer menos e oferecer uma recupera\u00e7\u00e3o mais r\u00e1pida.<\/p>\n<p>Os dois podem ser utilizados em conjunto ou isoladamente, E cabe a voc\u00ea entender o que \u00e9 melhor para sua pr\u00e1tica. N\u00f3s temos diversos cursos que podem te ajudar a conhecer mais sobre as diferen\u00e7as e as indica\u00e7\u00f5es de cada um. No entanto o laser de erbium pode ser alugado junto com a plataforma Etherea, que disp\u00f5e de v\u00e1rias outras ponteiras que facilitam seu trabalho no dia a dia.<\/p>\n<p>J\u00e1 o <strong>aluguel do Laser CO2<\/strong> pode ser utilizado tamb\u00e9m para cirurgias, blefaroplastias sem corte, remo\u00e7\u00e3o de nevos, siringomas e verrugas&#8230; Al\u00e9m dos rejuvenescimentos faciais e genitais!<\/p>\n<p><span style=\"font-size: 20px;\">Saiba mais em :<\/span><\/p>\n<h5><span style=\"font-size: 20px;\"><a href=\"https:\/\/justlaser.com.br\/alugueldelasers\/aluguel-locacao-laser-co2-accupulse-lumenis\">Aluguel de Laser de CO2<\/a><\/span><\/h5>\n<h3>Entre em Contato<\/h3>\n<p>Quer saber mais sobre <strong>aluguel de laser de CO2<\/strong> e levar inova\u00e7\u00e3o para sua cl\u00ednica?<\/p>\n<p>Entre em contato conosco e descubra como a Just Laser pode transformar seus procedimentos est\u00e9ticos!<\/p>\n<p>Clique no bot\u00e3o do WhatsApp para falar agora com a gente!<\/p>\n<\/div>\n<\/div>\n<\/div>\n","protected":false},"excerpt":{"rendered":"<p>Aluguel ou Loca\u00e7\u00e3o laser CO2 Vamos falar de aluguel de laser de co2 para [&hellip;]<\/p>\n","protected":false},"author":2,"featured_media":0,"parent":0,"menu_order":0,"comment_status":"closed","ping_status":"closed","template":"","meta":{"footnotes":""},"_links":{"self":[{"href":"https:\/\/justlaser.com.br\/alugueldelasers\/wp-json\/wp\/v2\/pages\/2613"}],"collection":[{"href":"https:\/\/justlaser.com.br\/alugueldelasers\/wp-json\/wp\/v2\/pages"}],"about":[{"href":"https:\/\/justlaser.com.br\/alugueldelasers\/wp-json\/wp\/v2\/types\/page"}],"author":[{"embeddable":true,"href":"https:\/\/justlaser.com.br\/alugueldelasers\/wp-json\/wp\/v2\/users\/2"}],"replies":[{"embeddable":true,"href":"https:\/\/justlaser.com.br\/alugueldelasers\/wp-json\/wp\/v2\/comments?post=2613"}],"version-history":[{"count":0,"href":"https:\/\/justlaser.com.br\/alugueldelasers\/wp-json\/wp\/v2\/pages\/2613\/revisions"}],"wp:attachment":[{"href":"https:\/\/justlaser.com.br\/alugueldelasers\/wp-json\/wp\/v2\/media?parent=2613"}],"curies":[{"name":"wp","href":"https:\/\/api.w.org\/{rel}","templated":true}]}}