{"id":2640,"date":"2021-06-27T15:20:17","date_gmt":"2021-06-27T18:20:17","guid":{"rendered":"https:\/\/justlaser.com.br\/alugueldelasers\/?page_id=2640"},"modified":"2025-03-05T11:28:05","modified_gmt":"2025-03-05T14:28:05","slug":"locacao-de-aparelho-de-ondas-de-choque","status":"publish","type":"page","link":"https:\/\/justlaser.com.br\/alugueldelasers\/locacao-de-aparelho-de-ondas-de-choque\/","title":{"rendered":"Loca\u00e7\u00e3o de aparelho de ondas de choque"},"content":{"rendered":"<h1 data-pm-slice=\"1 1 []\" data-en-clipboard=\"true\"><span style=\"color: #ff0000;\">ATEN\u00c7\u00c3O :\u00a0 N\u00c3O FAZEMOS MAIS LOCA\u00c7\u00c3O DE ONDAS DE CHOQUE<\/span><\/h1>\n<p><span style=\"color: #ff0000; font-size: 20px;\">A P\u00c1GINA MANTEMOS AQUI POR SUAS CARACTER\u00cdSTICAS INFORMATIVAS E ESCLARECEDORAS ! MAS N\u00c3O DISPOMOS MAIS DESSES EQUIPAMENTOS PARA LOCA\u00c7\u00c3O !<\/span><\/p>\n<h1><img decoding=\"async\" class=\"alignnone wp-image-2740\" title=\"ondas de choque aluguel\" src=\"https:\/\/justlaser.com.br\/alugueldelasers\/wp-content\/uploads\/2021\/07\/ondas-de-choque-aluguel-1024x576.jpg\" alt=\"ondas de choque aluguel\" width=\"890\" height=\"501\" srcset=\"https:\/\/justlaser.com.br\/alugueldelasers\/wp-content\/uploads\/2021\/07\/ondas-de-choque-aluguel-50x28.jpg 50w, https:\/\/justlaser.com.br\/alugueldelasers\/wp-content\/uploads\/2021\/07\/ondas-de-choque-aluguel-133x75.jpg 133w, https:\/\/justlaser.com.br\/alugueldelasers\/wp-content\/uploads\/2021\/07\/ondas-de-choque-aluguel-260x146.jpg 260w, https:\/\/justlaser.com.br\/alugueldelasers\/wp-content\/uploads\/2021\/07\/ondas-de-choque-aluguel-300x169.jpg 300w, https:\/\/justlaser.com.br\/alugueldelasers\/wp-content\/uploads\/2021\/07\/ondas-de-choque-aluguel-500x281.jpg 500w, https:\/\/justlaser.com.br\/alugueldelasers\/wp-content\/uploads\/2021\/07\/ondas-de-choque-aluguel-700x394.jpg 700w, https:\/\/justlaser.com.br\/alugueldelasers\/wp-content\/uploads\/2021\/07\/ondas-de-choque-aluguel-768x432.jpg 768w, https:\/\/justlaser.com.br\/alugueldelasers\/wp-content\/uploads\/2021\/07\/ondas-de-choque-aluguel-1024x576.jpg 1024w, https:\/\/justlaser.com.br\/alugueldelasers\/wp-content\/uploads\/2021\/07\/ondas-de-choque-aluguel.jpg 1280w\" sizes=\"(max-width: 890px) 100vw, 890px\" \/><\/h1>\n<h1><span style=\"font-size: 32px;\">Loca\u00e7\u00e3o de aparelho de ondas de choque<\/span><\/h1>\n<h2><span style=\"font-size: 20px;\">Loca\u00e7\u00e3o pode te ajudar a revolucionar seu atendimento<\/span><\/h2>\n<div data-pm-slice=\"1 1 []\" data-en-clipboard=\"true\"><span style=\"font-size: 20px;\">O aluguel e a l<em>oca\u00e7\u00e3o de aparelhos de ondas de choque<\/em> revolucionou o mercado da est\u00e9tica a partir de 2017.<\/span><\/div>\n<div><\/div>\n<div><span style=\"font-size: 20px;\"><strong>Aparelhos de onda de choque<\/strong> associados a criolip\u00f3lise, ou a outras terap\u00eauticas nas cl\u00ednicas de dermatologia e est\u00e9tica complementam o tratamento da celulite. E , claro , de programas de emagrecimento complexos e avan\u00e7ados.<\/span><\/div>\n<p>&nbsp;<\/p>\n<h3><span style=\"font-size: 32px;\">Mais vantajoso o <a href=\"https:\/\/justlaser.com.br\/alugueldelasers\/aluguel-de-ondas-de-choque\">aluguel da m\u00e1quina de ondas<\/a><\/span><\/h3>\n<div><span style=\"font-size: 20px;\">Para muitas empresas realizar o aluguel de aparelho de ondas de choque \u00e9 muito mais vantajoso do que comprar uma m\u00e1quina de ondas de choque.<\/span><\/div>\n<div><span style=\"font-size: 20px;\">E porqu\u00ea?<\/span><\/div>\n<div><span style=\"font-size: 20px;\">Por que as tecnologias v\u00e3o e v\u00eam, mais um investimento alto sempre fica no bolso de quem compra esse tipo de aparelho.<\/span><\/div>\n<h2><span style=\"font-size: 28px;\">Por que a <a href=\"https:\/\/justlaser.com.br\/alugueldelasers\/aluguel-e-locacao-de-aparelho-de-ondas-de-choque\">loca\u00e7\u00e3o\u00a0 de ondas de choque<\/a> pode ser uma op\u00e7\u00e3o<\/span><\/h2>\n<div><span style=\"font-size: 20px;\">Voc\u00ea tem uma Cl\u00ednica:<\/span><\/div>\n<ol>\n<li><span style=\"font-size: 20px;\">de ortopedia,<\/span><\/li>\n<li><span style=\"font-size: 20px;\">uma cl\u00ednica de fisioterapia<\/span><\/li>\n<li><span style=\"font-size: 20px;\">uma cl\u00ednica m\u00e9dica voltada para tratamento est\u00e9ticos,<\/span><\/li>\n<\/ol>\n<blockquote><p><span style=\"font-size: 20px;\">\u00a0 ondas de choque \u00e9 uma boa op\u00e7\u00e3o para voc\u00ea entre em contato conosco<\/span><\/p><\/blockquote>\n<h3><span style=\"font-size: 28px;\">Trabalhamos com aluguel di\u00e1rio ,semanal\u00a0 ou mensal de aparelho de onda de choque.<\/span><\/h3>\n<div><span style=\"font-size: 20px;\">Cl\u00ednica de est\u00e9tica e franquias de est\u00e9tica tamb\u00e9m utilizam como protocolo em v\u00e1rios de seus tratamentos para emagrecimento, flacidez celulite associa\u00e7\u00e3o de ondas de choque com criolip\u00f3lise e, emagrecedores, aparelhos de radiofrequ\u00eancia e outros que fazem parte do armament\u00e1rio das cl\u00ednicas de qualidade.<\/span><\/div>\n<div><\/div>\n<h2><span style=\"font-size: 20px;\">EVO BLUE<\/span><\/h2>\n<p><span style=\"font-size: 20px;\"><img decoding=\"async\" class=\"alignright wp-image-2641\" title=\"locacao de ondas de choque\" src=\"https:\/\/justlaser.com.br\/alugueldelasers\/wp-content\/uploads\/2021\/06\/locacao-de-ondas-de-choque-300x273.png\" alt=\"locacao de ondas de choque\" width=\"407\" height=\"370\" srcset=\"https:\/\/justlaser.com.br\/alugueldelasers\/wp-content\/uploads\/2021\/06\/locacao-de-ondas-de-choque-50x46.png 50w, https:\/\/justlaser.com.br\/alugueldelasers\/wp-content\/uploads\/2021\/06\/locacao-de-ondas-de-choque-82x75.png 82w, https:\/\/justlaser.com.br\/alugueldelasers\/wp-content\/uploads\/2021\/06\/locacao-de-ondas-de-choque-160x146.png 160w, https:\/\/justlaser.com.br\/alugueldelasers\/wp-content\/uploads\/2021\/06\/locacao-de-ondas-de-choque-300x273.png 300w, https:\/\/justlaser.com.br\/alugueldelasers\/wp-content\/uploads\/2021\/06\/locacao-de-ondas-de-choque-500x456.png 500w, https:\/\/justlaser.com.br\/alugueldelasers\/wp-content\/uploads\/2021\/06\/locacao-de-ondas-de-choque.png 686w\" sizes=\"(max-width: 407px) 100vw, 407px\" \/><\/span><\/p>\n<div><span style=\"font-size: 20px;\">Veja abaixo exemplo do aplicador que dispomos para loca\u00e7\u00e3o :<\/span><\/div>\n<div><span style=\"font-size: 20px;\">O Gerador Dolorclast\u00ae Evo Blue \u00e9 um primor em seu projeto t\u00e9cnico: o primeiro e \u00fanico gerador que permite uma densidade de fluxo constante de sa\u00edda de energia (EFD), atrav\u00e9s do espectro de freq\u00fc\u00eancia inteiro.<\/span><\/div>\n<div>\n<div id=\"comp-kcuuqhyp__41000d50-b679-4c74-a9c2-1b1d2ce3b331\" class=\"_2bafp\" data-testid=\"richTextElement\">\n<h3 class=\"font_6\"><span class=\"color_30\" style=\"font-size: 20px;\">Caracter\u00edsticas da ponteira do aparelho de ondas de choque que dispomos<\/span><\/h3>\n<\/div>\n<div id=\"comp-kcuuqicv__41000d50-b679-4c74-a9c2-1b1d2ce3b331\" class=\"_1IGJ5\">\n<h4 class=\"_1AFfW\"><span style=\"font-size: 20px;\"><strong>Tecnologia<\/strong><\/span><\/h4>\n<\/div>\n<div id=\"comp-kcuuqijr__41000d50-b679-4c74-a9c2-1b1d2ce3b331\" class=\"_2bafp\" data-testid=\"richTextElement\">\n<p class=\"font_7\"><span style=\"font-size: 20px;\">Aplicador com novo design, baseado na Finite Element Analysis* &#8211; para transmiss\u00e3o ideal das ondas de choque.<\/span><\/p>\n<p><span style=\"font-size: 20px;\"><strong>Trava Inteligente<\/strong><\/span><\/p>\n<p class=\"font_7\"><span style=\"font-size: 20px;\">Pist\u00e3o com trava inteligente de alta precis\u00e3o com sistema de v\u00e1lvula patenteado \u2013 para um fluxo de enervia sem igual, em qualquer frequ\u00eancia.<\/span><\/p>\n<p><span style=\"font-size: 20px;\"><strong>Performance aprimorada<\/strong><\/span><br \/>\n<span style=\"font-size: 20px;\">Do mesmo desenvolvedor da Terapia por Ondas de Choque Radiais (RSWT\u00ae) \u2013 o m\u00e9todo original Swiss DolorClast\u00ae.<\/span><\/p>\n<p><span style=\"font-size: 20px;\"><strong>F\u00e1cil e R\u00e1pida<br \/>\n<\/strong>F\u00e1cil revis\u00e3o do gerador atrav\u00e9s da r\u00e1pida substitui\u00e7\u00e3o do pist\u00e3o com trava inteligente \u2013 muito mais r\u00e1pido, preciso e seguro do que outros conjuntos de pe\u00e7as sobressalentes.<\/span><\/p>\n<p class=\"font_7\"><span style=\"font-size: 20px;\">Informa\u00e7\u00f5es T\u00e9cnicas<\/span><\/p>\n<p class=\"font_7\"><span style=\"font-size: 20px;\"><strong>Refer\u00eancia<\/strong>: FR-119A<\/span><\/p>\n<p class=\"font_7\"><span style=\"font-size: 20px;\"><strong>Tecnologias<\/strong>: Gerador bal\u00edstico radial ESWT<\/span><\/p>\n<p class=\"font_7\"><span style=\"font-size: 20px;\"><strong>Frequ\u00eancia<\/strong>: de 1 a 20 Hz (varia dependendo da configura\u00e7\u00e3o da unidade)<\/span><\/p>\n<p class=\"font_7\"><span style=\"font-size: 20px;\"><strong>Alcance da press\u00e3o de ar:<\/strong>\u00a01.5 a 4 bar<\/span><\/p>\n<p class=\"font_7\"><span style=\"font-size: 20px;\"><strong>Sa\u00edda de energia<\/strong>:<\/span><\/p>\n<p class=\"font_7\"><span style=\"font-size: 20px;\">&#8211; Densidade de energia positiva de 15mm: acima de 0.18 mJ\/mm2<\/span><\/p>\n<p class=\"font_7\"><span style=\"font-size: 20px;\">&#8211; Foco de 15mm: acima de 0.28 mJ\/mm2<\/span><\/p>\n<p class=\"font_7\"><span style=\"font-size: 20px;\"><strong>Cavita\u00e7\u00e3o:<\/strong>\u00a0melhora com a frequ\u00eancia, abaixo de 3 cm<\/span><\/p>\n<p class=\"font_7\"><span style=\"font-size: 20px;\"><strong>Atributos do produto:<\/strong><\/span><\/p>\n<p class=\"font_7\"><span style=\"font-size: 20px;\">&#8211; Sistema de v\u00e1lvula \u00fanico e patenteado: sa\u00edda de energia constante, n\u00e3o importa a frequ\u00eancia<\/span><\/p>\n<p class=\"font_7\"><span style=\"font-size: 20px;\">&#8211; Pist\u00e3o com trava inteligente: permite sua manuten\u00e7\u00e3o em 30 segundos sem a necessidade de ferramentas<\/span><\/p>\n<p class=\"font_7\"><span style=\"font-size: 20px;\"><strong>Configura\u00e7\u00e3o:<\/strong><\/span><\/p>\n<p class=\"font_7\"><span style=\"font-size: 20px;\">&#8211; Aplicador Evo Blue 15mm com capa de parafuso e anel de veda\u00e7\u00e3o<\/span><\/p>\n<p class=\"font_7\"><span style=\"font-size: 20px;\">&#8211; Gatilho do aplicador Evo Blue 15mm com capa de parafuso e anel de veda\u00e7\u00e3o<\/span><\/p>\n<p class=\"font_7\"><span style=\"font-size: 20px;\">&#8211; Gatilho do aplicador Evo Blue 36mm com capa de parafuso e anel de veda\u00e7\u00e3o<\/span><\/p>\n<p><span style=\"font-size: 20px;\"><img decoding=\"async\" class=\"wp-image-2642 alignright\" title=\"locacao de ondas de choque sao paulo\" src=\"https:\/\/justlaser.com.br\/alugueldelasers\/wp-content\/uploads\/2021\/06\/locacao-de-ondas-de-choque-sao-paulo.png\" alt=\"locacao de ondas de choque sao paulo\" width=\"414\" height=\"397\" srcset=\"https:\/\/justlaser.com.br\/alugueldelasers\/wp-content\/uploads\/2021\/06\/locacao-de-ondas-de-choque-sao-paulo-50x48.png 50w, https:\/\/justlaser.com.br\/alugueldelasers\/wp-content\/uploads\/2021\/06\/locacao-de-ondas-de-choque-sao-paulo-78x75.png 78w, https:\/\/justlaser.com.br\/alugueldelasers\/wp-content\/uploads\/2021\/06\/locacao-de-ondas-de-choque-sao-paulo-152x146.png 152w, https:\/\/justlaser.com.br\/alugueldelasers\/wp-content\/uploads\/2021\/06\/locacao-de-ondas-de-choque-sao-paulo-300x288.png 300w, https:\/\/justlaser.com.br\/alugueldelasers\/wp-content\/uploads\/2021\/06\/locacao-de-ondas-de-choque-sao-paulo-500x480.png 500w, https:\/\/justlaser.com.br\/alugueldelasers\/wp-content\/uploads\/2021\/06\/locacao-de-ondas-de-choque-sao-paulo.png 522w\" sizes=\"(max-width: 414px) 100vw, 414px\" \/><\/span><\/p>\n<p class=\"font_7\"><span style=\"font-size: 20px;\">&#8211; Chaves<\/span><\/p>\n<p class=\"font_7\"><span style=\"font-size: 20px;\">&#8211; Punho macio Azul<\/span><\/p>\n<p class=\"font_7\"><span style=\"font-size: 20px;\">&#8211; Kit de revis\u00e3o sobressalente<\/span><\/p>\n<p class=\"font_7\"><span style=\"font-size: 20px;\">&#8211; Maleta de transporte<\/span><\/p>\n<p class=\"font_7\"><span style=\"font-size: 20px;\"><strong>Opcionais:<\/strong><\/span><\/p>\n<p class=\"font_7\"><span style=\"font-size: 20px;\">&#8211; Kit de revis\u00e3o adicional<\/span><\/p>\n<p class=\"font_7\"><span style=\"font-size: 20px;\">&#8211; Aplicador Evo Blue 10 mm com capa de parafuso e anel de veda\u00e7\u00e3o<\/span><\/p>\n<p class=\"font_7\"><span style=\"font-size: 20px;\">&#8211; Aplicador Evo Blue 15 mm com foco, capa de parafuso e anel de veda\u00e7\u00e3o<\/span><\/p>\n<p class=\"font_7\"><span style=\"font-size: 20px;\"><strong>Dimens\u00f5es:<\/strong>\u00a0Alt. 113 mm x Alt. 250 mm x Prof. 51 mm<\/span><\/p>\n<p class=\"font_7\"><span style=\"font-size: 20px;\"><strong>Peso<\/strong>: Aproximadamente 0.88 Kg<\/span><\/p>\n<p class=\"font_7\"><span style=\"font-size: 20px;\"><strong>Classifica\u00e7\u00e3o<\/strong>: 93\/42 EC: Classe II b<\/span><\/p>\n<p class=\"font_7\"><span style=\"font-size: 20px;\"><strong>Condi\u00e7\u00f5es <\/strong><strong>operacionais<\/strong>: +10\u00b0C a +40\u00b0C e 30% a 75% de umidade relative<\/span><\/p>\n<p class=\"font_7\"><span style=\"font-size: 20px;\"><strong>Armazenagem e transporte:<\/strong>\u00a0-10\u00b0C a +40\u00b0C e 10% a 95% umidade relativa. De 500 hPa a 1060 hPa press\u00e3o atmosf\u00e9rica.<\/span><\/p>\n<\/div>\n<\/div>\n<p>&nbsp;<\/p>\n<p><span style=\"font-size: 20px;\">SEMPRE QUE POSSIVEL ASSOCIAR COM\u00a0 <a href=\"https:\/\/justlaser.com.br\/alugueldelasers\/locacao-de-aparelho-de-ondas-de-choque\/\">ALUGUEL DE ONDAS DE CHOQUE<\/a>\u00a0 E\u00a0 <a href=\"https:\/\/justlaser.com.br\/alugueldelasers\/alugar-power-shape-sp-locacao-e-aluguel-powershape\/\">ALUGUEL DE POWERSHAPE<\/a><\/span><\/p>\n<h2 style=\"line-height: 18.0pt;\"><span style=\"font-family: 'Georgia','serif'; color: #333333;\">Veja tamb\u00e9m outras op\u00e7\u00f5es de aluguel de equipamentos de est\u00e9tica<\/span><\/h2>\n<p style=\"margin: 0cm; margin-bottom: .0001pt;\"><strong><a href=\"https:\/\/justlaser.com.br\/alugueldelasers\/alugar-power-shape-sp-locacao-e-aluguel-powershape\/\"><span style=\"font-family: Georgia, serif;\">Aluguel loca\u00e7ao do PowerShape Power Shape<\/span><\/a><\/strong><br \/>\n<strong><a href=\"https:\/\/justlaser.com.br\/alugueldelasers\/locacao-de-aparelho-de-ondas-de-choque\/\">Loca\u00e7\u00e3o ou Aluguel de aparelho de Ondas de choque<\/a><\/strong><\/p>\n<p>&nbsp;<\/p>\n<h1 data-pm-slice=\"1 1 []\" data-en-clipboard=\"true\"><span style=\"color: #ff0000;\">ATEN\u00c7\u00c3O :\u00a0 N\u00c3O FAZEMOS MAIS LOCA\u00c7\u00c3O DE ONDAS DE CHOQUE<\/span><\/h1>\n<p><span style=\"color: #ff0000; font-size: 20px;\">A P\u00c1GINA MANTEMOS AQUI POR SUAS CARACTER\u00cdSTICAS INFORMATIVAS E ESCLARECEDORAS ! MAS N\u00c3O DISPOMOS MAIS DESSES EQUIPAMENTOS PARA LOCA\u00c7\u00c3O !<\/span><\/p>\n","protected":false},"excerpt":{"rendered":"<p>ATEN\u00c7\u00c3O :\u00a0 N\u00c3O FAZEMOS MAIS LOCA\u00c7\u00c3O DE ONDAS DE CHOQUE A P\u00c1GINA MANTEMOS AQUI [&hellip;]<\/p>\n","protected":false},"author":2,"featured_media":0,"parent":0,"menu_order":0,"comment_status":"closed","ping_status":"closed","template":"","meta":{"footnotes":""},"_links":{"self":[{"href":"https:\/\/justlaser.com.br\/alugueldelasers\/wp-json\/wp\/v2\/pages\/2640"}],"collection":[{"href":"https:\/\/justlaser.com.br\/alugueldelasers\/wp-json\/wp\/v2\/pages"}],"about":[{"href":"https:\/\/justlaser.com.br\/alugueldelasers\/wp-json\/wp\/v2\/types\/page"}],"author":[{"embeddable":true,"href":"https:\/\/justlaser.com.br\/alugueldelasers\/wp-json\/wp\/v2\/users\/2"}],"replies":[{"embeddable":true,"href":"https:\/\/justlaser.com.br\/alugueldelasers\/wp-json\/wp\/v2\/comments?post=2640"}],"version-history":[{"count":0,"href":"https:\/\/justlaser.com.br\/alugueldelasers\/wp-json\/wp\/v2\/pages\/2640\/revisions"}],"wp:attachment":[{"href":"https:\/\/justlaser.com.br\/alugueldelasers\/wp-json\/wp\/v2\/media?parent=2640"}],"curies":[{"name":"wp","href":"https:\/\/api.w.org\/{rel}","templated":true}]}}