{"id":2665,"date":"2021-07-26T22:40:50","date_gmt":"2021-07-27T01:40:50","guid":{"rendered":"https:\/\/justlaser.com.br\/alugueldelasers\/?page_id=2665"},"modified":"2021-07-29T10:27:11","modified_gmt":"2021-07-29T13:27:11","slug":"aluguel-locacao-de-laser-fracionado-co2-smartxide-dot-deka","status":"publish","type":"page","link":"https:\/\/justlaser.com.br\/alugueldelasers\/aluguel-locacao-de-lasers\/aluguel-locacao-de-laser-fracionado-co2-smartxide-dot-deka\/","title":{"rendered":"Aluguel | Loca\u00e7\u00e3o de Laser Fracionado CO2 SmartXide DOT Deka"},"content":{"rendered":"<h1><img decoding=\"async\" class=\"aligncenter size-full wp-image-2678\" src=\"https:\/\/justlaser.com.br\/alugueldelasers\/wp-content\/uploads\/2021\/07\/aluguel-de-laser-co2-deka-smartxide.jpg\" alt=\"aluguel de laser co2 deka smartxide\" width=\"960\" height=\"330\" title=\"\" srcset=\"https:\/\/justlaser.com.br\/alugueldelasers\/wp-content\/uploads\/2021\/07\/aluguel-de-laser-co2-deka-smartxide-50x17.jpg 50w, https:\/\/justlaser.com.br\/alugueldelasers\/wp-content\/uploads\/2021\/07\/aluguel-de-laser-co2-deka-smartxide-150x52.jpg 150w, https:\/\/justlaser.com.br\/alugueldelasers\/wp-content\/uploads\/2021\/07\/aluguel-de-laser-co2-deka-smartxide-260x89.jpg 260w, https:\/\/justlaser.com.br\/alugueldelasers\/wp-content\/uploads\/2021\/07\/aluguel-de-laser-co2-deka-smartxide-300x103.jpg 300w, https:\/\/justlaser.com.br\/alugueldelasers\/wp-content\/uploads\/2021\/07\/aluguel-de-laser-co2-deka-smartxide-500x172.jpg 500w, https:\/\/justlaser.com.br\/alugueldelasers\/wp-content\/uploads\/2021\/07\/aluguel-de-laser-co2-deka-smartxide-700x241.jpg 700w, https:\/\/justlaser.com.br\/alugueldelasers\/wp-content\/uploads\/2021\/07\/aluguel-de-laser-co2-deka-smartxide-768x264.jpg 768w, https:\/\/justlaser.com.br\/alugueldelasers\/wp-content\/uploads\/2021\/07\/aluguel-de-laser-co2-deka-smartxide.jpg 960w\" sizes=\"(max-width: 960px) 100vw, 960px\" \/><\/h1>\n<h1>Loca\u00e7\u00e3o de Laser Fracionado CO2 SmartXide DOT Deka\u00ae<\/h1>\n<p><strong>\u00a0Estamos com uma m\u00e1quina NOVINHA PARA LOCA\u00c7\u00c3O\u00a0 !<\/strong><\/p>\n<p>Se voc\u00ea gosta do laser de Co2 , queremos te ajudar!<\/p>\n<h2>Aluguel do laser de Co2<\/h2>\n<p><strong>O aluguel de laser de CO2<\/strong> continua sendo um dos mais pedidos entre todas as m\u00e1quinas para loca\u00e7\u00e3o.<\/p>\n<p>E dentre todas as marcas dispon\u00edveis para <strong>aluguel de laser de CO2 no Brasil, o CO2 da fabricante Italiana Deka<\/strong> continua o n\u00famero 1 em termos de busca para loca\u00e7\u00e3o.<\/p>\n<p>Extremamente vers\u00e1til, r\u00e1pido e de tecnologia confi\u00e1vel, os aparelhos de laser de CO2 ainda tem um grande espa\u00e7o no arsenal de tratamentos nas cl\u00ednicas de dermatologia e cirurgia pl\u00e1stica.<br \/>\nSe voc\u00ea tem um h\u00e1bito de fazer procedimentos com um pouco maior de downtime, e seu perfil de paciente busca um laser de CO2, faz sentindo ter na cl\u00ednica. E fazendo contas,\u00a0 a loca\u00e7\u00e3o do aparelho geralmente acaba compensando mais do que a compra de um novo ou seminovo de co2.<\/p>\n<h2>Aluguel de laser de co2: di\u00e1rio ou mensal<img decoding=\"async\" class=\"alignright size-medium wp-image-2679\" src=\"https:\/\/justlaser.com.br\/alugueldelasers\/wp-content\/uploads\/2021\/07\/aluguel-de-laser-co2-deka-300x300.png\" alt=\"aluguel de laser co2 deka\" width=\"300\" height=\"300\" title=\"\" srcset=\"https:\/\/justlaser.com.br\/alugueldelasers\/wp-content\/uploads\/2021\/07\/aluguel-de-laser-co2-deka-50x50.png 50w, https:\/\/justlaser.com.br\/alugueldelasers\/wp-content\/uploads\/2021\/07\/aluguel-de-laser-co2-deka-75x75.png 75w, https:\/\/justlaser.com.br\/alugueldelasers\/wp-content\/uploads\/2021\/07\/aluguel-de-laser-co2-deka-80x80.png 80w, https:\/\/justlaser.com.br\/alugueldelasers\/wp-content\/uploads\/2021\/07\/aluguel-de-laser-co2-deka-85x85.png 85w, https:\/\/justlaser.com.br\/alugueldelasers\/wp-content\/uploads\/2021\/07\/aluguel-de-laser-co2-deka-146x146.png 146w, https:\/\/justlaser.com.br\/alugueldelasers\/wp-content\/uploads\/2021\/07\/aluguel-de-laser-co2-deka-150x150.png 150w, https:\/\/justlaser.com.br\/alugueldelasers\/wp-content\/uploads\/2021\/07\/aluguel-de-laser-co2-deka-200x200.png 200w, https:\/\/justlaser.com.br\/alugueldelasers\/wp-content\/uploads\/2021\/07\/aluguel-de-laser-co2-deka-300x300.png 300w, https:\/\/justlaser.com.br\/alugueldelasers\/wp-content\/uploads\/2021\/07\/aluguel-de-laser-co2-deka-500x500.png 500w, https:\/\/justlaser.com.br\/alugueldelasers\/wp-content\/uploads\/2021\/07\/aluguel-de-laser-co2-deka-600x600.png 600w, https:\/\/justlaser.com.br\/alugueldelasers\/wp-content\/uploads\/2021\/07\/aluguel-de-laser-co2-deka.png 700w\" sizes=\"(max-width: 300px) 100vw, 300px\" \/><\/h2>\n<p>Se voc\u00ea busca uma loca\u00e7\u00e3o de \u00e1rea, semanal ou mensal do laser do CO2 fale conosco.<br \/>\nSe voc\u00ea tem um laser de CO2 para comprar ou para vender,\u00a0 fale conosco porque estamos acostumados a intermediar neg\u00f3cios de compra e venda de laser de CO2 pelo Brasil.<\/p>\n<h2>Treinemento para uso na loca\u00e7\u00e3o do laser de Co2 Deka<\/h2>\n<p>Se voc\u00ea j\u00e1 tem experi\u00eancia no uso laser de\u00a0 co2 , entre\u00a0 em contato para agendar uma loca\u00e7\u00e3o. Mas se voc\u00ea n\u00e3o tem experi\u00eancia,\u00a0 consulte nossos treinamentos sob demanda para o correto manejo, uso e indica\u00e7\u00e3o do laser.<\/p>\n<h3>O <strong><u>Laser Fracionado Co2 SmartXide DOT<\/u><\/strong>\u00ae<\/h3>\n<p>O <strong><u>Laser Fracionado Co2 SmartXide DOT<\/u><\/strong>\u00ae, a mais avan\u00e7ada tecnologia no mercado de laser de rejuvenescimento facial. Esta tecnologia utiliza um sistema de\u00a0<strong>laser CO2 fracionado<\/strong>\u00a0com um scanner super-r\u00e1pido que permite ao m\u00e9dico fazer um \u201cDot Resurfacing\u201d. Ao remover um padr\u00e3o personalizado de pontos e n\u00e3o toda a superf\u00edcie cut\u00e2nea, ao contr\u00e1rio <strong>dos\u00a0lasers de CO2<\/strong> anteriores, esta tecnologia combina o melhor dos dois mundos \u2013 Os\u00a0excelentes resultados comprovados de um <strong>laser ablativo tradicional<\/strong>, mas sem a dor e o tempo de inatividade tradicionais.<\/p>\n<p>O <strong>SmartXide DOT<\/strong>\u00ae \u00e9 o \u00fanico <strong>laser de CO2<\/strong>, que trabalha atrav\u00e9s de emiss\u00e3o pulsada, utilizando duas tecnologias inovadoras: SmartPulse e SmartStack. A fun\u00e7\u00e3o SmartPulse permite a gera\u00e7\u00e3o de pulsos de energia perfeitamente controlados, tornando-o a solu\u00e7\u00e3o ideal para tratamentos de Resurfacing Cut\u00e2neo. A fun\u00e7\u00e3o SmartStack atua emitindo uma s\u00e9rie de pulsos em r\u00e1pida sucess\u00e3o, (de 1 a 5) no mesmo ponto (DOT). Ela foi desenvolvida a fim de controlar precisamente a profundidade de vaporiza\u00e7\u00e3o da pele e a a\u00e7\u00e3o t\u00e9rmica. Isto torna o <strong>SmartXide DOT<\/strong> mais efetivo e mais seguro at\u00e9 mesmo que sistemas a laser pulsado somente com efeito ablativo. Esta tecnologia ajuda na redu\u00e7\u00e3o do tempo de recupera\u00e7\u00e3o enquanto aumenta o conforto do paciente.\u00a0Este laser apresenta grande afinidade pela \u00e1gua presente na pele, causando r\u00e1pido aumento da temperatura e destrui\u00e7\u00e3o do tecido.<\/p>\n<p>O <strong>laser fracionado CO2<\/strong> provoca uma renova\u00e7\u00e3o superficial e profunda da pele, com a forma\u00e7\u00e3o de um novo col\u00e1geno e cicatriza\u00e7\u00e3o r\u00e1pida, em torno de 1 a 4 dias, sem precisar que o paciente se ausente de suas tarefas di\u00e1rias. Ao longo das pr\u00f3ximas semanas, as camadas mais profundas da pele v\u00e3o se recuperando tornando a pele mais saud\u00e1vel.<\/p>\n<p>&nbsp;<\/p>\n<h3><strong>Indica\u00e7\u00f5es do laser de Co2 para sua loca\u00e7\u00e3o:<\/strong><\/h3>\n<p>-Melasma<\/p>\n<p>-Hipergmenta\u00e7\u00e3o<\/p>\n<p>-Rejuvenescimento da pele<\/p>\n<p>-Rugas finas<\/p>\n<p>-Cicatriz de acne<\/p>\n<p>-Estrias<\/p>\n<p>-Flacidez da pele do rosto<\/p>\n<p>-Xantelasma<\/p>\n<p>-Seringoma<\/p>\n<p>-Queratose Seborreica e<\/p>\n<p>-Verruga Viral.<\/p>\n<h2>Caracter\u00edsticas do laser de CO2 da Deka<\/h2>\n<p>Consum\u00edvel: N\u00e3o h\u00e1.<\/p>\n<p>Classifica\u00e7\u00e3o Anvisa: Laser Classe IV (laser de alta pot\u00eancia)<\/p>\n<p>Registro na ANVISA: 10384890022<\/p>\n<p><img decoding=\"async\" class=\"size-large wp-image-2708 aligncenter\" src=\"https:\/\/justlaser.com.br\/alugueldelasers\/wp-content\/uploads\/2021\/07\/aluguel-de-laser-co2-1024x347.jpg\" alt=\"aluguel de laser co2\" width=\"1024\" height=\"347\" title=\"\" srcset=\"https:\/\/justlaser.com.br\/alugueldelasers\/wp-content\/uploads\/2021\/07\/aluguel-de-laser-co2-50x17.jpg 50w, https:\/\/justlaser.com.br\/alugueldelasers\/wp-content\/uploads\/2021\/07\/aluguel-de-laser-co2-150x51.jpg 150w, https:\/\/justlaser.com.br\/alugueldelasers\/wp-content\/uploads\/2021\/07\/aluguel-de-laser-co2-260x88.jpg 260w, https:\/\/justlaser.com.br\/alugueldelasers\/wp-content\/uploads\/2021\/07\/aluguel-de-laser-co2-300x102.jpg 300w, https:\/\/justlaser.com.br\/alugueldelasers\/wp-content\/uploads\/2021\/07\/aluguel-de-laser-co2-500x169.jpg 500w, https:\/\/justlaser.com.br\/alugueldelasers\/wp-content\/uploads\/2021\/07\/aluguel-de-laser-co2-700x237.jpg 700w, https:\/\/justlaser.com.br\/alugueldelasers\/wp-content\/uploads\/2021\/07\/aluguel-de-laser-co2-768x260.jpg 768w, https:\/\/justlaser.com.br\/alugueldelasers\/wp-content\/uploads\/2021\/07\/aluguel-de-laser-co2-1024x347.jpg 1024w, https:\/\/justlaser.com.br\/alugueldelasers\/wp-content\/uploads\/2021\/07\/aluguel-de-laser-co2.jpg 1920w\" sizes=\"(max-width: 1024px) 100vw, 1024px\" \/><\/p>\n<p>&nbsp;<\/p>\n<p><a href=\"https:\/\/justlaser.com.br\/alugueldelasers\/aluguel-de-aparelho-de-criolipolise-em-sao-paulo\/aluguel-locacao-de-criofrequencia-bhs-156-full\"><em><strong>J\u00e1 pensou em aluguel ou loca\u00e7\u00e3o de criofrequ\u00eancia ?\u00a0<\/strong><\/em><\/a><\/p>\n<p><a href=\"https:\/\/justlaser.com.br\/alugueldelasers\/aluguel-locacao-de-lasers\/aluguel-locacao-de-laser-fracionado-co2-smartxide-dot-deka\"><strong>J\u00e1 pensou em aluguel ou loca\u00e7\u00e3o do laser de CO2\u00a0 ?\u00a0<\/strong><\/a><\/p>\n<p><a href=\"https:\/\/justlaser.com.br\/alugueldelasers\/aluguel-locacao-ulthera\/\"><strong>J\u00e1 pensou em aluguel ou loca\u00e7\u00e3o de Ulthera ?\u00a0<\/strong><\/a><\/p>\n<p><strong><a href=\"https:\/\/justlaser.com.br\/alugueldelasers\/aluguel-locacao-ultraformer-iii\/\">J\u00e1 pensou em aluguel de Ultraformer ?<\/a><\/strong><\/p>\n<p>&nbsp;<\/p>\n","protected":false},"excerpt":{"rendered":"<p>Loca\u00e7\u00e3o de Laser Fracionado CO2 SmartXide DOT Deka\u00ae \u00a0Estamos com uma m\u00e1quina NOVINHA PARA [&hellip;]<\/p>\n","protected":false},"author":2,"featured_media":0,"parent":2405,"menu_order":0,"comment_status":"closed","ping_status":"closed","template":"","meta":{"footnotes":""},"_links":{"self":[{"href":"https:\/\/justlaser.com.br\/alugueldelasers\/wp-json\/wp\/v2\/pages\/2665"}],"collection":[{"href":"https:\/\/justlaser.com.br\/alugueldelasers\/wp-json\/wp\/v2\/pages"}],"about":[{"href":"https:\/\/justlaser.com.br\/alugueldelasers\/wp-json\/wp\/v2\/types\/page"}],"author":[{"embeddable":true,"href":"https:\/\/justlaser.com.br\/alugueldelasers\/wp-json\/wp\/v2\/users\/2"}],"replies":[{"embeddable":true,"href":"https:\/\/justlaser.com.br\/alugueldelasers\/wp-json\/wp\/v2\/comments?post=2665"}],"version-history":[{"count":0,"href":"https:\/\/justlaser.com.br\/alugueldelasers\/wp-json\/wp\/v2\/pages\/2665\/revisions"}],"up":[{"embeddable":true,"href":"https:\/\/justlaser.com.br\/alugueldelasers\/wp-json\/wp\/v2\/pages\/2405"}],"wp:attachment":[{"href":"https:\/\/justlaser.com.br\/alugueldelasers\/wp-json\/wp\/v2\/media?parent=2665"}],"curies":[{"name":"wp","href":"https:\/\/api.w.org\/{rel}","templated":true}]}}