{"id":2789,"date":"2021-12-25T13:37:34","date_gmt":"2021-12-25T16:37:34","guid":{"rendered":"https:\/\/justlaser.com.br\/alugueldelasers\/?page_id=2789"},"modified":"2021-12-25T20:38:13","modified_gmt":"2021-12-25T23:38:13","slug":"aluguel-laser-remocao-de-tatuagem-ndyag-1064","status":"publish","type":"page","link":"https:\/\/justlaser.com.br\/alugueldelasers\/aluguel-laser-remocao-de-tatuagem-ndyag-1064\/","title":{"rendered":"Aluguel laser remo\u00e7ao de tatuagem   NdYag 1064"},"content":{"rendered":"<h1>Aluguel laser remo\u00e7\u00e3o de tatuagem NdYag 1064<\/h1>\n<h2>Tipos de lasers para remo\u00e7\u00e3o de tatoo, tatuagem dispon\u00edveis para aluguel ou loca\u00e7\u00e3o no Brasil<\/h2>\n<p>S\u00e3o v\u00e1rias as possibilidades de\u00a0<strong>m\u00e1quinas para loca\u00e7\u00e3o\u00a0 ou aluguel com laser Q-Switched\u00a0 de Nd-yag nd 1064<\/strong>\u00a0no Brasil.<\/p>\n<p>Temos dispon\u00edvel Nd-Yag 1064 de atuagem\u00a0 nas plataformas:<\/p>\n<ul>\n<li>Etherea \u2013 Acroma<\/li>\n<li>Harmony \u2013 Spectra<\/li>\n<li>Elektra<\/li>\n<li>Revlite<\/li>\n<li>Inkie ( novo, para n\u00e3o m\u00e9dicos )<\/li>\n<li>lasers de Picosegundos ( custavam entre 1 e 2 milh\u00f5es de reais em 2021), como o\u00a0 PicoSure ou PicoWay<\/li>\n<li>e outros\u00a0 nomes menos usuais nas cl\u00ednicas de dermatologia ou est\u00e9tica<\/li>\n<\/ul>\n<h3>Abaixo algumas dicas pr\u00e1ticas e protocolos ampliados para remo\u00e7\u00e3o<br \/>\nde tatuagem com laser Q-switched<\/h3>\n<p>Fazer:<br \/>\nCheck list completo da m\u00e1quina<br \/>\nFotografia de qualidade da lesao, antes de come\u00e7ar<br \/>\nTermo de consentimento , completo, com poss\u00edveis complica\u00e7\u00f5es<br \/>\nD\u00favidas frequentes<br \/>\nAnest\u00e9sico t\u00f3pico<br \/>\nLimpar a \u00e1rea antes de aplicar o laser<\/p>\n<p>&nbsp;<\/p>\n<p><a href=\"https:\/\/justlaser.com.br\/alugueldelasers\/aluguel-e-locacao-de-ponteiras-de-lasers-em-sao-paulo\/aluguel-locacao-ndyag-1064-nm-nd-yag-para-remocao-de-tatuagem\">Veja aqui dicas pr\u00e1ticas de como fazer a aplica\u00e7\u00e3o do laser para remo\u00e7\u00e3o de tatuagem &#8211; Clique aqui\u00a0 !<\/a><\/p>\n<p>&nbsp;<\/p>\n<h3>Veja mais links abaixo e loca\u00e7\u00e3o de m\u00e1quinas e\u00a0 lasers:<\/h3>\n<p><a href=\"https:\/\/justlaser.com.br\/alugueldelasers\/aluguel-e-locacao-de-ponteiras-de-lasers-em-sao-paulo\/aluguel-locacao-de-laser-ndyag-nd-yag-1064\">Aluguel de laser NdYag 1064\u00a0<\/a><\/p>\n<p><a href=\"https:\/\/justlaser.com.br\/alugueldelasers\/aluguel-e-locacao-de-ponteiras-de-lasers-em-sao-paulo\/aluguel-locacao-ndyag-1064-nm-nd-yag-para-remocao-de-tatuagem\">Loca\u00e7\u00e3o e Aluguel\u00a0 laser para remo\u00e7\u00e3o tatuagem NdYag<\/a><\/p>\n<p><a href=\"https:\/\/justlaser.com.br\/alugueldelasers\/aluguel-laser-remocao-de-tatuagem-ndyag-1064\/\">Aluguel laser remo\u00e7\u00e3o de tatuagem e micro pigmenta\u00e7\u00e3o<\/a><\/p>\n<p><a href=\"https:\/\/justlaser.com.br\/alugueldelasers\/aluguel-e-locacao-de-ponteiras-de-lasers-em-sao-paulo\/aluguel-da-ponteira-acroma-q-switched-1064-do-etherea\/aluguel-laser-para-black-peel\/\">Aluguel de laser para Black Peel NdYag<\/a><\/p>\n<p><a href=\"https:\/\/justlaser.com.br\/alugueldelasers\/aluguel-e-locacao-de-ponteiras-de-lasers-em-sao-paulo\/locacao-laser-aparelho-para-black-peel-ndyag-1064-nd-yag\">Loca\u00e7\u00e3o de laser para Black Peel 1064<\/a><\/p>\n<p><a href=\"https:\/\/justlaser.com.br\/alugueldelasers\/aluguel-e-locacao-de-ponteiras-de-lasers-em-sao-paulo\/aluguel-da-ponteira-acroma-q-switched-1064-do-etherea\/aluguel-laser-para-black-peel\/aluguel-de-laser-para-peeling-hollywood\">Aluguel de laser para Peeling Hollywood NdYag\u00a0<\/a><\/p>\n<p><a href=\"https:\/\/justlaser.com.br\/alugueldelasers\/aluguel-locacao-inkie-laser-para-remocao-tatuagem\">Aluguel Laser Inkie para remo\u00e7\u00e3o de tatuagem<\/a><\/p>\n<p><a href=\"https:\/\/justlaser.com.br\/alugueldelasers\/aluguel-e-locacao-de-ponteiras-de-lasers-em-sao-paulo\/aluguel-locacao-laser-para-melasma\/\">Aluguel de laser para Melasma<\/a><\/p>\n<p>&nbsp;<\/p>\n<h2>Entre em contato para treinamentos e aluguel de laser para remo\u00e7\u00e3o de tatuagem!<\/h2>\n","protected":false},"excerpt":{"rendered":"<p>Aluguel laser remo\u00e7\u00e3o de tatuagem NdYag 1064 Tipos de lasers para remo\u00e7\u00e3o de tatoo, [&hellip;]<\/p>\n","protected":false},"author":2,"featured_media":0,"parent":0,"menu_order":0,"comment_status":"closed","ping_status":"closed","template":"","meta":{"footnotes":""},"_links":{"self":[{"href":"https:\/\/justlaser.com.br\/alugueldelasers\/wp-json\/wp\/v2\/pages\/2789"}],"collection":[{"href":"https:\/\/justlaser.com.br\/alugueldelasers\/wp-json\/wp\/v2\/pages"}],"about":[{"href":"https:\/\/justlaser.com.br\/alugueldelasers\/wp-json\/wp\/v2\/types\/page"}],"author":[{"embeddable":true,"href":"https:\/\/justlaser.com.br\/alugueldelasers\/wp-json\/wp\/v2\/users\/2"}],"replies":[{"embeddable":true,"href":"https:\/\/justlaser.com.br\/alugueldelasers\/wp-json\/wp\/v2\/comments?post=2789"}],"version-history":[{"count":0,"href":"https:\/\/justlaser.com.br\/alugueldelasers\/wp-json\/wp\/v2\/pages\/2789\/revisions"}],"wp:attachment":[{"href":"https:\/\/justlaser.com.br\/alugueldelasers\/wp-json\/wp\/v2\/media?parent=2789"}],"curies":[{"name":"wp","href":"https:\/\/api.w.org\/{rel}","templated":true}]}}