{"id":2859,"date":"2021-12-27T14:50:12","date_gmt":"2021-12-27T17:50:12","guid":{"rendered":"https:\/\/justlaser.com.br\/alugueldelasers\/?page_id=2859"},"modified":"2025-03-05T13:30:12","modified_gmt":"2025-03-05T16:30:12","slug":"aluguel-ultrassom-macro-focado-scizer","status":"publish","type":"page","link":"https:\/\/justlaser.com.br\/alugueldelasers\/aluguel-ultrassom-macro-focado-scizer\/","title":{"rendered":"Aluguel  Ultrassom macro focado Scizer"},"content":{"rendered":"<h1>Aluguel Ultrassom macro focado Scizer<\/h1>\n<p><img decoding=\"async\" class=\"aligncenter wp-image-2861 size-full\" title=\"Aluguel  Ultrassom macro focado Scizer\" src=\"https:\/\/justlaser.com.br\/alugueldelasers\/wp-content\/uploads\/2021\/12\/ALUGUEL-LOCACAO-SCIZER-MACRO-FOCADO.jpg\" alt=\"ALUGUEL LOCACAO SCIZER MACRO FOCADO\" width=\"1140\" height=\"712\" srcset=\"https:\/\/justlaser.com.br\/alugueldelasers\/wp-content\/uploads\/2021\/12\/ALUGUEL-LOCACAO-SCIZER-MACRO-FOCADO-200x125.jpg 200w, https:\/\/justlaser.com.br\/alugueldelasers\/wp-content\/uploads\/2021\/12\/ALUGUEL-LOCACAO-SCIZER-MACRO-FOCADO-300x187.jpg 300w, https:\/\/justlaser.com.br\/alugueldelasers\/wp-content\/uploads\/2021\/12\/ALUGUEL-LOCACAO-SCIZER-MACRO-FOCADO-400x250.jpg 400w, https:\/\/justlaser.com.br\/alugueldelasers\/wp-content\/uploads\/2021\/12\/ALUGUEL-LOCACAO-SCIZER-MACRO-FOCADO-500x312.jpg 500w, https:\/\/justlaser.com.br\/alugueldelasers\/wp-content\/uploads\/2021\/12\/ALUGUEL-LOCACAO-SCIZER-MACRO-FOCADO-600x375.jpg 600w, https:\/\/justlaser.com.br\/alugueldelasers\/wp-content\/uploads\/2021\/12\/ALUGUEL-LOCACAO-SCIZER-MACRO-FOCADO-700x437.jpg 700w, https:\/\/justlaser.com.br\/alugueldelasers\/wp-content\/uploads\/2021\/12\/ALUGUEL-LOCACAO-SCIZER-MACRO-FOCADO-768x480.jpg 768w, https:\/\/justlaser.com.br\/alugueldelasers\/wp-content\/uploads\/2021\/12\/ALUGUEL-LOCACAO-SCIZER-MACRO-FOCADO-800x500.jpg 800w, https:\/\/justlaser.com.br\/alugueldelasers\/wp-content\/uploads\/2021\/12\/ALUGUEL-LOCACAO-SCIZER-MACRO-FOCADO-1024x640.jpg 1024w, https:\/\/justlaser.com.br\/alugueldelasers\/wp-content\/uploads\/2021\/12\/ALUGUEL-LOCACAO-SCIZER-MACRO-FOCADO.jpg 1140w\" sizes=\"(max-width: 1140px) 100vw, 1140px\" \/><\/p>\n<p>&nbsp;<\/p>\n<blockquote><p><span style=\"font-size: 20px;\">Uma das maiores procuras em cl\u00ednicas de est\u00e9tica \u00e9 para o aluguel de aparelhos\u00a0 de Ultrassom Macro Focado Scizer,\u00a0 <strong>para tratamento da\u00a0 gordura LOCALIZADA.<\/strong><\/span><\/p><\/blockquote>\n<h2><\/h2>\n<h2>Indica\u00e7\u00e3o de uso no aluguel\u00a0 do Scizer para Loca\u00e7\u00e3o<\/h2>\n<p><span style=\"font-size: 20px;\">O SCIZER \u00e9 um dispositivo totalmente n\u00e3o invasivo de <strong>redu\u00e7\u00e3o da gordura localizada<\/strong> e melhora do contorno corporal que fornece procedimentos de tratamento personalizados para v\u00e1rias \u00e1reas do corpo.<\/span><\/p>\n<p><span style=\"font-size: 20px;\">o Scizer utiliza a tecnologia HIFU (<strong>Ultrassom Macrofocado<\/strong>) equipado com transdutores de ultrassom de varredura com tecnologia macrofocada.<\/span><\/p>\n<p><span style=\"font-size: 20px;\">O SCIZER trata grandes regi\u00f5es, transfere energia de forma uniforme e est\u00e1vel sem danificar os tecidos das \u00e1reas adjacentes.<\/span><\/p>\n<p>&nbsp;<\/p>\n<h2>Transdutores Corporais de Macrofocado no Scizer<\/h2>\n<p><span style=\"font-size: 20px;\">Os transdutores macrofocados com tecnologia de ultrassom por varredura s\u00e3o desenhados para destruir as c\u00e9lulas de gordura e melhorar o contorno corporal.<\/span><\/p>\n<div id=\"attachment_2862\" style=\"width: 708px\" class=\"wp-caption aligncenter\"><img decoding=\"async\" aria-describedby=\"caption-attachment-2862\" class=\"wp-image-2862 size-full\" title=\"Aluguel Scizer\" src=\"https:\/\/justlaser.com.br\/alugueldelasers\/wp-content\/uploads\/2021\/12\/ALUGUEL-LOCACAO-SCIZER-.png\" alt=\"ALUGUEL LOCACAO SCIZER\" width=\"698\" height=\"306\" srcset=\"https:\/\/justlaser.com.br\/alugueldelasers\/wp-content\/uploads\/2021\/12\/ALUGUEL-LOCACAO-SCIZER--200x88.png 200w, https:\/\/justlaser.com.br\/alugueldelasers\/wp-content\/uploads\/2021\/12\/ALUGUEL-LOCACAO-SCIZER--300x132.png 300w, https:\/\/justlaser.com.br\/alugueldelasers\/wp-content\/uploads\/2021\/12\/ALUGUEL-LOCACAO-SCIZER--400x175.png 400w, https:\/\/justlaser.com.br\/alugueldelasers\/wp-content\/uploads\/2021\/12\/ALUGUEL-LOCACAO-SCIZER--500x219.png 500w, https:\/\/justlaser.com.br\/alugueldelasers\/wp-content\/uploads\/2021\/12\/ALUGUEL-LOCACAO-SCIZER--600x263.png 600w, https:\/\/justlaser.com.br\/alugueldelasers\/wp-content\/uploads\/2021\/12\/ALUGUEL-LOCACAO-SCIZER-.png 698w\" sizes=\"(max-width: 698px) 100vw, 698px\" \/><p id=\"caption-attachment-2862\" class=\"wp-caption-text\">T<span style=\"font-size: 20px;\">RANSDUTORES CORPORAIS DO SCIZER PARA LOCA\u00c7\u00c3O<\/span><\/p><\/div>\n<h3><span style=\"font-size: 20px;\">Contraindica\u00e7\u00f5es do SCIZER.<\/span><\/h3>\n<p><span style=\"font-size: 20px;\">Ele \u00e9 contraindicado em caso de:<\/span><br \/>\n<span style=\"font-size: 20px;\">&#8211; Gravidez ou durante a amamenta\u00e7\u00e3o<\/span><br \/>\n<span style=\"font-size: 20px;\">&#8211; Feridas abertas ou les\u00f5es<\/span><br \/>\n<span style=\"font-size: 20px;\">-Acne grave ou c\u00edstica<\/span><br \/>\n<span style=\"font-size: 20px;\">&#8211; Stents met\u00e1licos \/ implantes el\u00e9tricos<\/span><br \/>\n<span style=\"font-size: 20px;\">&#8211; Implantes mec\u00e2nicos bio absorv\u00edveis<\/span><br \/>\n<span style=\"font-size: 20px;\">&#8211; Infec\u00e7\u00f5es da pele de qualquer tipo<\/span><br \/>\n<span style=\"font-size: 20px;\">&#8211; Dist\u00farbios ou disfun\u00e7\u00f5es hemorr\u00e1gicas<\/span><br \/>\n<span style=\"font-size: 20px;\">-H\u00e9rnias umbilicais<\/span><br \/>\n<span style=\"font-size: 20px;\">&#8211; Cicatrizes grandes<\/span><br \/>\n<span style=\"font-size: 20px;\">&#8211; Dobras excessivas na pele<\/span><\/p>\n<p>&nbsp;<\/p>\n<p><span style=\"font-size: 20px;\">Determine se o tratamento \u00e9 apropriado para pacientes<\/span><br \/>\n<span style=\"font-size: 20px;\">com as seguintes condi\u00e7\u00f5es:<\/span><br \/>\n<span style=\"font-size: 20px;\">&#8211; Terapia anticoagulante<\/span><br \/>\n<span style=\"font-size: 20px;\">&#8211; Condi\u00e7\u00f5es da pele causadas por doen\u00e7as auto-imunes, c\u00e2ncer de pele e Herpes Simplex<\/span><br \/>\n<span style=\"font-size: 20px;\">&#8211; Diabetes ou epilepsia<\/span><br \/>\n<span style=\"font-size: 20px;\">&#8211; Doen\u00e7as de pele graves<\/span><br \/>\n<span style=\"font-size: 20px;\">&#8211; Doen\u00e7a card\u00edaca<\/span><br \/>\n<span style=\"font-size: 20px;\">&#8211; Hipersensibilidade ou cicatrizes hipertr\u00f3ficas<\/span><br \/>\n<span style=\"font-size: 20px;\">&#8211; Disfun\u00e7\u00f5es hemost\u00e1ticas<\/span><\/p>\n<h3><span style=\"font-size: 20px;\">Sele\u00e7\u00e3o de Paciente para aplica\u00e7\u00e3o do Scizer<\/span><\/h3>\n<p><span style=\"font-size: 20px;\">Pacientes que cumprem os seguintes requisitos s\u00e3o ideais para obter melhores resultados:<\/span><br \/>\n<span style=\"font-size: 20px;\">&#8211; Pacientes com uma quantidade suficiente de gordura localizada na \u00e1rea de tratamento &#8211; prega cut\u00e2nea no m\u00ednimo 1,5 cm.<\/span><br \/>\n<span style=\"font-size: 20px;\">&#8211; Sem cicatrizes grandes ou dobras excessivas na \u00e1rea de tratamento.<\/span><br \/>\n<span style=\"font-size: 20px;\">&#8211; Pacientes ativos e com h\u00e1bitos saud\u00e1veis.<\/span><\/p>\n<p>&nbsp;<\/p>\n<h3><span style=\"font-size: 20px;\">Precau\u00e7\u00f5es para o Procedimento<\/span><br \/>\n<span style=\"font-size: 20px;\">Para evitar riscos durante o tratamento com o SCIZER:<\/span><\/h3>\n<p><span style=\"font-size: 20px;\">N\u00e3o use o SCIZER sem completar o treinamento oferecido.<\/span><br \/>\n<span style=\"font-size: 20px;\">Para impedir o uso n\u00e3o autorizado do dispositivo, verifique se o acesso \u00e9 limitado estritamente a profissionais treinados e certificados.<\/span><br \/>\n<span style=\"font-size: 20px;\">Evite aplicar nas regi\u00f5es dos nervos e nos principais vasos.<\/span><br \/>\n<span style=\"font-size: 20px;\">Se ocorrer mal funcionamento do equipamento ou eventos adversos, pare imediatamente o procedimento e entre em contato .<\/span><\/p>\n<p>&nbsp;<\/p>\n<h3><span style=\"font-size: 20px;\">Potenciais Efeitos Colaterais do Scizer na loca\u00e7\u00e3o<\/span><\/h3>\n<p><span style=\"font-size: 20px;\">Os pacientes podem apresentar rea\u00e7\u00f5es leves e tempor\u00e1rias como:<\/span><br \/>\n<span style=\"font-size: 20px;\">-Hipersensibilidade devido \u00e0 aplica\u00e7\u00e3o t\u00f3pica de anest\u00e9sico local e Edema (incha\u00e7o) * Eritema (vermelhid\u00e3o) e Ard\u00eancia<\/span><br \/>\n<span style=\"font-size: 20px;\">&#8211; Hematomas<\/span><br \/>\n<span style=\"font-size: 20px;\">&#8211; Cicatriz<\/span><br \/>\n<span style=\"font-size: 20px;\">&#8211; Dorm\u00eancia transit\u00f3ria ou formigamento<\/span><\/p>\n<p><span style=\"font-size: 20px;\">O m\u00e9dico ou profissional respons\u00e1vel deve consultar o paciente sobre qualquer hist\u00f3rico de dor intensa ou desconforto leve quando submetido a tratamentos n\u00e3o invasivos, incluindo o SCIZER.<\/span><\/p>\n<p>&nbsp;<\/p>\n<h2>Evitando Nervos ao realizar o aluguel e tratamento com o Scizer<\/h2>\n<p><span style=\"font-size: 20px;\">Evitar as seguintes regi\u00f5es durante o tratamento:<\/span><br \/>\n<span style=\"font-size: 20px;\">&#8211; Umbigo<\/span><br \/>\n<span style=\"font-size: 20px;\">&#8211; Crista il\u00edaca<\/span><br \/>\n<span style=\"font-size: 20px;\">&#8211; Nervo p\u00e9lvico<\/span><br \/>\n<span style=\"font-size: 20px;\">&#8211; Nervo ci\u00e1tico<\/span><br \/>\n<span style=\"font-size: 20px;\">&#8211; Veia safena<\/span><br \/>\n<span style=\"font-size: 20px;\">&#8211; Se o paciente sentir dor incomum ou sensa\u00e7\u00e3o de formigamento em uma \u00e1rea espec\u00edfica, interrompa o procedimento e prossiga para a pr\u00f3xima \u00e1rea de tratamento.<\/span><br \/>\n<span style=\"font-size: 20px;\">&#8211; Personalize par\u00e2metros com base nos n\u00edveis de sensibilidade e toler\u00e2ncia do paciente.<\/span><\/p>\n<p>&nbsp;<\/p>\n<h2>Temos 3 m\u00e1quinas no mercado Brasileiro que s\u00e3o refer\u00eancia de ultrassom macro focado.<\/h2>\n<p><span style=\"font-size: 20px;\"><strong>Uma <em>exclusiva <a href=\"https:\/\/classys.com\/product-line\/scizer\/\" target=\"_blank\" rel=\"noopener\">MACRO FOCADA<\/a><\/em>: APARELHO SCIZER, DA CLASSYS, COREANA.<\/strong><\/span><\/p>\n<p><span style=\"font-size: 20px;\"><strong>E <em>duas m\u00e1quinas mistas<\/em>, com ponteiras micro e macrofocadas:<\/strong><\/span><\/p>\n<ul>\n<li><span style=\"font-size: 20px;\"><strong>UltraFormer III , tamb\u00e9m da Classys<\/strong><\/span><\/li>\n<li><span style=\"font-size: 20px;\"><a href=\"https:\/\/www.vydence.com\/pt\/accutyte-ultra\/\" target=\"_blank\" rel=\"noopener\"><strong>Accutyte Ultra, Vydence<\/strong><\/a><\/span><\/li>\n<\/ul>\n<p>&nbsp;<\/p>\n<p><span style=\"font-size: 28px;\"><strong>Veja links de outros aparelhos para loca\u00e7\u00e3o:<\/strong><\/span><\/p>\n<p><span style=\"font-size: 20px;\"><a href=\"https:\/\/justlaser.com.br\/alugueldelasers\/aluguel-locacao-de-lasers\/locacao-aluguel-do-laser-plataforma-ethereamx-sao-paulo\/\">Aluguel Etherea MX<\/a><\/span><\/p>\n<p><span style=\"font-size: 20px;\"><a href=\"https:\/\/justlaser.com.br\/alugueldelasers\/aluguel-e-locacao-de-laser-para-depilacao-a-laser\/aluguel-soprano-platinum\">Aluguel\u00a0 Soprano Platinum<\/a><\/span><\/p>\n<p><span style=\"font-size: 20px;\"><a href=\"https:\/\/justlaser.com.br\/alugueldelasers\/aluguel-e-locacao-de-laser-para-depilacao-a-laser\/locacao-de-soprano-platinum\/\"><strong>Loca\u00e7\u00e3o de Soprano Platinum<\/strong><\/a><\/span><\/p>\n<p><span style=\"font-size: 20px;\"><a href=\"https:\/\/endoliftacademy.com.br\/\" target=\"_blank\" rel=\"noopener\">Curso de Endolaser<\/a><\/span><\/p>\n<p><span style=\"font-size: 20px;\"><strong><a href=\"https:\/\/www.instagram.com\/endoliftacademybrasil\/\" target=\"_blank\" rel=\"noopener\">Tudo sobre Endolaser &#8211; dicas e cursos no Instagram\u00a0<\/a><\/strong><\/span><\/p>\n<p><span style=\"font-size: 20px;\"><a href=\"https:\/\/justlaser.com.br\/alugueldelasers\/aluguel-de-endolift\/\"><strong>J\u00e1 pensou em aluguel do ENDOLASER\u00a0\u00a0<\/strong><\/a><\/span><\/p>\n<p>&nbsp;<\/p>\n<p><span style=\"font-size: 20px;\"><strong>N\u00e3o perca tempo!<\/strong> <\/span><\/p>\n<p><span style=\"font-size: 20px;\">Traga a tecnologia de depila\u00e7\u00e3o a laser mais avan\u00e7ada do mundo para o seu espa\u00e7o e ofere\u00e7a aos seus clientes <strong>seguran\u00e7a, efic\u00e1cia e conforto<\/strong> com o Soprano Platinum da Just Laser.<\/span><\/p>\n<blockquote><p><span style=\"font-size: 28px;\"><strong>Chame a gente agora, pelo Whatsapp.<br \/>\nO link est\u00e1 logo aqui: abaixo \u00e0 direita!<\/strong><\/span><\/p><\/blockquote>\n<p>&nbsp;<\/p>\n<p><em><strong><span style=\"font-size: 14pt;\">Se voc\u00ea procura aluguel loca\u00e7\u00e3o de aparelhos de ULTRASSOM MACRO FOCADO, COMO SCIZER,\u00a0<\/span><\/strong><\/em><br \/>\n<em><strong><span style=\"font-size: 14pt;\"> ou treinamento de SCIZER : entre em contato !<\/span><\/strong><\/em><\/p>\n","protected":false},"excerpt":{"rendered":"<p>Aluguel Ultrassom macro focado Scizer &nbsp; Uma das maiores procuras em cl\u00ednicas de est\u00e9tica [&hellip;]<\/p>\n","protected":false},"author":2,"featured_media":0,"parent":0,"menu_order":0,"comment_status":"closed","ping_status":"closed","template":"","meta":{"footnotes":""},"_links":{"self":[{"href":"https:\/\/justlaser.com.br\/alugueldelasers\/wp-json\/wp\/v2\/pages\/2859"}],"collection":[{"href":"https:\/\/justlaser.com.br\/alugueldelasers\/wp-json\/wp\/v2\/pages"}],"about":[{"href":"https:\/\/justlaser.com.br\/alugueldelasers\/wp-json\/wp\/v2\/types\/page"}],"author":[{"embeddable":true,"href":"https:\/\/justlaser.com.br\/alugueldelasers\/wp-json\/wp\/v2\/users\/2"}],"replies":[{"embeddable":true,"href":"https:\/\/justlaser.com.br\/alugueldelasers\/wp-json\/wp\/v2\/comments?post=2859"}],"version-history":[{"count":0,"href":"https:\/\/justlaser.com.br\/alugueldelasers\/wp-json\/wp\/v2\/pages\/2859\/revisions"}],"wp:attachment":[{"href":"https:\/\/justlaser.com.br\/alugueldelasers\/wp-json\/wp\/v2\/media?parent=2859"}],"curies":[{"name":"wp","href":"https:\/\/api.w.org\/{rel}","templated":true}]}}