{"id":2915,"date":"2021-12-29T13:42:15","date_gmt":"2021-12-29T16:42:15","guid":{"rendered":"https:\/\/justlaser.com.br\/alugueldelasers\/?page_id=2915"},"modified":"2022-01-13T18:33:03","modified_gmt":"2022-01-13T21:33:03","slug":"aluguel-de-ultrassom-microfocado","status":"publish","type":"page","link":"https:\/\/justlaser.com.br\/alugueldelasers\/aluguel-locacao-ultrassom-microfocado-ulthera-ultraformer\/aluguel-de-ultrassom-microfocado\/","title":{"rendered":"Aluguel de Ultrassom Microfocado"},"content":{"rendered":"<h1><img decoding=\"async\" class=\"aligncenter size-full wp-image-2920\" src=\"https:\/\/justlaser.com.br\/alugueldelasers\/wp-content\/uploads\/2021\/12\/aluguel-de-ultrassom-microfocado.jpg\" alt=\"aluguel de ultrassom microfocado\" width=\"1288\" height=\"498\" title=\"\" srcset=\"https:\/\/justlaser.com.br\/alugueldelasers\/wp-content\/uploads\/2021\/12\/aluguel-de-ultrassom-microfocado-200x77.jpg 200w, https:\/\/justlaser.com.br\/alugueldelasers\/wp-content\/uploads\/2021\/12\/aluguel-de-ultrassom-microfocado-300x116.jpg 300w, https:\/\/justlaser.com.br\/alugueldelasers\/wp-content\/uploads\/2021\/12\/aluguel-de-ultrassom-microfocado-400x155.jpg 400w, https:\/\/justlaser.com.br\/alugueldelasers\/wp-content\/uploads\/2021\/12\/aluguel-de-ultrassom-microfocado-500x193.jpg 500w, https:\/\/justlaser.com.br\/alugueldelasers\/wp-content\/uploads\/2021\/12\/aluguel-de-ultrassom-microfocado-600x232.jpg 600w, https:\/\/justlaser.com.br\/alugueldelasers\/wp-content\/uploads\/2021\/12\/aluguel-de-ultrassom-microfocado-700x271.jpg 700w, https:\/\/justlaser.com.br\/alugueldelasers\/wp-content\/uploads\/2021\/12\/aluguel-de-ultrassom-microfocado-768x297.jpg 768w, https:\/\/justlaser.com.br\/alugueldelasers\/wp-content\/uploads\/2021\/12\/aluguel-de-ultrassom-microfocado-800x309.jpg 800w, https:\/\/justlaser.com.br\/alugueldelasers\/wp-content\/uploads\/2021\/12\/aluguel-de-ultrassom-microfocado-1024x396.jpg 1024w, https:\/\/justlaser.com.br\/alugueldelasers\/wp-content\/uploads\/2021\/12\/aluguel-de-ultrassom-microfocado-1200x464.jpg 1200w, https:\/\/justlaser.com.br\/alugueldelasers\/wp-content\/uploads\/2021\/12\/aluguel-de-ultrassom-microfocado.jpg 1288w\" sizes=\"(max-width: 1288px) 100vw, 1288px\" \/><\/h1>\n<h1>Aluguel de Ultrassom Microfocado<\/h1>\n<p>Fazemos o aluguel de Ultrassom Microfocado para todo Brasil !<br \/>\nTemos diversos aparelhos de HIFU &#8211; Ultrassom microfocado , de v\u00e1rias marcas e fabricantes para aluguel.<\/p>\n<p>&nbsp;<\/p>\n<h2>Fazemos aluguel di\u00e1rio ou mensal.<\/h2>\n<p>Entre em contato para cursos de aplica\u00e7\u00e3o de Ultrassom Microfocado<\/p>\n<p>&nbsp;<\/p>\n<h2>Sobre o <a href=\"https:\/\/justlaser.com.br\/alugueldelasers\/aluguel-locacao-ultrassom-microfocado-ulthera-ultraformer\/aluguel-de-ultrassom-microfocado\">aluguel do Equipamento de\u00a0Ultrassom Microfocado<\/a><\/h2>\n<p>O Ultraformer III os outros aparelhos de HIFU,\u00a0 \u00e9 um equipamento de \u00faltima gera\u00e7\u00e3o de ultrassom microfocado\/macrofocado.<\/p>\n<p>Muito procurado pelos clientes, famosos, especialistas e cl\u00ednicas de est\u00e9tica, para tratamento facial e corporal.<\/p>\n<p>E as <a href=\"https:\/\/injectors.com.br\/dermatologista-preenchimento-sp\/harmonizacao-facial-em-sao-paulo\/tratamento-aplicacao-de-ultraformer-liftera-ulthera-em-sao-paulo\/\" target=\"_blank\" rel=\"noopener\">Cl\u00ednicas que fazem aplica\u00e7\u00e3o de Ultrassom Microfocado<\/a>, Ultraformer, Ulthera s\u00f3 bombando, h\u00e1 anos!<\/p>\n<p>A combina\u00e7\u00e3o de <a href=\"https:\/\/clinicawulkan.com.br\/aplicacao-de-ultraformer\/\" target=\"_blank\" rel=\"noopener\">aplica\u00e7\u00e3o de Ultraformer<\/a> e Harmoniza\u00e7\u00e3o Facial, melhor ainda!<\/p>\n<p><strong>Benef\u00edcios do aluguel para seus clientes:<\/strong><\/p>\n<ul>\n<li>auxilia na flacidez,<\/li>\n<li>contorno corporal e ancoragem muscular, promovendo um efeito lifting,<\/li>\n<li>melhora a apar\u00eancia de linhas e rugas,<\/li>\n<li>trabalha e melhora a gordura localizada.<\/li>\n<li>N\u00e3o invasivo, sem cortes, sem pontos e sem downtime.<\/li>\n<\/ul>\n<h3>Diferen\u00e7as entre procedimentos cir\u00fargicos e\u00a0Ultrassom Micro focado<\/h3>\n<p><strong>Procedimentos cir\u00fargicos:<\/strong><br \/>\n&#8211; o risco de m\u00e1 cicatriza\u00e7\u00e3o.<br \/>\n&#8211; Risco de infec\u00e7\u00e3o na cirurgia.<br \/>\n&#8211; Aus\u00eancia nas atividades profissionais.<br \/>\n&#8211; N\u00e3o melhora a textura da pele.<br \/>\n&#8211; N\u00e3o age sobre rugas salientes.<br \/>\n&#8211;\u00a0 necess\u00e1rio o uso de antibi\u00f3ticos p\u00f3s operat\u00f3rio.<br \/>\n&#8211;\u00a0 necess\u00e1rio fazer curativos.<\/p>\n<p>&nbsp;<\/p>\n<h2>Efeito<em><strong>\u00a0&#8220;lifting-like&#8221;<\/strong><\/em>do\u00a0ultrassom microfocado:\u00a0 aproximadamente 1\/3 de uma cirurgia de lifting facial<\/h2>\n<p><strong>Ultraformer III e outros aparelhos de ultrassom micro focado que fazemos aluguel:<\/strong><br \/>\n&#8211; N\u00e3o h\u00e1 cortes, consequentemente n\u00e3o h\u00e1 cicatriza\u00e7\u00e3o.<br \/>\n&#8211; N\u00e3o h\u00e1 risco de infec\u00e7\u00e3o.<br \/>\n&#8211; N\u00e3o h\u00e1 necessidade de se ausentar das atividades profissionais.<br \/>\n&#8211; Melhora a textura da pele.<br \/>\n&#8211; Age sobre rugas suaves.<br \/>\n&#8211; N\u00e3o \u00e9 necess\u00e1rio uso de antibi\u00f3ticos p\u00f3s sess\u00e3o.<br \/>\n&#8211; Sem curativos.<br \/>\n&#8211; volta imediata ao trabalho e atividades do dia a dia<\/p>\n<h2><a href=\"https:\/\/justlaser.com.br\/alugueldelasers\/aluguel-locacao-ultrassom-microfocado-ulthera-ultraformer\/locacao-de-ultrassom-microfocado\/\"><strong>Loca\u00e7\u00e3o de Ultrassom Microfocado<\/strong><\/a><\/h2>\n<h2><a href=\"https:\/\/justlaser.com.br\/alugueldelasers\/aluguel-locacao-ultrassom-microfocado-ulthera-ultraformer\/aluguel-de-ultrassom-microfocado\">Aluguel de Ultrassom Microfocado<\/a><\/h2>\n<p><img decoding=\"async\" class=\"aligncenter size-full wp-image-2920\" src=\"https:\/\/justlaser.com.br\/alugueldelasers\/wp-content\/uploads\/2021\/12\/aluguel-de-ultrassom-microfocado.jpg\" alt=\"aluguel de ultrassom microfocado\" width=\"1288\" height=\"498\" title=\"\" srcset=\"https:\/\/justlaser.com.br\/alugueldelasers\/wp-content\/uploads\/2021\/12\/aluguel-de-ultrassom-microfocado-200x77.jpg 200w, https:\/\/justlaser.com.br\/alugueldelasers\/wp-content\/uploads\/2021\/12\/aluguel-de-ultrassom-microfocado-300x116.jpg 300w, https:\/\/justlaser.com.br\/alugueldelasers\/wp-content\/uploads\/2021\/12\/aluguel-de-ultrassom-microfocado-400x155.jpg 400w, https:\/\/justlaser.com.br\/alugueldelasers\/wp-content\/uploads\/2021\/12\/aluguel-de-ultrassom-microfocado-500x193.jpg 500w, https:\/\/justlaser.com.br\/alugueldelasers\/wp-content\/uploads\/2021\/12\/aluguel-de-ultrassom-microfocado-600x232.jpg 600w, https:\/\/justlaser.com.br\/alugueldelasers\/wp-content\/uploads\/2021\/12\/aluguel-de-ultrassom-microfocado-700x271.jpg 700w, https:\/\/justlaser.com.br\/alugueldelasers\/wp-content\/uploads\/2021\/12\/aluguel-de-ultrassom-microfocado-768x297.jpg 768w, https:\/\/justlaser.com.br\/alugueldelasers\/wp-content\/uploads\/2021\/12\/aluguel-de-ultrassom-microfocado-800x309.jpg 800w, https:\/\/justlaser.com.br\/alugueldelasers\/wp-content\/uploads\/2021\/12\/aluguel-de-ultrassom-microfocado-1024x396.jpg 1024w, https:\/\/justlaser.com.br\/alugueldelasers\/wp-content\/uploads\/2021\/12\/aluguel-de-ultrassom-microfocado-1200x464.jpg 1200w, https:\/\/justlaser.com.br\/alugueldelasers\/wp-content\/uploads\/2021\/12\/aluguel-de-ultrassom-microfocado.jpg 1288w\" sizes=\"(max-width: 1288px) 100vw, 1288px\" \/><\/p>\n<h2>\u00a0Se voc\u00ea precisa de\u00a0 <a href=\"https:\/\/justlaser.com.br\/alugueldelasers\/aluguel-locacao-ultrassom-microfocado-ulthera-ultraformer\/aluguel-de-ultrassom-microfocado\">Aluguel de Ultrassom Microfocado<\/a> em cidades do Brasil, entre em contato !<\/h2>\n","protected":false},"excerpt":{"rendered":"<p>Aluguel de Ultrassom Microfocado Fazemos o aluguel de Ultrassom Microfocado para todo Brasil ! [&hellip;]<\/p>\n","protected":false},"author":2,"featured_media":0,"parent":2518,"menu_order":0,"comment_status":"closed","ping_status":"closed","template":"","meta":{"footnotes":""},"_links":{"self":[{"href":"https:\/\/justlaser.com.br\/alugueldelasers\/wp-json\/wp\/v2\/pages\/2915"}],"collection":[{"href":"https:\/\/justlaser.com.br\/alugueldelasers\/wp-json\/wp\/v2\/pages"}],"about":[{"href":"https:\/\/justlaser.com.br\/alugueldelasers\/wp-json\/wp\/v2\/types\/page"}],"author":[{"embeddable":true,"href":"https:\/\/justlaser.com.br\/alugueldelasers\/wp-json\/wp\/v2\/users\/2"}],"replies":[{"embeddable":true,"href":"https:\/\/justlaser.com.br\/alugueldelasers\/wp-json\/wp\/v2\/comments?post=2915"}],"version-history":[{"count":0,"href":"https:\/\/justlaser.com.br\/alugueldelasers\/wp-json\/wp\/v2\/pages\/2915\/revisions"}],"up":[{"embeddable":true,"href":"https:\/\/justlaser.com.br\/alugueldelasers\/wp-json\/wp\/v2\/pages\/2518"}],"wp:attachment":[{"href":"https:\/\/justlaser.com.br\/alugueldelasers\/wp-json\/wp\/v2\/media?parent=2915"}],"curies":[{"name":"wp","href":"https:\/\/api.w.org\/{rel}","templated":true}]}}