{"id":2916,"date":"2021-12-29T13:59:02","date_gmt":"2021-12-29T16:59:02","guid":{"rendered":"https:\/\/justlaser.com.br\/alugueldelasers\/?page_id=2916"},"modified":"2022-01-13T18:28:47","modified_gmt":"2022-01-13T21:28:47","slug":"locacao-de-ultrassom-microfocado","status":"publish","type":"page","link":"https:\/\/justlaser.com.br\/alugueldelasers\/aluguel-locacao-ultrassom-microfocado-ulthera-ultraformer\/locacao-de-ultrassom-microfocado\/","title":{"rendered":"Loca\u00e7\u00e3o de Ultrassom microfocado"},"content":{"rendered":"<h1><img decoding=\"async\" class=\"aligncenter wp-image-2919\" src=\"https:\/\/justlaser.com.br\/alugueldelasers\/wp-content\/uploads\/2021\/12\/locacao-de-ultrassom-microfocado.png\" alt=\"locacao de ultrassom microfocado\" width=\"902\" height=\"329\" title=\"\" srcset=\"https:\/\/justlaser.com.br\/alugueldelasers\/wp-content\/uploads\/2021\/12\/locacao-de-ultrassom-microfocado-200x73.png 200w, https:\/\/justlaser.com.br\/alugueldelasers\/wp-content\/uploads\/2021\/12\/locacao-de-ultrassom-microfocado-300x110.png 300w, https:\/\/justlaser.com.br\/alugueldelasers\/wp-content\/uploads\/2021\/12\/locacao-de-ultrassom-microfocado-400x146.png 400w, https:\/\/justlaser.com.br\/alugueldelasers\/wp-content\/uploads\/2021\/12\/locacao-de-ultrassom-microfocado-500x183.png 500w, https:\/\/justlaser.com.br\/alugueldelasers\/wp-content\/uploads\/2021\/12\/locacao-de-ultrassom-microfocado-600x219.png 600w, https:\/\/justlaser.com.br\/alugueldelasers\/wp-content\/uploads\/2021\/12\/locacao-de-ultrassom-microfocado-700x256.png 700w, https:\/\/justlaser.com.br\/alugueldelasers\/wp-content\/uploads\/2021\/12\/locacao-de-ultrassom-microfocado-768x281.png 768w, https:\/\/justlaser.com.br\/alugueldelasers\/wp-content\/uploads\/2021\/12\/locacao-de-ultrassom-microfocado-800x292.png 800w, https:\/\/justlaser.com.br\/alugueldelasers\/wp-content\/uploads\/2021\/12\/locacao-de-ultrassom-microfocado.png 1024w\" sizes=\"(max-width: 902px) 100vw, 902px\" \/><\/h1>\n<h1><strong>Loca\u00e7\u00e3o de Ultrassom Microfocado<\/strong><\/h1>\n<p>Fazemos a loca\u00e7\u00e3o de Ultrassom Microfocado para todo Brasil !<br \/>\nTemos diversos aparelhos de HIFU &#8211; Ultrassom microfocado , de v\u00e1rias marcas e fabricantes para aluguel.<\/p>\n<p>&nbsp;<\/p>\n<h2><strong>Fazemos loca\u00e7\u00e3o di\u00e1ria, por per\u00edodo ou mensal do aparelho.<\/strong><\/h2>\n<p>Entre em contato para cursos de\u00a0Ultrassom Microfocado, caso precise de cursos<\/p>\n<p>&nbsp;<\/p>\n<h3><strong>Sobre a loca\u00e7\u00e3o do Equipamento de\u00a0Ultrassom Microfocado<\/strong><\/h3>\n<p>O Ultraformer III os outros aparelhos de HIFU,\u00a0 \u00e9 um equipamento de \u00faltima gera\u00e7\u00e3o de ultrassom microfocado\/macrofocado.<\/p>\n<p>Muito procurado pelos clientes, famosos, especialistas, \u00a0m\u00e9dicos \u00a0e cl\u00ednicas de est\u00e9tica, para tratamento facial e corporal.<\/p>\n<p>V\u00e1rias cl\u00ednica famosas fazem <a href=\"https:\/\/injectors.com.br\/dermatologista-preenchimento-sp\/harmonizacao-facial-em-sao-paulo\/tratamento-aplicacao-de-ultraformer-liftera-ulthera-em-sao-paulo\/\" target=\"_blank\" rel=\"noopener\">aplica\u00e7\u00e3o de ultrassom microfocado<\/a>, agora h\u00e1 anos !<\/p>\n<h3><strong>Benef\u00edcios da loca\u00e7\u00e3o para seus clientes:<\/strong><\/h3>\n<ul>\n<li>auxilia na flacidez,<\/li>\n<li>contorno corporal e ancoragem muscular, promovendo um efeito lifting,<\/li>\n<li>melhora a apar\u00eancia de linhas e rugas,<\/li>\n<li>trabalha e melhora a gordura localizada.<\/li>\n<li>N\u00e3o invasivo, sem cortes, sem pontos e sem downtime<\/li>\n<\/ul>\n<h3><strong>Diferen\u00e7as entre procedimentos cir\u00fargicos e\u00a0Ultrassom Micro focado<\/strong><\/h3>\n<h4><strong>Procedimentos cir\u00fargicos:<\/strong><\/h4>\n<p>&#8211; o risco de m\u00e1 cicatriza\u00e7\u00e3o.<br \/>\n&#8211; Risco de infec\u00e7\u00e3o na cirurgia.<br \/>\n&#8211; Aus\u00eancia nas atividades profissionais.<br \/>\n&#8211; N\u00e3o melhora a textura da pele.<br \/>\n&#8211; N\u00e3o age sobre rugas salientes.<br \/>\n&#8211;\u00a0 necess\u00e1rio o uso de antibi\u00f3ticos p\u00f3s-operat\u00f3rio.<br \/>\n&#8211;\u00a0 necess\u00e1rio fazer curativos.<\/p>\n<p>&nbsp;<\/p>\n<h3><strong>Efeito<em>\u00a0&#8220;lifting-like&#8221;<\/em>no <a href=\"https:\/\/justlaser.com.br\/alugueldelasers\/aluguel-locacao-ultrassom-microfocado-ulthera-ultraformer\/locacao-de-ultrassom-microfocado\/\">aluguel do ultrassom microfocado<\/a>:\u00a0 aproximadamente 1\/3 de uma cirurgia de lifting facial!\u00a0<\/strong><\/h3>\n<h4><strong>Vantagens do Ultraformer III e outros aparelhos de ultrassom micro focado que fazemos aluguel:<\/strong><\/h4>\n<p>&#8211; N\u00e3o h\u00e1 cortes, consequentemente n\u00e3o h\u00e1 cicatriza\u00e7\u00e3o.<br \/>\n&#8211; N\u00e3o h\u00e1 risco de infec\u00e7\u00e3o.<br \/>\n&#8211; N\u00e3o h\u00e1 necessidade de se ausentar das atividades profissionais.<br \/>\n&#8211; Melhora a textura da pele.<br \/>\n&#8211; Age sobre rugas suaves.<br \/>\n&#8211; N\u00e3o \u00e9 necess\u00e1rio uso de antibi\u00f3ticos p\u00f3s sess\u00e3o.<br \/>\n&#8211; Sem curativos.<br \/>\n&#8211; volta imediata ao trabalho e atividades do dia a dia<\/p>\n<h2><strong>\u00a0Se voc\u00ea precisa de\u00a0<a href=\"https:\/\/justlaser.com.br\/alugueldelasers\/aluguel-locacao-ultrassom-microfocado-ulthera-ultraformer\/locacao-de-ultrassom-microfocado\/\">Loca\u00e7\u00e3o de Ultrassom Microfocado<\/a> em cidades do Brasil, entre em contato!<\/strong><\/h2>\n<p>&nbsp;<\/p>\n","protected":false},"excerpt":{"rendered":"<p>Loca\u00e7\u00e3o de Ultrassom Microfocado Fazemos a loca\u00e7\u00e3o de Ultrassom Microfocado para todo Brasil ! [&hellip;]<\/p>\n","protected":false},"author":2,"featured_media":0,"parent":2518,"menu_order":0,"comment_status":"closed","ping_status":"closed","template":"","meta":{"footnotes":""},"_links":{"self":[{"href":"https:\/\/justlaser.com.br\/alugueldelasers\/wp-json\/wp\/v2\/pages\/2916"}],"collection":[{"href":"https:\/\/justlaser.com.br\/alugueldelasers\/wp-json\/wp\/v2\/pages"}],"about":[{"href":"https:\/\/justlaser.com.br\/alugueldelasers\/wp-json\/wp\/v2\/types\/page"}],"author":[{"embeddable":true,"href":"https:\/\/justlaser.com.br\/alugueldelasers\/wp-json\/wp\/v2\/users\/2"}],"replies":[{"embeddable":true,"href":"https:\/\/justlaser.com.br\/alugueldelasers\/wp-json\/wp\/v2\/comments?post=2916"}],"version-history":[{"count":0,"href":"https:\/\/justlaser.com.br\/alugueldelasers\/wp-json\/wp\/v2\/pages\/2916\/revisions"}],"up":[{"embeddable":true,"href":"https:\/\/justlaser.com.br\/alugueldelasers\/wp-json\/wp\/v2\/pages\/2518"}],"wp:attachment":[{"href":"https:\/\/justlaser.com.br\/alugueldelasers\/wp-json\/wp\/v2\/media?parent=2916"}],"curies":[{"name":"wp","href":"https:\/\/api.w.org\/{rel}","templated":true}]}}