{"id":2948,"date":"2021-12-30T11:25:31","date_gmt":"2021-12-30T14:25:31","guid":{"rendered":"https:\/\/justlaser.com.br\/alugueldelasers\/?page_id=2948"},"modified":"2021-12-30T21:43:38","modified_gmt":"2021-12-31T00:43:38","slug":"locacao-lavieen","status":"publish","type":"page","link":"https:\/\/justlaser.com.br\/alugueldelasers\/aluguel-laser-lavieen\/locacao-lavieen\/","title":{"rendered":"Loca\u00e7\u00e3o Lavieen"},"content":{"rendered":"<h1>Loca\u00e7\u00e3o Lavieen<\/h1>\n<p><img decoding=\"async\" class=\"aligncenter wp-image-2954 size-full\" title=\"\u00a0Aluguel Laser Lavieen\" src=\"https:\/\/justlaser.com.br\/alugueldelasers\/wp-content\/uploads\/2021\/12\/LOCACAO-DE-LAVIEEN-LASER-.png\" alt=\"LOCACAO DE LAVIEEN LASER\" width=\"1592\" height=\"463\" srcset=\"https:\/\/justlaser.com.br\/alugueldelasers\/wp-content\/uploads\/2021\/12\/LOCACAO-DE-LAVIEEN-LASER--200x58.png 200w, https:\/\/justlaser.com.br\/alugueldelasers\/wp-content\/uploads\/2021\/12\/LOCACAO-DE-LAVIEEN-LASER--300x87.png 300w, https:\/\/justlaser.com.br\/alugueldelasers\/wp-content\/uploads\/2021\/12\/LOCACAO-DE-LAVIEEN-LASER--400x116.png 400w, https:\/\/justlaser.com.br\/alugueldelasers\/wp-content\/uploads\/2021\/12\/LOCACAO-DE-LAVIEEN-LASER--500x145.png 500w, https:\/\/justlaser.com.br\/alugueldelasers\/wp-content\/uploads\/2021\/12\/LOCACAO-DE-LAVIEEN-LASER--600x174.png 600w, https:\/\/justlaser.com.br\/alugueldelasers\/wp-content\/uploads\/2021\/12\/LOCACAO-DE-LAVIEEN-LASER--700x204.png 700w, https:\/\/justlaser.com.br\/alugueldelasers\/wp-content\/uploads\/2021\/12\/LOCACAO-DE-LAVIEEN-LASER--768x223.png 768w, https:\/\/justlaser.com.br\/alugueldelasers\/wp-content\/uploads\/2021\/12\/LOCACAO-DE-LAVIEEN-LASER--800x233.png 800w, https:\/\/justlaser.com.br\/alugueldelasers\/wp-content\/uploads\/2021\/12\/LOCACAO-DE-LAVIEEN-LASER--1024x298.png 1024w, https:\/\/justlaser.com.br\/alugueldelasers\/wp-content\/uploads\/2021\/12\/LOCACAO-DE-LAVIEEN-LASER--1200x349.png 1200w, https:\/\/justlaser.com.br\/alugueldelasers\/wp-content\/uploads\/2021\/12\/LOCACAO-DE-LAVIEEN-LASER-.png 1592w\" sizes=\"(max-width: 1592px) 100vw, 1592px\" \/><\/p>\n<h2>Loca\u00e7\u00e3o L<span style=\"font-size: 18pt;\">aser Lavieen<\/span><\/h2>\n<h3 class=\"titulo\">Laser fracionado de T\u00falio, Lavieen<\/h3>\n<div class=\"bar\">\u00a0<a href=\"https:\/\/medsystems.com.br\/lavieen\/\" target=\"_blank\" rel=\"noopener\">Lavieen<\/a>\u00a0, da MedSystems, \u00e9 a tecnologia laser n\u00e3o-ablativo\/ablativo para tratamentos est\u00e9ticos e dermatol\u00f3gicos que reproduz os efeitos e benef\u00edcios do BB Cream sem a necessidade de retoque por muitos meses.<\/div>\n<p>Fazemos aluguel e loca\u00e7\u00e3o do laser Lavieen para todo Brasil.<br \/>\n<strong>Aluguel de Lavieen di\u00e1rio, por per\u00edodo, ou semanal.\u00a0<\/strong><\/p>\n<p>&nbsp;<\/p>\n<p class=\"pro_bi\"><img decoding=\"async\" class=\"size-full wp-image-2953 alignleft\" src=\"https:\/\/justlaser.com.br\/alugueldelasers\/wp-content\/uploads\/2021\/12\/Lavieen-aluguel-locacao.png\" alt=\"Lavieen aluguel locacao\" width=\"166\" height=\"55\" title=\"\"><\/p>\n<h2><\/h2>\n<h2><\/h2>\n<h3>BB Laser for Brightening Skin<\/h3>\n<p><strong>1927nm Thulium Fractional Laser<\/strong><\/p>\n<p>Antes do aluguel ou da loca\u00e7\u00e3o do Lavieen, voc\u00ea precisa conhecer a tecnologia, indica\u00e7\u00e3o e uso correto da m\u00e1quina.<\/p>\n<blockquote>\n<h2>Agende pelo WhatsApp da Just Laser seu aluguel do laser\u00a0 de Lavieen<\/h2>\n<\/blockquote>\n<h2>O que faz o Lavieen ?<\/h2>\n<p>O laser\u00a0<b>Lavieen<\/b>\u00a0\u00e9 uma tecnologia revolucion\u00e1ria que chegou ao Brasil h\u00e1 pouco tempo, em 2020.<\/p>\n<p>Esse laser tamb\u00e9m chamado de BB Laser, pois o resultado \u00e9 similar \u00e0quele quando aplicamos BB Cream na pele, mas, diferente da maquiagem, permanece por um longo per\u00edodo.<\/p>\n<p>&nbsp;<\/p>\n<p><strong>O LASER MAIS R\u00c1PIDO DO BRASIL. <\/strong><\/p>\n<p>Fa\u00e7a um rosto inteiro em\u00a0<strong>\u00a04 MINUTOS<\/strong>.<\/p>\n<p>&nbsp;<\/p>\n<p>O efeito do Laser Lavieen \u00e9 t\u00e3o satisfat\u00f3rio, pois seus feixes t\u00eam alta afinidade com a \u00e1gua, o que garante a renova\u00e7\u00e3o dos tecidos. O calor do laser gera um dano controlado nas camadas da pele, removendo a melanina de pigmenta\u00e7\u00f5es em excesso e trazendo mais brilho \u00e0 epiderme.<\/p>\n<p>O fato de ser um laser n\u00e3o ablativo, ou seja, menos agressivo \u00e0 pele, permite recupera\u00e7\u00e3o f\u00e1cil e r\u00e1pida, sendo que a paciente pode voltar \u00e0s suas atividades no mesmo dia. O procedimento \u00e9 seguro e seus resultados podem ser vistos j\u00e1 na primeira sess\u00e3o.<\/p>\n<p><img decoding=\"async\" class=\"aligncenter wp-image-2960\" src=\"https:\/\/justlaser.com.br\/alugueldelasers\/wp-content\/uploads\/2021\/12\/locacao-laser-tulio-lavieen.png\" alt=\"locacao laser tulio lavieen\" width=\"912\" height=\"360\" title=\"\" srcset=\"https:\/\/justlaser.com.br\/alugueldelasers\/wp-content\/uploads\/2021\/12\/locacao-laser-tulio-lavieen-200x79.png 200w, https:\/\/justlaser.com.br\/alugueldelasers\/wp-content\/uploads\/2021\/12\/locacao-laser-tulio-lavieen-300x118.png 300w, https:\/\/justlaser.com.br\/alugueldelasers\/wp-content\/uploads\/2021\/12\/locacao-laser-tulio-lavieen-400x158.png 400w, https:\/\/justlaser.com.br\/alugueldelasers\/wp-content\/uploads\/2021\/12\/locacao-laser-tulio-lavieen-500x197.png 500w, https:\/\/justlaser.com.br\/alugueldelasers\/wp-content\/uploads\/2021\/12\/locacao-laser-tulio-lavieen-600x237.png 600w, https:\/\/justlaser.com.br\/alugueldelasers\/wp-content\/uploads\/2021\/12\/locacao-laser-tulio-lavieen-700x276.png 700w, https:\/\/justlaser.com.br\/alugueldelasers\/wp-content\/uploads\/2021\/12\/locacao-laser-tulio-lavieen-768x303.png 768w, https:\/\/justlaser.com.br\/alugueldelasers\/wp-content\/uploads\/2021\/12\/locacao-laser-tulio-lavieen-800x316.png 800w, https:\/\/justlaser.com.br\/alugueldelasers\/wp-content\/uploads\/2021\/12\/locacao-laser-tulio-lavieen-1024x404.png 1024w, https:\/\/justlaser.com.br\/alugueldelasers\/wp-content\/uploads\/2021\/12\/locacao-laser-tulio-lavieen-1200x474.png 1200w, https:\/\/justlaser.com.br\/alugueldelasers\/wp-content\/uploads\/2021\/12\/locacao-laser-tulio-lavieen.png 1282w\" sizes=\"(max-width: 912px) 100vw, 912px\" \/><\/p>\n<h2>Loca\u00e7\u00e3o Lavieen para Melasma<\/h2>\n<p><strong>Atualmente, o melhor laser para melasma no Brasil !\u00a0<\/strong><\/p>\n<p>O efeito do Laser Lavieen \u00e9 t\u00e3o satisfat\u00f3rio, t\u00e3o limpo,\u00a0 uma vez que seus feixes de laser\u00a0 t\u00eam alta afinidade pela \u00e1gua, limpando e atuando na superficie, ja na jun\u00e7\u00e3o epiderme-derme.<br \/>\nO calor do laser causa uma les\u00e3o controlada nas camadas da pele, removendo a melanina de pigmenta\u00e7\u00f5es em excesso e trazendo mais brilho \u00e0 pele.<\/p>\n<p>O fato de ser um laser n\u00e3o ablativo, ou seja, menos agressivo \u00e0 pele, permite recupera\u00e7\u00e3o f\u00e1cil e r\u00e1pida, sendo que a paciente pode voltar \u00e0s suas atividades no mesmo dia. O procedimento \u00e9 seguro e seus resultados podem ser vistos j\u00e1 na primeira sess\u00e3o.<\/p>\n<p>&nbsp;<\/p>\n<p><strong><span style=\"font-size: 14pt;\">Veja onde atua Lavieen na imagem abaixo<\/span><\/strong><\/p>\n<p><img decoding=\"async\" class=\"aligncenter wp-image-2951 size-full\" src=\"https:\/\/justlaser.com.br\/alugueldelasers\/wp-content\/uploads\/2021\/12\/aluguel-lavieen.png\" alt=\"aluguel lavieen\" width=\"1572\" height=\"612\" title=\"\" srcset=\"https:\/\/justlaser.com.br\/alugueldelasers\/wp-content\/uploads\/2021\/12\/aluguel-lavieen-200x78.png 200w, https:\/\/justlaser.com.br\/alugueldelasers\/wp-content\/uploads\/2021\/12\/aluguel-lavieen-300x117.png 300w, https:\/\/justlaser.com.br\/alugueldelasers\/wp-content\/uploads\/2021\/12\/aluguel-lavieen-400x156.png 400w, https:\/\/justlaser.com.br\/alugueldelasers\/wp-content\/uploads\/2021\/12\/aluguel-lavieen-500x195.png 500w, https:\/\/justlaser.com.br\/alugueldelasers\/wp-content\/uploads\/2021\/12\/aluguel-lavieen-600x234.png 600w, https:\/\/justlaser.com.br\/alugueldelasers\/wp-content\/uploads\/2021\/12\/aluguel-lavieen-700x273.png 700w, https:\/\/justlaser.com.br\/alugueldelasers\/wp-content\/uploads\/2021\/12\/aluguel-lavieen-768x299.png 768w, https:\/\/justlaser.com.br\/alugueldelasers\/wp-content\/uploads\/2021\/12\/aluguel-lavieen-800x311.png 800w, https:\/\/justlaser.com.br\/alugueldelasers\/wp-content\/uploads\/2021\/12\/aluguel-lavieen-1024x399.png 1024w, https:\/\/justlaser.com.br\/alugueldelasers\/wp-content\/uploads\/2021\/12\/aluguel-lavieen-1200x467.png 1200w, https:\/\/justlaser.com.br\/alugueldelasers\/wp-content\/uploads\/2021\/12\/aluguel-lavieen.png 1572w\" sizes=\"(max-width: 1572px) 100vw, 1572px\" \/><\/p>\n<p>&nbsp;<\/p>\n<p>&nbsp;<\/p>\n<h2>Benef\u00edcios da loca\u00e7\u00e3o do Laser Lavieen<\/h2>\n<p>Entre os benef\u00edcios do Laser, gosto de destacar:<\/p>\n<ul>\n<li><strong>Uniformiza\u00e7\u00e3o da pele;<\/strong><\/li>\n<li><strong>Melhora na textura;<\/strong><\/li>\n<li><strong>Diminui\u00e7\u00e3o dos poros;<\/strong><\/li>\n<li><strong>Melhora nas\u00a0 rugas e linhas finas;<\/strong><\/li>\n<li><strong>Tratamento do melasma<\/strong><\/li>\n<li><strong>Tratamento da queda de cabelo\u00a0<\/strong><\/li>\n<li><strong>Aumento da firmeza, qualidade\u00a0 e da elasticidade da pele.<\/strong><\/li>\n<\/ul>\n<h3>Indica\u00e7\u00f5es do uso, para que serve o Laser Lavieen<\/h3>\n<p>O laser pode ser aplicado na face, no colo, nas m\u00e3os e nos bra\u00e7os.<\/p>\n<p><strong>O LASER MAIS R\u00c1PIDO DO BRASIL. <\/strong><\/p>\n<p>FA\u00c7A UM ROSOT INTEIRO EM<strong>\u00a04 MINUTOS<\/strong>.<\/p>\n<p>Seus protocolos j\u00e1 s\u00e3o comprovadamente eficazes para tratar os seguintes problemas com a loca\u00e7\u00e3o ou aluguel do Lavieen :<\/p>\n<ol>\n<li>Les\u00f5es pigmentadas epid\u00e9rmicas e d\u00e9rmicas;<\/li>\n<li>Fotoenvelhecimento;<\/li>\n<li>Hiperpigmenta\u00e7\u00e3o P\u00f3s-Inflamat\u00f3ria;<\/li>\n<li>Melasma<\/li>\n<li>Ceratoses Act\u00ednicas;<\/li>\n<li>Manchas Senis;<\/li>\n<li>Poros Abertos;<\/li>\n<li>Rugas Finas;<\/li>\n<li>Textura e colora\u00e7\u00e3o da pele irregular;<\/li>\n<li>Queda de Cabelo.<\/li>\n<\/ol>\n<p>\u00c9 poss\u00edvel associar o Laser com outros protocolos, como o drug delivery, para alcan\u00e7ar resultados ainda mais satisfat\u00f3rios.<\/p>\n<p>Como funciona o procedimento com laser Lavieen<\/p>\n<p>A sess\u00e3o \u00e9 r\u00e1pida, com dura\u00e7\u00e3o de cerca de 30 minutos, sendo que de 10 a 20 s\u00e3o para efeito do creme anest\u00e9sico e apenas 10 minutos s\u00e3o para o procedimento efetivamente. A aplica\u00e7\u00e3o do laser n\u00e3o \u00e9 dolorosa, mas a paciente pode sentir um aquecimento da pele. Ap\u00f3s a primeira sess\u00e3o j\u00e1 \u00e9 poss\u00edvel ver o resultado.<\/p>\n<p>Cuidados no p\u00f3s-procedimento com laser Lavieen<\/p>\n<p>As sess\u00f5es t\u00eam um intervalo m\u00e9dio de quatro semanas, per\u00edodo no qual o paciente deve intensificar os cuidados com a pele, com uso de creme hidratante creme regenerador e aplica\u00e7\u00e3o de filtro solar. No p\u00f3s-procedimento, o paciente pode sentir uma sensa\u00e7\u00e3o de calor e vermelhid\u00e3o por algumas horas, sendo que h\u00e1 uma leve piora das manchas nos dias seguintes e descama\u00e7\u00e3o entre o terceiro e o quinto dia. Esses efeitos desaparecem naturalmente, e a descama\u00e7\u00e3o melhora com hidratantes, n\u00e3o devendo ser arrancada.<\/p>\n<p>O Laser Lavieen chegou para revolucionar o rejuvenescimento da pele para a mulher moderna que precisa retomar as suas atividades imediatamente. Pele bonita e bem cuidada sem ter que se afastar das atividades, tem coisa melhor?<\/p>\n<p>&nbsp;<\/p>\n<h3>Veja mais sobre aluguel e loca\u00e7\u00e3o de laser de Thulium 1927 Lavieen<\/h3>\n<h3><strong><a href=\"https:\/\/justlaser.com.br\/alugueldelasers\/curso-treinamento-aparelhos-de-laser-depilacao-ultrassom\/treinamento-e-curso-lavieen\">Conhe\u00e7a no treinamento que ensina como tratar e combinar tratamentos\u00a0 diversos e melasma com o Lavieen<\/a><\/strong><\/h3>\n<p><strong><a href=\"https:\/\/justlaser.com.br\/alugueldelasers\/aluguel-laser-lavieen\/\">Aluguel do Lavieen<\/a><\/strong><\/p>\n<p><strong><a href=\"https:\/\/justlaser.com.br\/alugueldelasers\/aluguel-laser-lavieen\/locacao-lavieen\/\">Loca\u00e7\u00e3o do Laser Lavieen Tulio 1927 nm<\/a><\/strong><\/p>\n<p>&nbsp;<\/p>\n<p>&nbsp;<\/p>\n<p>Consulte frete para<\/p>\n","protected":false},"excerpt":{"rendered":"<p>Loca\u00e7\u00e3o Lavieen Loca\u00e7\u00e3o Laser Lavieen Laser fracionado de T\u00falio, Lavieen \u00a0Lavieen\u00a0, da MedSystems, \u00e9 [&hellip;]<\/p>\n","protected":false},"author":2,"featured_media":0,"parent":2947,"menu_order":0,"comment_status":"closed","ping_status":"closed","template":"","meta":{"footnotes":""},"_links":{"self":[{"href":"https:\/\/justlaser.com.br\/alugueldelasers\/wp-json\/wp\/v2\/pages\/2948"}],"collection":[{"href":"https:\/\/justlaser.com.br\/alugueldelasers\/wp-json\/wp\/v2\/pages"}],"about":[{"href":"https:\/\/justlaser.com.br\/alugueldelasers\/wp-json\/wp\/v2\/types\/page"}],"author":[{"embeddable":true,"href":"https:\/\/justlaser.com.br\/alugueldelasers\/wp-json\/wp\/v2\/users\/2"}],"replies":[{"embeddable":true,"href":"https:\/\/justlaser.com.br\/alugueldelasers\/wp-json\/wp\/v2\/comments?post=2948"}],"version-history":[{"count":0,"href":"https:\/\/justlaser.com.br\/alugueldelasers\/wp-json\/wp\/v2\/pages\/2948\/revisions"}],"up":[{"embeddable":true,"href":"https:\/\/justlaser.com.br\/alugueldelasers\/wp-json\/wp\/v2\/pages\/2947"}],"wp:attachment":[{"href":"https:\/\/justlaser.com.br\/alugueldelasers\/wp-json\/wp\/v2\/media?parent=2948"}],"curies":[{"name":"wp","href":"https:\/\/api.w.org\/{rel}","templated":true}]}}