{"id":3278,"date":"2024-05-30T10:00:10","date_gmt":"2024-05-30T13:00:10","guid":{"rendered":"https:\/\/justlaser.com.br\/alugueldelasers\/?page_id=3278"},"modified":"2024-08-21T19:00:06","modified_gmt":"2024-08-21T22:00:06","slug":"aluguel-ultraformer-mpt-4","status":"publish","type":"page","link":"https:\/\/justlaser.com.br\/alugueldelasers\/aluguel-locacao-ultraformer-iii\/aluguel-ultraformer-mpt-4\/","title":{"rendered":"Aluguel Ultraformer MPT"},"content":{"rendered":"<h1><span style=\"font-size: 18pt;\">Aluguel do Ultraformer MPT em S\u00e3o Paulo com a maior empresa compradora de cartuchos originais Medsystems do BRASIL!!!<\/span><\/h1>\n<p>Vamos falar do Aluguel Ultraformer MPT, de verdade ?<\/p>\n<h2>Aluguel do <strong>Ultraformer III<\/strong> para todo Brasil, com a empresa mais s\u00e9ria do pa\u00eds.<\/h2>\n<p><span style=\"font-size: 14pt;\">Um pacote completo para sua tranquilidade:<\/span><br \/>\n<span style=\"font-size: 14pt;\">* <span style=\"color: #ff0000;\"><strong>Credibilidade: Somos a maior empresa em compra de cartuchos originais do Ultraformer III da MEDSYSTEMS , reconhecidos pela equipe de vendas.<\/strong><\/span><\/span><br \/>\n<span style=\"font-size: 14pt;\">* <span style=\"color: #ff0000;\"><strong>Originalidade: Utilizamos apenas cartuchos originais, garantindo resultados superiores e seguran\u00e7a para seus pacientes.<\/strong><\/span><\/span><br \/>\n<span style=\"color: #ff0000;\"><strong><span style=\"font-size: 14pt;\">* Suporte T\u00e9cnico: Nossa equipe est\u00e1 pronta para te auxiliar em todas as etapas do processo de loca\u00e7\u00e3o, desde a instala\u00e7\u00e3o at\u00e9 o uso do equipamento.<\/span><\/strong><\/span><br \/>\n<span style=\"color: #ff0000;\"><strong><span style=\"font-size: 14pt;\">* Suporte M\u00e9dico: Conte com o apoio de profissionais especializados para esclarecer d\u00favidas e auxiliar em eventuais intercorr\u00eancias, garantindo a seguran\u00e7a dos seus pacientes.<\/span><\/strong><\/span><\/p>\n<p><span style=\"font-size: 14pt;\">A import\u00e2ncia de escolher uma empresa s\u00e9ria e honesta<\/span><br \/>\n<span style=\"font-size: 14pt;\">A loca\u00e7\u00e3o de equipamentos est\u00e9ticos exige cuidado e aten\u00e7\u00e3o. <\/span><\/p>\n<blockquote><p><strong><span style=\"font-size: 14pt;\">Empresas s\u00e9rias garantem:<\/span><\/strong><br \/>\n<strong><span style=\"font-size: 14pt;\">* Equipamentos em perfeito estado: Manuten\u00e7\u00e3o e calibragem em dia para resultados ideais.<\/span><\/strong><br \/>\n<strong><span style=\"font-size: 14pt;\">* Proced\u00eancia dos cartuchos: Cartuchos originais garantem a seguran\u00e7a e efic\u00e1cia dos tratamentos.<\/span><\/strong><br \/>\n<strong><span style=\"font-size: 14pt;\">* Suporte t\u00e9cnico e m\u00e9dico: Assist\u00eancia completa para sua tranquilidade e a seguran\u00e7a dos seus pacientes.<\/span><\/strong><\/p><\/blockquote>\n<p>&nbsp;<\/p>\n<p><span style=\"font-size: 14pt;\">Est\u00e1 pronto para revolucionar sua cl\u00ednica com <strong>aluguel do Ultraformer MPT<\/strong>?<\/span><\/p>\n<p><strong><span style=\"font-size: 14pt;\">Fa\u00e7a o aluguel do Ultraformer\u00a0III na Maior empresa compradora de cartuchos originais da Medsystems no Brasil!<\/span><\/strong><\/p>\n<div>\n<div dir=\"auto\"><span style=\"font-size: 14pt;\">Na Just Laser, a loca\u00e7\u00e3o do Ultraformer MPT vai al\u00e9m da qualidade do equipamento. Oferecemos um pacote completo para sua tranquilidade:<\/span><\/div>\n<div dir=\"auto\"><span style=\"font-size: 14pt;\"><strong>\u00a0* Credibilidade:<\/strong> <strong>Somos a maior empresa em compra de cartuchos originais do importador, reconhecidos pela equipe de vendas.<\/strong><\/span><br \/>\n<span style=\"font-size: 14pt;\">\u00a0<strong>* Originalidade: Utilizamos apenas cartuchos originais, garantindo resultados superiores e seguran\u00e7a para seus pacientes.<\/strong><\/span><br \/>\n<strong><span style=\"font-size: 14pt;\">\u00a0* Suporte T\u00e9cnico: Nossa equipe est\u00e1 pronta para te auxiliar em todas as etapas do processo de loca\u00e7\u00e3o, desde a instala\u00e7\u00e3o at\u00e9 o uso do equipamento.<\/span><\/strong><br \/>\n<strong><span style=\"font-size: 14pt;\">\u00a0* Suporte M\u00e9dico: Conte com o apoio de profissionais especializados para esclarecer d\u00favidas e auxiliar em eventuais intercorr\u00eancias, garantindo a seguran\u00e7a dos seus pacientes.<\/span><\/strong><\/div>\n<div dir=\"auto\"><\/div>\n<div dir=\"auto\"><span style=\"font-size: 14pt;\">A import\u00e2ncia de escolher uma empresa s\u00e9ria e honesta<\/span><br \/>\n<span style=\"font-size: 14pt;\">A loca\u00e7\u00e3o de equipamentos est\u00e9ticos exige cuidado e aten\u00e7\u00e3o. Empresas s\u00e9rias garantem:<\/span><br \/>\n<span style=\"font-size: 14pt;\">\u00a0* Equipamentos em perfeito estado: Manuten\u00e7\u00e3o e calibragem em dia para resultados ideais.<\/span><br \/>\n<span style=\"font-size: 14pt;\">\u00a0* Proced\u00eancia dos cartuchos: Cartuchos originais garantem a seguran\u00e7a e efic\u00e1cia dos tratamentos.<\/span><br \/>\n<span style=\"font-size: 14pt;\">\u00a0* Suporte t\u00e9cnico e m\u00e9dico: Assist\u00eancia completa para sua tranquilidade e a seguran\u00e7a dos seus pacientes.<\/span><\/div>\n<\/div>\n<div id=\"attachment_3281\" style=\"width: 766px\" class=\"wp-caption aligncenter\"><img decoding=\"async\" aria-describedby=\"caption-attachment-3281\" class=\"wp-image-3281 size-full\" title=\"Aluguel Ultraformer MPT\" src=\"https:\/\/justlaser.com.br\/alugueldelasers\/wp-content\/uploads\/2022\/08\/aluguel-ultraformer-MPT-IV-4.png\" alt=\"aluguel ultraformer MPT\" width=\"756\" height=\"457\" srcset=\"https:\/\/justlaser.com.br\/alugueldelasers\/wp-content\/uploads\/2022\/08\/aluguel-ultraformer-MPT-IV-4-200x121.png 200w, https:\/\/justlaser.com.br\/alugueldelasers\/wp-content\/uploads\/2022\/08\/aluguel-ultraformer-MPT-IV-4-300x181.png 300w, https:\/\/justlaser.com.br\/alugueldelasers\/wp-content\/uploads\/2022\/08\/aluguel-ultraformer-MPT-IV-4-400x242.png 400w, https:\/\/justlaser.com.br\/alugueldelasers\/wp-content\/uploads\/2022\/08\/aluguel-ultraformer-MPT-IV-4-500x302.png 500w, https:\/\/justlaser.com.br\/alugueldelasers\/wp-content\/uploads\/2022\/08\/aluguel-ultraformer-MPT-IV-4-600x363.png 600w, https:\/\/justlaser.com.br\/alugueldelasers\/wp-content\/uploads\/2022\/08\/aluguel-ultraformer-MPT-IV-4-700x423.png 700w, https:\/\/justlaser.com.br\/alugueldelasers\/wp-content\/uploads\/2022\/08\/aluguel-ultraformer-MPT-IV-4.png 756w\" sizes=\"(max-width: 756px) 100vw, 756px\" \/><p id=\"caption-attachment-3281\" class=\"wp-caption-text\">Aluguel Ultraformer MPT<\/p><\/div>\n<h2>A nova vers\u00e3o para <strong>aluguel do Ultraformer MPT<\/strong><\/h2>\n<p><img decoding=\"async\" class=\"alignleft size-full wp-image-3280\" src=\"https:\/\/justlaser.com.br\/alugueldelasers\/wp-content\/uploads\/2022\/08\/aluguel-ultraformer-MPT-.png\" alt=\"aluguel ultraformer MPT \" width=\"277\" height=\"533\" title=\"\" srcset=\"https:\/\/justlaser.com.br\/alugueldelasers\/wp-content\/uploads\/2022\/08\/aluguel-ultraformer-MPT--156x300.png 156w, https:\/\/justlaser.com.br\/alugueldelasers\/wp-content\/uploads\/2022\/08\/aluguel-ultraformer-MPT--200x385.png 200w, https:\/\/justlaser.com.br\/alugueldelasers\/wp-content\/uploads\/2022\/08\/aluguel-ultraformer-MPT-.png 277w\" sizes=\"(max-width: 277px) 100vw, 277px\" \/><span style=\"font-size: 14pt;\">Em outubro de 2022 chegou ao Brasil a nova e t\u00e3o esperada a vers\u00e3o do Ultraformer III. N\u00e3o ser\u00e1 chamado de Ultraformer IV, Ultraformer 4 &#8230; Uma nova tecnologia.<\/span><\/p>\n<p><span style=\"font-size: 14pt;\">Ele se chama:\u00a0 <strong>Ultraformer MPT.<\/strong><\/span><\/p>\n<p><span style=\"font-size: 14pt;\">Ultraformer III, que reinou absoluto nos \u00faltimos 6 anos como uma das melhores plataformas de ultrassom micro focado come\u00e7a ser substitu\u00eddo pelo Ultraformer 4, conhecido como <strong><em>Ultraformer MPT (Multi Pulsed Technology).<\/em><\/strong><\/span><\/p>\n<p><span style=\"font-size: 14pt;\">A famosa importadora <a href=\"https:\/\/medsystems.com.br\/\" target=\"_blank\" rel=\"noopener\"><strong>Medsystems<\/strong> <\/a>decidiu iniciar com poucas m\u00e1quinas ainda esse ano de 2022.<\/span><\/p>\n<p><span style=\"font-size: 14pt;\">Ser\u00e3o perto de 60 cl\u00ednicas de in\u00edcio, poucas cl\u00ednicas no Brasil que ter\u00e3o acesso a nova tecnologia e disponibilizar\u00e3o os tratamentos com Ultraformer IV 4. Isso at\u00e9 que um bom n\u00famero de pacientes seja tratado e os protocolos finais sejam estabelecidos e a seguran\u00e7a estabelecida com perfei\u00e7\u00e3o.<\/span><\/p>\n<p><span style=\"font-size: 14pt;\"><strong><span style=\"color: #ff0000;\">N\u00e3o havia permiss\u00e3o de <a href=\"https:\/\/justlaser.com.br\/alugueldelasers\/aluguel-locacao-ultraformer-iii\/aluguel-ultraformer-mpt-4\/\">aluguel do Ultrafomer MPT<\/a> inicialmente, mas em 2024 j\u00e1 foi liberada a loca\u00e7\u00e3o.<\/span><\/strong><\/span><\/p>\n<blockquote><p><span style=\"font-size: 14pt;\"><strong>Se voc\u00ea tem interesse no <em>aluguel do Ultraformer MPT<\/em>, entre em contato !<\/strong><\/span><\/p><\/blockquote>\n<h2>Lan\u00e7amento mundial do UltraFormer MPT no Brasil em Primeira m\u00e3o na JUST LASER<\/h2>\n<p><span style=\"font-size: 14pt;\">O aparelho Ultraformer 4, ou <strong>UltraFormer MPT<\/strong> teve seu lan\u00e7amento mundial realizado no Brasil, antes ainda do que na Coreia, o pa\u00eds sede produtor do equipamento.<\/span><\/p>\n<p><span style=\"font-size: 14pt;\">O fabricante coreano optou por lan\u00e7ar o produto no Brasil antes de lan\u00e7ar na Coreia.<\/span><\/p>\n<p><span style=\"font-size: 14pt;\"><a href=\"https:\/\/clinicawulkan.com.br\/aplicacao-de-ultraformer\/quanto-custa-o-tratamento-com-ultraformer-mpt\" target=\"_blank\" rel=\"noopener\">Quer saber quanto custa a aplica\u00e7ao do Ultraformer MPT ?<\/a>\u00a0 Em m\u00e9dia varia no Brasil de 3000 a 15.000 reais<\/span><\/p>\n<h3><span style=\"font-size: 14pt;\">Afinal de contas n\u00f3s somos o maior consumidor e exportador da tecnologia para todo o mundo.<\/span><\/h3>\n<p><span style=\"font-size: 14pt;\"><a href=\"https:\/\/classys.com\/medical\/#hifu\" target=\"_blank\" rel=\"noopener\">Veja aqui no link do fabricante os <strong>aparelhos de HIFU<\/strong> produzidos por eles ate hoje\u00a0<\/a><\/span><\/p>\n<p><span style=\"font-size: 14pt;\"><a href=\"https:\/\/justlaser.com.br\/alugueldelasers\/qual-a-diferenca-entre-o-ultraformer-iii-e-ultraformer-mpt\/\">Saiba as diferen\u00e7as entre o ultraformer III e Ultraformer MPT<\/a><\/span><\/p>\n<p><iframe src=\"\/\/www.youtube.com\/embed\/8-e2CqmTdeo\" width=\"560\" height=\"314\" allowfullscreen=\"allowfullscreen\"><\/iframe><\/p>\n<h2>O que \u00e9 o MPT &#8211; Micro Pulsed Technology\u00a0 do MPT ?<\/h2>\n<p><span style=\"font-size: 14pt;\">A cria\u00e7\u00e3o de pontos de coagula\u00e7\u00e3o t\u00e9rmicos (TCP) de forma precisa determina o desempenho do equipamento de MMFU. O novo Ultraformer MPT \u00e9 mais seguro e maximiza a efici\u00eancia do MMFU ao dividir o m\u00e9todo de gera\u00e7\u00e3o desses pontos em 4 modos de emiss\u00e3o diferentes.<\/span><\/p>\n<p><span style=\"font-size: 14pt;\">MPT, uma tecnologia de MMFU avan\u00e7ada que gera continuamente 417 TCP em uma extens\u00e3o de tratamento de 25 mm.<\/span><br \/>\n<span style=\"font-size: 14pt;\">A base do MPT \u00e9 tornar a energia t\u00e9rmica densa e maximizar o efeito atrav\u00e9s de um aquecimento acumulado.<\/span><\/p>\n<p><img decoding=\"async\" class=\"aligncenter wp-image-3279 size-full\" title=\"Aluguel Ultraformer MPT\" src=\"https:\/\/justlaser.com.br\/alugueldelasers\/wp-content\/uploads\/2022\/08\/aluguel-ultraformer-MPT-sao-paulo.png\" alt=\"Aluguel Ultraformer MPT\" width=\"682\" height=\"743\" srcset=\"https:\/\/justlaser.com.br\/alugueldelasers\/wp-content\/uploads\/2022\/08\/aluguel-ultraformer-MPT-sao-paulo-200x218.png 200w, https:\/\/justlaser.com.br\/alugueldelasers\/wp-content\/uploads\/2022\/08\/aluguel-ultraformer-MPT-sao-paulo-275x300.png 275w, https:\/\/justlaser.com.br\/alugueldelasers\/wp-content\/uploads\/2022\/08\/aluguel-ultraformer-MPT-sao-paulo-400x436.png 400w, https:\/\/justlaser.com.br\/alugueldelasers\/wp-content\/uploads\/2022\/08\/aluguel-ultraformer-MPT-sao-paulo-500x545.png 500w, https:\/\/justlaser.com.br\/alugueldelasers\/wp-content\/uploads\/2022\/08\/aluguel-ultraformer-MPT-sao-paulo-600x654.png 600w, https:\/\/justlaser.com.br\/alugueldelasers\/wp-content\/uploads\/2022\/08\/aluguel-ultraformer-MPT-sao-paulo.png 682w\" sizes=\"(max-width: 682px) 100vw, 682px\" \/><\/p>\n<p>&nbsp;<\/p>\n<div style=\"width: 554px;\" class=\"wp-video\"><!--[if lt IE 9]><script>document.createElement('video');<\/script><![endif]-->\n<video class=\"wp-video-shortcode\" id=\"video-3278-1\" width=\"554\" height=\"554\" autoplay=\"1\" preload=\"auto\" controls=\"controls\"><source type=\"video\/mp4\" src=\"https:\/\/justlaser.com.br\/alugueldelasers\/wp-content\/uploads\/2023\/02\/como-funciona-o-ultraformer-MPT-ponteira.mp4?_=1\" \/><a href=\"https:\/\/justlaser.com.br\/alugueldelasers\/wp-content\/uploads\/2023\/02\/como-funciona-o-ultraformer-MPT-ponteira.mp4\">https:\/\/justlaser.com.br\/alugueldelasers\/wp-content\/uploads\/2023\/02\/como-funciona-o-ultraformer-MPT-ponteira.mp4<\/a><\/video><\/div>\n<p>&nbsp;<\/p>\n<div style=\"width: 554px;\" class=\"wp-video\"><video class=\"wp-video-shortcode\" id=\"video-3278-2\" width=\"554\" height=\"554\" preload=\"metadata\" controls=\"controls\"><source type=\"video\/mp4\" src=\"https:\/\/justlaser.com.br\/alugueldelasers\/wp-content\/uploads\/2023\/02\/como-funciona-o-ultraformer-MPT-locacao.mp4?_=2\" \/><a href=\"https:\/\/justlaser.com.br\/alugueldelasers\/wp-content\/uploads\/2023\/02\/como-funciona-o-ultraformer-MPT-locacao.mp4\">https:\/\/justlaser.com.br\/alugueldelasers\/wp-content\/uploads\/2023\/02\/como-funciona-o-ultraformer-MPT-locacao.mp4<\/a><\/video><\/div>\n<p>&nbsp;<\/p>\n<p><span style=\"font-size: 14pt;\"><strong>Abaixo links de p\u00e1ginas no site\u00a0 para mais informa\u00e7\u00f5es:<\/strong><\/span><\/p>\n<p><span style=\"font-size: 14pt;\"><a href=\"https:\/\/justlaser.com.br\/alugueldelasers\/aluguel-de-aparelho-de-campo-eletromagnetico\/aluguel-locacao-cm-slim-cmslim\/\">Aluguel loca\u00e7\u00e3o CMSLIM\u00a0<\/a><\/span><\/p>\n<p><span style=\"font-size: 14pt;\"><a href=\"https:\/\/justlaser.com.br\/alugueldelasers\/aluguel-ultrassom-macro-focado-scizer\/aluguel-do-scizer\/\">Aluguel do Scizer\u00a0<\/a><\/span><\/p>\n<p><span style=\"font-size: 14pt;\"><a href=\"https:\/\/justlaser.com.br\/alugueldelasers\/aluguel-ultrassom-macro-focado-scizer\/locacao-scizer\">Loca\u00e7\u00e3o do Scizer pelo Brasil\u00a0<\/a><\/span><\/p>\n<p><span style=\"font-size: 14pt;\"><strong><a href=\"https:\/\/justlaser.com.br\/alugueldelasers\/aluguel-ultraformer-mpt-4\/\">Aluguel de UltraFormer MPT<\/a><\/strong><\/span><\/p>\n<ul>\n<li><span style=\"font-size: 14pt;\"><a href=\"https:\/\/justlaser.com.br\/alugueldelasers\/locacao-do-ultraformer-mpt\/\">Loca\u00e7\u00e3o do Ultraformer MPT<\/a><\/span><\/li>\n<\/ul>\n<p><span style=\"font-size: 14pt;\"><a href=\"https:\/\/justlaser.com.br\/alugueldelasers\/aluguel-inkie-laser\"><strong>Aluguel Inkie Laser<\/strong><\/a><\/span><\/p>\n<p><span style=\"font-size: 14pt;\"><a href=\"https:\/\/justlaser.com.br\/alugueldelasers\/aluguel-laser-lavieen\/\"><strong>Aluguel Laser Lavieen<\/strong><\/a><\/span><\/p>\n<h2><span style=\"color: #ff0000; font-size: 18pt;\"><strong><a title=\"Clique para WhatsApp\" href=\"https:\/\/api.whatsapp.com\/send?phone=5511940843111\" target=\"_blank\" rel=\"nofollow noopener\"><img decoding=\"async\" class=\"alignleft wp-image-3064\" title=\"Aluguel Ultraformer III\" src=\"https:\/\/justlaser.com.br\/alugueldelasers\/wp-content\/uploads\/2022\/02\/aluguel-uthera-3.jpg\" alt=\"Aluguel Ultraformer\" width=\"344\" height=\"160\" srcset=\"https:\/\/justlaser.com.br\/alugueldelasers\/wp-content\/uploads\/2022\/02\/aluguel-uthera-3-200x93.jpg 200w, https:\/\/justlaser.com.br\/alugueldelasers\/wp-content\/uploads\/2022\/02\/aluguel-uthera-3-300x140.jpg 300w, https:\/\/justlaser.com.br\/alugueldelasers\/wp-content\/uploads\/2022\/02\/aluguel-uthera-3.jpg 400w\" sizes=\"(max-width: 344px) 100vw, 344px\" \/><\/a><\/strong><\/span><\/h2>\n<p><span style=\"font-size: 14pt;\"><em><strong>Se voc\u00ea procura aluguel loca\u00e7\u00e3o de aparelhos de\u00a0 Ultraformer MPT, SCIZER, LAVIEEN, ETHEREA <\/strong><\/em><\/span><span style=\"font-size: 14pt;\"><em><strong>ou treinamentos : entre em contato !<\/strong><\/em><\/span><\/p>\n","protected":false},"excerpt":{"rendered":"<p>Aluguel do Ultraformer MPT em S\u00e3o Paulo com a maior empresa compradora de cartuchos [&hellip;]<\/p>\n","protected":false},"author":2,"featured_media":0,"parent":2499,"menu_order":0,"comment_status":"closed","ping_status":"closed","template":"","meta":{"footnotes":""},"_links":{"self":[{"href":"https:\/\/justlaser.com.br\/alugueldelasers\/wp-json\/wp\/v2\/pages\/3278"}],"collection":[{"href":"https:\/\/justlaser.com.br\/alugueldelasers\/wp-json\/wp\/v2\/pages"}],"about":[{"href":"https:\/\/justlaser.com.br\/alugueldelasers\/wp-json\/wp\/v2\/types\/page"}],"author":[{"embeddable":true,"href":"https:\/\/justlaser.com.br\/alugueldelasers\/wp-json\/wp\/v2\/users\/2"}],"replies":[{"embeddable":true,"href":"https:\/\/justlaser.com.br\/alugueldelasers\/wp-json\/wp\/v2\/comments?post=3278"}],"version-history":[{"count":0,"href":"https:\/\/justlaser.com.br\/alugueldelasers\/wp-json\/wp\/v2\/pages\/3278\/revisions"}],"up":[{"embeddable":true,"href":"https:\/\/justlaser.com.br\/alugueldelasers\/wp-json\/wp\/v2\/pages\/2499"}],"wp:attachment":[{"href":"https:\/\/justlaser.com.br\/alugueldelasers\/wp-json\/wp\/v2\/media?parent=3278"}],"curies":[{"name":"wp","href":"https:\/\/api.w.org\/{rel}","templated":true}]}}