{"id":3394,"date":"2023-02-18T17:48:27","date_gmt":"2023-02-18T20:48:27","guid":{"rendered":"https:\/\/justlaser.com.br\/alugueldelasers\/?page_id=3394"},"modified":"2023-02-18T17:48:27","modified_gmt":"2023-02-18T20:48:27","slug":"como-funciona-o-ultraformer-iii","status":"publish","type":"page","link":"https:\/\/justlaser.com.br\/alugueldelasers\/aluguel-locacao-ultraformer-iii\/aluguel-de-ultraformer\/como-funciona-o-ultraformer-iii\/","title":{"rendered":"Como funciona o UltraFormer III ?"},"content":{"rendered":"<h1>Como funciona o UltraFormer III ?<\/h1>\n<p>&nbsp;<\/p>\n<p>O Ultraformer III utiliza a tecnologia de Ultrassom Focalizado de Alta Intensidade (HIFU) para estimular a produ\u00e7\u00e3o de col\u00e1geno e elastina nas camadas mais profundas da pele, resultando em um efeito lifting e de rejuvenescimento.<\/p>\n<p>&nbsp;<\/p>\n<p>O aparelho emite ondas sonoras de alta frequ\u00eancia e alta intensidade que s\u00e3o focalizadas em pontos espec\u00edficos abaixo da superf\u00edcie da pele. Isso gera calor nos tecidos, estimulando as c\u00e9lulas a produzirem mais col\u00e1geno e elastina, que s\u00e3o importantes para manter a pele firme e el\u00e1stica.<\/p>\n<p>&nbsp;<\/p>\n<p>A energia do ultrassom \u00e9 entregue em tr\u00eas n\u00edveis de profundidade diferentes na pele, o que permite tratar a pele em camadas mais profundas e superficiais, de acordo com as necessidades do paciente.<\/p>\n<p>O procedimento \u00e9 n\u00e3o invasivo, o que significa que n\u00e3o h\u00e1 cortes na pele, e \u00e9 relativamente r\u00e1pido e indolor. Os pacientes podem sentir uma sensa\u00e7\u00e3o de calor ou formigamento durante o procedimento, mas geralmente n\u00e3o h\u00e1 dor ou desconforto significativo.<\/p>\n<p>Os resultados podem ser vistos imediatamente ap\u00f3s o tratamento e melhoram gradualmente ao longo do tempo, \u00e0 medida que a produ\u00e7\u00e3o de col\u00e1geno e elastina \u00e9 estimulada.<\/p>\n<p>&nbsp;<\/p>\n<h2>Como funciona o UltraFormer III\u00a0 na pratica da loca\u00e7\u00e3o?<\/h2>\n<p>&nbsp;<\/p>\n<p>&nbsp;<\/p>\n<p><a href=\"https:\/\/classys.com\/product-line\/ultraformer\/\" target=\"_blank\" rel=\"noopener\">O Ultraformer III<\/a> utiliza tecnologia de ultrassom focalizado de alta intensidade (HIFU) para realizar procedimentos est\u00e9ticos n\u00e3o invasivos de lifting facial e corporal. O HIFU \u00e9 capaz de penetrar profundamente na pele, chegando a camadas de tecido mais profundas do que outros tratamentos est\u00e9ticos n\u00e3o invasivos, como a radiofrequ\u00eancia.<\/p>\n<p>&nbsp;<\/p>\n<p>O dispositivo emite pulsos de energia ultrass\u00f4nica focalizada de alta intensidade em pontos espec\u00edficos abaixo da superf\u00edcie da pele, o que resulta na contra\u00e7\u00e3o imediata das fibras de col\u00e1geno e na estimula\u00e7\u00e3o da produ\u00e7\u00e3o de col\u00e1geno novo. A produ\u00e7\u00e3o de col\u00e1geno novo ocorre gradualmente ao longo de v\u00e1rias semanas ap\u00f3s o tratamento, resultando em um efeito lifting gradual e natural.<\/p>\n<p>&nbsp;<\/p>\n<p>O Ultraformer III \u00e9 projetado para ser seguro e eficaz, e pode ser usado em \u00e1reas como o rosto, pesco\u00e7o, bra\u00e7os, abd\u00f4men, coxas e n\u00e1degas. A maioria dos pacientes relata pouca ou nenhuma dor durante o tratamento, e n\u00e3o h\u00e1 tempo de recupera\u00e7\u00e3o necess\u00e1rio ap\u00f3s o procedimento. Os resultados podem ser vistos imediatamente ap\u00f3s o tratamento e continuam a melhorar ao longo do tempo<\/p>\n<p>&nbsp;<\/p>\n","protected":false},"excerpt":{"rendered":"<p>Como funciona o UltraFormer III ? &nbsp; O Ultraformer III utiliza a tecnologia de [&hellip;]<\/p>\n","protected":false},"author":2,"featured_media":0,"parent":3026,"menu_order":0,"comment_status":"closed","ping_status":"closed","template":"","meta":{"footnotes":""},"_links":{"self":[{"href":"https:\/\/justlaser.com.br\/alugueldelasers\/wp-json\/wp\/v2\/pages\/3394"}],"collection":[{"href":"https:\/\/justlaser.com.br\/alugueldelasers\/wp-json\/wp\/v2\/pages"}],"about":[{"href":"https:\/\/justlaser.com.br\/alugueldelasers\/wp-json\/wp\/v2\/types\/page"}],"author":[{"embeddable":true,"href":"https:\/\/justlaser.com.br\/alugueldelasers\/wp-json\/wp\/v2\/users\/2"}],"replies":[{"embeddable":true,"href":"https:\/\/justlaser.com.br\/alugueldelasers\/wp-json\/wp\/v2\/comments?post=3394"}],"version-history":[{"count":0,"href":"https:\/\/justlaser.com.br\/alugueldelasers\/wp-json\/wp\/v2\/pages\/3394\/revisions"}],"up":[{"embeddable":true,"href":"https:\/\/justlaser.com.br\/alugueldelasers\/wp-json\/wp\/v2\/pages\/3026"}],"wp:attachment":[{"href":"https:\/\/justlaser.com.br\/alugueldelasers\/wp-json\/wp\/v2\/media?parent=3394"}],"curies":[{"name":"wp","href":"https:\/\/api.w.org\/{rel}","templated":true}]}}