{"id":3495,"date":"2023-03-21T12:18:58","date_gmt":"2023-03-21T15:18:58","guid":{"rendered":"https:\/\/justlaser.com.br\/alugueldelasers\/?page_id=3495"},"modified":"2023-05-25T16:27:35","modified_gmt":"2023-05-25T19:27:35","slug":"locacao-de-laser-para-endolift","status":"publish","type":"page","link":"https:\/\/justlaser.com.br\/alugueldelasers\/locacao-de-laser-para-endolift\/","title":{"rendered":"Loca\u00e7\u00e3o de laser para Endolift"},"content":{"rendered":"<h1><img decoding=\"async\" class=\"aligncenter wp-image-3574 size-full\" title=\"ALUGUEL DE ENDOLIFT\" src=\"https:\/\/justlaser.com.br\/alugueldelasers\/wp-content\/uploads\/2023\/05\/ENDOLIFT.jpg\" alt=\"ALUGUEL DE ENDOLIFT\" width=\"712\" height=\"372\" srcset=\"https:\/\/justlaser.com.br\/alugueldelasers\/wp-content\/uploads\/2023\/05\/ENDOLIFT-200x104.jpg 200w, https:\/\/justlaser.com.br\/alugueldelasers\/wp-content\/uploads\/2023\/05\/ENDOLIFT-300x157.jpg 300w, https:\/\/justlaser.com.br\/alugueldelasers\/wp-content\/uploads\/2023\/05\/ENDOLIFT-400x209.jpg 400w, https:\/\/justlaser.com.br\/alugueldelasers\/wp-content\/uploads\/2023\/05\/ENDOLIFT-500x261.jpg 500w, https:\/\/justlaser.com.br\/alugueldelasers\/wp-content\/uploads\/2023\/05\/ENDOLIFT-600x313.jpg 600w, https:\/\/justlaser.com.br\/alugueldelasers\/wp-content\/uploads\/2023\/05\/ENDOLIFT-700x366.jpg 700w, https:\/\/justlaser.com.br\/alugueldelasers\/wp-content\/uploads\/2023\/05\/ENDOLIFT.jpg 712w\" sizes=\"(max-width: 712px) 100vw, 712px\" \/><\/h1>\n<h1><span style=\"font-size: 18pt;\">Loca\u00e7\u00e3o de laser para Endolift<\/span><\/h1>\n<p><a href=\"https:\/\/justlaser.com.br\/alugueldelasers\/locacao-de-laser-para-endolift\/\">Loca\u00e7\u00e3o de laser para endolift<\/a>: o que \u00e9 e como funciona?<\/p>\n<p>A tecnologia do laser tem sido utilizada h\u00e1 d\u00e9cadas em diversas \u00e1reas, como a medicina, a est\u00e9tica e a ind\u00fastria. No campo da est\u00e9tica, o uso do laser tem se popularizado cada vez mais, especialmente no tratamento de rejuvenescimento facial e corporal. Uma das t\u00e9cnicas mais recentes nesse sentido \u00e9 o endolift, que consiste em utilizar o laser endofacial , aquecendo e retraindo estruturas,\u00a0 para estimular a produ\u00e7\u00e3o de col\u00e1geno na pele e melhora da flacidez.<\/p>\n<p>O endolift \u00e9 realizado por meio de um aparelho de laser de 1470 nm, entre outros comprimentos de onda. Ele \u00e9 introduzido nas camadas mais profundas da pele sem danificar as superficiais. Esse tipo de laser \u00e9 considerado seguro e eficaz, e \u00e9 amplamente utilizado em procedimentos m\u00e9dicos. Para realizar o endolift, \u00e9 necess\u00e1rio um conhecimento anat\u00f4mico avan\u00e7ado, j\u00e1 que \u00e9 preciso localizar com precis\u00e3o as camadas de tecido a serem tratadas.<\/p>\n<h2><span style=\"font-size: 14pt;\">Vantagens da loca\u00e7\u00e3o de aparelho de laser para endolift<img decoding=\"async\" class=\"alignright wp-image-3496\" title=\"Loca\u00e7\u00e3o de laser para Endolift\" src=\"https:\/\/justlaser.com.br\/alugueldelasers\/wp-content\/uploads\/2023\/03\/Locacao-de-laser-para-Endolift.jpg\" alt=\"Loca\u00e7\u00e3o de laser para Endolift\" width=\"481\" height=\"357\" srcset=\"https:\/\/justlaser.com.br\/alugueldelasers\/wp-content\/uploads\/2023\/03\/Locacao-de-laser-para-Endolift-200x149.jpg 200w, https:\/\/justlaser.com.br\/alugueldelasers\/wp-content\/uploads\/2023\/03\/Locacao-de-laser-para-Endolift-300x223.jpg 300w, https:\/\/justlaser.com.br\/alugueldelasers\/wp-content\/uploads\/2023\/03\/Locacao-de-laser-para-Endolift-400x297.jpg 400w, https:\/\/justlaser.com.br\/alugueldelasers\/wp-content\/uploads\/2023\/03\/Locacao-de-laser-para-Endolift-500x371.jpg 500w, https:\/\/justlaser.com.br\/alugueldelasers\/wp-content\/uploads\/2023\/03\/Locacao-de-laser-para-Endolift-600x446.jpg 600w, https:\/\/justlaser.com.br\/alugueldelasers\/wp-content\/uploads\/2023\/03\/Locacao-de-laser-para-Endolift.jpg 700w\" sizes=\"(max-width: 481px) 100vw, 481px\" \/><\/span><\/h2>\n<p>Uma das principais vantagens do <a href=\"https:\/\/justlaser.com.br\/alugueldelasers\/aluguel-de-endolift\/\">aluguel de laser para endolift<\/a> \u00e9 a redu\u00e7\u00e3o de custos. Ao inv\u00e9s de comprar um aparelho, o profissional pode trabalhar com a loca\u00e7\u00e3o do Endolift,\u00a0 por um per\u00edodo determinado. E pagando apenas pelo tempo de uso.<\/p>\n<p>Para realizar o endolift, \u00e9 necess\u00e1rio um aparelho de laser espec\u00edfico, e PROFUNDOS CONHECIMENTOS DE ANATOMIA, E MANEJO DE LASERS. O que nem sempre \u00e9 acess\u00edvel para cl\u00ednicas e profissionais de est\u00e9tica.<\/p>\n<p>Nesse sentido, a loca\u00e7\u00e3o de aparelhos de laser para endolift pode ser uma op\u00e7\u00e3o interessante para quem deseja oferecer esse tipo de tratamento aos seus clientes, mas deve estar MUITO BEM FORMADO E CONFIANTE ANTES DE SE AVENTURAR.<\/p>\n<p>Uma das principais vantagens da loca\u00e7\u00e3o \u00e9 o custo, j\u00e1 que o valor para a aquisi\u00e7\u00e3o de um aparelho de laser pode ser bastante elevado. Al\u00e9m disso, a loca\u00e7\u00e3o permite que a cl\u00ednica ou profissional tenha acesso a equipamentos mais modernos e atualizados, sem precisar fazer grandes investimentos financeiros.<\/p>\n<h3>Como funciona o Endolift ?<\/h3>\n<p>A busca pela beleza e rejuvenescimento tem levado muitas pessoas a procurarem tratamentos est\u00e9ticos que oferecem resultados satisfat\u00f3rios. Uma das t\u00e9cnicas que t\u00eam se destacado no mercado \u00e9 o Endolift, que utiliza o laser de 1470 nm. Esse tratamento \u00e9 utilizado tanto para o rosto quanto para o corpo e \u00e9 indicado para reduzir a flacidez e melhorar a apar\u00eancia da pele. Se voc\u00ea \u00e9 um profissional da \u00e1rea e est\u00e1 em busca de um equipamento para realizar esse procedimento, a loca\u00e7\u00e3o de laser pode ser uma excelente op\u00e7\u00e3o.<\/p>\n<h4>O que \u00e9 o Endolift e como funciona o laser de 1470 nm?<\/h4>\n<p>O Endolift \u00e9 um procedimento minimamente invasivo que utiliza o laser de 1470 nm para estimular a produ\u00e7\u00e3o de col\u00e1geno e elastina na pele. A t\u00e9cnica consiste em introduzir uma fibra \u00f3tica muito fina na pele, que emite o laser na camada de gordura abaixo da derme. Essa energia estimula a contra\u00e7\u00e3o das fibras de col\u00e1geno e elastina, proporcionando um efeito lifting na pele.<\/p>\n<h3>Qual laser temos aqui ?<\/h3>\n<p>Um laser que existe no mercado nacional , e tem esse comprimento de onda \u00e9 o<a href=\"https:\/\/laser.vydence.com\/delight1470\" target=\"_blank\" rel=\"noopener\"> DELIGHT , da Vydence Medical.\u00a0<\/a><\/p>\n<p>Um laser vascular , usado para h\u00e1 anos para tal. Usado por cirurgi\u00f5es vasculares e pl\u00e1sticos, e recentemente por dermatologistas!<\/p>\n<section id=\"rd-section-kmulqi04\" class=\"bricks--section rd-section\">\n<div id=\"rd-row-kmulqi05\" class=\"bricks--row rd-row\">\n<div id=\"rd-column-kmulrsw8\" class=\"bricks--column rd-column\">\n<div>\n<div id=\"rd-text-kmulrswa\" class=\"bricks--component bricks--component-text rd-text\">\n<p><strong>O COMPRIMENTO DE ONDA PADR\u00c3O OURO DA ATUALIDADE<\/strong><\/p>\n<\/div>\n<div id=\"rd-text-kmulud1k\" class=\"bricks--component bricks--component-text rd-text\">\n<p>O LASER em 1470 nm \u00e9 considerado atualmente o comprimento de onda mais seguro e efetivo para abla\u00e7\u00e3o endovenosa, agregando resultados com o m\u00ednimo de eventos adversos reportados em literatura.<\/p>\n<\/div>\n<\/div>\n<\/div>\n<\/div>\n<\/section>\n<section id=\"rd-section-kmulyacq\" class=\"bricks--section rd-section\">\n<div id=\"rd-row-kmulyacr\" class=\"bricks--row rd-row\">\n<div id=\"rd-column-kmulyacs\" class=\"bricks--column rd-column\">\n<div>\n<div id=\"rd-image-kmulyact\" class=\"bricks--component bricks--component-image rd-image\"><img decoding=\"async\" class=\"aligncenter wp-image-3573 size-full\" title=\"ALUGUEL DE ENDOLIFT\" src=\"https:\/\/justlaser.com.br\/alugueldelasers\/wp-content\/uploads\/2023\/05\/ALUGUEL-DE-ENDOLIFT.jpg\" alt=\"ALUGUEL DE ENDOLIFT\" width=\"974\" height=\"846\" srcset=\"https:\/\/justlaser.com.br\/alugueldelasers\/wp-content\/uploads\/2023\/05\/ALUGUEL-DE-ENDOLIFT-200x174.jpg 200w, https:\/\/justlaser.com.br\/alugueldelasers\/wp-content\/uploads\/2023\/05\/ALUGUEL-DE-ENDOLIFT-300x261.jpg 300w, https:\/\/justlaser.com.br\/alugueldelasers\/wp-content\/uploads\/2023\/05\/ALUGUEL-DE-ENDOLIFT-400x347.jpg 400w, https:\/\/justlaser.com.br\/alugueldelasers\/wp-content\/uploads\/2023\/05\/ALUGUEL-DE-ENDOLIFT-500x434.jpg 500w, https:\/\/justlaser.com.br\/alugueldelasers\/wp-content\/uploads\/2023\/05\/ALUGUEL-DE-ENDOLIFT-600x521.jpg 600w, https:\/\/justlaser.com.br\/alugueldelasers\/wp-content\/uploads\/2023\/05\/ALUGUEL-DE-ENDOLIFT-700x608.jpg 700w, https:\/\/justlaser.com.br\/alugueldelasers\/wp-content\/uploads\/2023\/05\/ALUGUEL-DE-ENDOLIFT-768x667.jpg 768w, https:\/\/justlaser.com.br\/alugueldelasers\/wp-content\/uploads\/2023\/05\/ALUGUEL-DE-ENDOLIFT-800x695.jpg 800w, https:\/\/justlaser.com.br\/alugueldelasers\/wp-content\/uploads\/2023\/05\/ALUGUEL-DE-ENDOLIFT.jpg 974w\" sizes=\"(max-width: 974px) 100vw, 974px\" \/><\/div>\n<\/div>\n<\/div>\n<div id=\"rd-column-kmulyacu\" class=\"bricks--column rd-column\">\n<div>\n<div id=\"rd-text-kmulyacv\" class=\"bricks--component bricks--component-text rd-text\">\n<p><strong>TRATAMENTO MINIMAMENTE INVASIVO QUE PODE SER REALIZADO A N\u00cdVEL AMBULATORIAL<\/strong><\/p>\n<\/div>\n<div id=\"rd-text-kmulyacw\" class=\"bricks--component bricks--component-text rd-text\">\n<p>O procedimento pode ser realizado utilizando anestesia tumescente e bloqueio femoral simples, oferecendo um procedimento com m\u00ednimo tempo de recupera\u00e7\u00e3o e nenhum risco relativo ao paciente.<\/p>\n<\/div>\n<\/div>\n<\/div>\n<\/div>\n<\/section>\n<section id=\"rd-section-kmum0t23\" class=\"bricks--section rd-section\">\n<div id=\"rd-row-kmum0t24\" class=\"bricks--row rd-row\">\n<div id=\"rd-column-kmum0t27\" class=\"bricks--column rd-column\">\n<div>\n<div id=\"rd-text-kmum0t28\" class=\"bricks--component bricks--component-text rd-text\">\n<p><strong>M\u00d3DULO LASER ALEM\u00c3O COM AT\u00c9 30 W DE POT\u00caNCIA<\/strong><\/p>\n<\/div>\n<div id=\"rd-text-kmum0t29\" class=\"bricks--component bricks--component-text rd-text\">\n<p>Dois m\u00f3dulos de diodo alem\u00e3o que possuem sistema de prote\u00e7\u00e3o \u00f3ptica contra danos internos e que n\u00e3o sofrem com o risco de desalinhamento constante.<\/p>\n<\/div>\n<\/div>\n<\/div>\n<\/div>\n<\/section>\n<p>&nbsp;<\/p>\n<blockquote><p><strong>Voc\u00ea precisa de ajuda para loca\u00e7\u00e3o de um laser desses ?\u00a0 Entre em contato agora pelo nosso whatsapp aqui do site !<\/strong><\/p><\/blockquote>\n","protected":false},"excerpt":{"rendered":"<p>Loca\u00e7\u00e3o de laser para Endolift Loca\u00e7\u00e3o de laser para endolift: o que \u00e9 e [&hellip;]<\/p>\n","protected":false},"author":2,"featured_media":0,"parent":0,"menu_order":0,"comment_status":"closed","ping_status":"closed","template":"","meta":{"footnotes":""},"_links":{"self":[{"href":"https:\/\/justlaser.com.br\/alugueldelasers\/wp-json\/wp\/v2\/pages\/3495"}],"collection":[{"href":"https:\/\/justlaser.com.br\/alugueldelasers\/wp-json\/wp\/v2\/pages"}],"about":[{"href":"https:\/\/justlaser.com.br\/alugueldelasers\/wp-json\/wp\/v2\/types\/page"}],"author":[{"embeddable":true,"href":"https:\/\/justlaser.com.br\/alugueldelasers\/wp-json\/wp\/v2\/users\/2"}],"replies":[{"embeddable":true,"href":"https:\/\/justlaser.com.br\/alugueldelasers\/wp-json\/wp\/v2\/comments?post=3495"}],"version-history":[{"count":0,"href":"https:\/\/justlaser.com.br\/alugueldelasers\/wp-json\/wp\/v2\/pages\/3495\/revisions"}],"wp:attachment":[{"href":"https:\/\/justlaser.com.br\/alugueldelasers\/wp-json\/wp\/v2\/media?parent=3495"}],"curies":[{"name":"wp","href":"https:\/\/api.w.org\/{rel}","templated":true}]}}