{"id":3963,"date":"2025-03-05T13:11:00","date_gmt":"2025-03-05T16:11:00","guid":{"rendered":"https:\/\/justlaser.com.br\/alugueldelasers\/?page_id=3963"},"modified":"2025-03-05T13:22:54","modified_gmt":"2025-03-05T16:22:54","slug":"locacao-de-soprano-platinum","status":"publish","type":"page","link":"https:\/\/justlaser.com.br\/alugueldelasers\/aluguel-e-locacao-de-laser-para-depilacao-a-laser\/locacao-de-soprano-platinum\/","title":{"rendered":"Loca\u00e7\u00e3o de Soprano Platinum"},"content":{"rendered":"<h1><span style=\"font-size: 32px;\">Loca\u00e7\u00e3o de Soprano Platinum<\/span><\/h1>\n<p><span style=\"font-size: 20px;\">Vamos falar sobre a loca\u00e7\u00e3o do soprano Platinum aqui nessa p\u00e1gina. E tudo que voc\u00ea precisa saber para fazer uma loca\u00e7\u00e3o com seguran\u00e7a de uma m\u00e1quina calibrada e original.<\/span><\/p>\n<p><img decoding=\"async\" class=\"aligncenter wp-image-3966 size-full\" title=\"locacao soprano platinum sao paulo\" src=\"https:\/\/justlaser.com.br\/alugueldelasers\/wp-content\/uploads\/2025\/03\/locacao-soprano-platinum-sao-paulo.jpg\" alt=\"locacao soprano platinum sao paulo\" width=\"1870\" height=\"667\" srcset=\"https:\/\/justlaser.com.br\/alugueldelasers\/wp-content\/uploads\/2025\/03\/locacao-soprano-platinum-sao-paulo-200x71.jpg 200w, https:\/\/justlaser.com.br\/alugueldelasers\/wp-content\/uploads\/2025\/03\/locacao-soprano-platinum-sao-paulo-300x107.jpg 300w, https:\/\/justlaser.com.br\/alugueldelasers\/wp-content\/uploads\/2025\/03\/locacao-soprano-platinum-sao-paulo-400x143.jpg 400w, https:\/\/justlaser.com.br\/alugueldelasers\/wp-content\/uploads\/2025\/03\/locacao-soprano-platinum-sao-paulo-600x214.jpg 600w, https:\/\/justlaser.com.br\/alugueldelasers\/wp-content\/uploads\/2025\/03\/locacao-soprano-platinum-sao-paulo-768x274.jpg 768w, https:\/\/justlaser.com.br\/alugueldelasers\/wp-content\/uploads\/2025\/03\/locacao-soprano-platinum-sao-paulo-800x285.jpg 800w, https:\/\/justlaser.com.br\/alugueldelasers\/wp-content\/uploads\/2025\/03\/locacao-soprano-platinum-sao-paulo-1024x365.jpg 1024w, https:\/\/justlaser.com.br\/alugueldelasers\/wp-content\/uploads\/2025\/03\/locacao-soprano-platinum-sao-paulo-1200x428.jpg 1200w, https:\/\/justlaser.com.br\/alugueldelasers\/wp-content\/uploads\/2025\/03\/locacao-soprano-platinum-sao-paulo-1536x548.jpg 1536w, https:\/\/justlaser.com.br\/alugueldelasers\/wp-content\/uploads\/2025\/03\/locacao-soprano-platinum-sao-paulo.jpg 1870w\" sizes=\"(max-width: 1870px) 100vw, 1870px\" \/><\/p>\n<h1><span style=\"font-size: 28px;\"><strong>Loca\u00e7\u00e3o de Soprano Platinum: A Melhor Solu\u00e7\u00e3o para sua Cl\u00ednica<\/strong><\/span><\/h1>\n<p><span style=\"font-size: 20px;\">A <strong>loca\u00e7\u00e3o de Soprano Platinum<\/strong> \u00e9 a alternativa ideal para cl\u00ednicas e profissionais que desejam oferecer um tratamento de <strong>depila\u00e7\u00e3o a laser premium<\/strong> sem a necessidade de um investimento inicial alto. Desenvolvido pela renomada empresa americana <strong>Alma Lasers<\/strong>, o <strong>Soprano Platinum<\/strong> \u00e9 um dos lasers mais avan\u00e7ados e procurados do mercado, combinando efic\u00e1cia, seguran\u00e7a e conforto incompar\u00e1veis.<\/span><\/p>\n<p><span style=\"font-size: 20px;\">Se voc\u00ea busca <strong>resultados superiores e satisfa\u00e7\u00e3o total dos seus clientes<\/strong>, conte com a <strong>Just Laser<\/strong>, uma empresa especializada na <strong>loca\u00e7\u00e3o de equipamentos m\u00e9dicos de \u00faltima gera\u00e7\u00e3o<\/strong>, garantindo sempre aparelhos revisados e com pot\u00eancia m\u00e1xima para o melhor desempenho.<\/span><\/p>\n<h2><strong>Por que escolher uma loca\u00e7\u00e3o com o Soprano Platinum&#8230; e n\u00e3o outra m\u00e1quina?<\/strong><\/h2>\n<p><span style=\"font-size: 20px;\">O <strong>Soprano Platinum<\/strong> \u00e9 um dos poucos lasers no mercado que oferece <strong>tr\u00eas comprimentos de onda em um \u00fanico disparo<\/strong>, garantindo efic\u00e1cia para todos os tipos de pele e pelos. Ele combina:<\/span><\/p>\n<ul>\n<li><span style=\"font-size: 20px;\"><strong>755nm (Alexandrite)<\/strong> \u2013 Excelente para pelos finos e claros.<\/span><\/li>\n<li><span style=\"font-size: 20px;\"><strong>810nm (Diodo)<\/strong> \u2013 O padr\u00e3o-ouro da depila\u00e7\u00e3o a laser, vers\u00e1til e eficiente.<\/span><\/li>\n<li><span style=\"font-size: 20px;\"><strong>1064nm (Nd:YAG)<\/strong> \u2013 Ideal para peles mais escuras e pelos mais grossos.<\/span><\/li>\n<\/ul>\n<p><span style=\"font-size: 20px;\">Essa tecnologia revolucion\u00e1ria permite um tratamento mais r\u00e1pido, seguro e eficaz, reduzindo a necessidade de sess\u00f5es e oferecendo <strong>resultados duradouros com menos desconforto<\/strong>.<\/span><\/p>\n<h3><span style=\"font-size: 24px;\">Veja que incr\u00edvel como funciona o Soprano Platinum, com 3 comprimentos de onda e por que !<\/span><\/h3>\n<p><iframe src=\"\/\/www.youtube.com\/embed\/MBk0Q670LXE\" width=\"560\" height=\"314\" allowfullscreen=\"allowfullscreen\" data-mce-fragment=\"1\"><\/iframe><\/p>\n<h2><strong>Depila\u00e7\u00e3o indolor e mais eficiente<\/strong><\/h2>\n<p><span style=\"font-size: 20px;\">Um dos grandes diferenciais do <strong>Soprano Platinum<\/strong> \u00e9 a <strong>tecnologia SHR\u2122 (Super Hair Removal)<\/strong>, que aquece os fol\u00edculos gradualmente, tornando o procedimento <strong>praticamente indolor<\/strong>. Al\u00e9m disso, o sistema <strong>ICE Plus\u2122<\/strong> resfria continuamente a pele, minimizando riscos de queimaduras e proporcionando mais conforto para o paciente.<\/span><\/p>\n<p><span style=\"font-size: 20px;\">Com a <strong>loca\u00e7\u00e3o de Soprano Platinum<\/strong>, sua cl\u00ednica poder\u00e1 oferecer um <strong>tratamento r\u00e1pido, eficaz e confort\u00e1vel<\/strong>, garantindo uma experi\u00eancia diferenciada para os clientes e fidelizando ainda mais seu p\u00fablico.<\/span><\/p>\n<h2><strong>Vantagens da loca\u00e7\u00e3o de Soprano Platinum<\/strong><\/h2>\n<ul>\n<li><span style=\"font-size: 20px;\"><strong>Resultados superiores com menos sess\u00f5es<\/strong> \u2013 Gra\u00e7as \u00e0 tecnologia avan\u00e7ada, o Soprano Platinum entrega <strong>melhores resultados em um menor n\u00famero de sess\u00f5es<\/strong>, tornando o tratamento mais atrativo para os clientes.<\/span><\/li>\n<li><span style=\"font-size: 20px;\"><strong>Seguro para todos os tipos de pele<\/strong> \u2013 A combina\u00e7\u00e3o de tr\u00eas comprimentos de onda permite tratar <strong>qualquer tom de pele<\/strong>, desde as mais claras at\u00e9 as negras, sem riscos.<\/span><\/li>\n<li><span style=\"font-size: 20px;\"><strong>Sess\u00f5es r\u00e1pidas e eficazes<\/strong> \u2013 O laser permite tratar grandes \u00e1reas do corpo de forma r\u00e1pida, otimizando a agenda da cl\u00ednica.<\/span><\/li>\n<li><span style=\"font-size: 20px;\"><strong>Depila\u00e7\u00e3o indolor<\/strong> \u2013 O sistema de resfriamento reduz desconfortos, tornando a experi\u00eancia mais agrad\u00e1vel para o paciente.<\/span><\/li>\n<li><span style=\"font-size: 20px;\"><strong>Redu\u00e7\u00e3o de custos<\/strong> \u2013 Ao optar pela <strong>loca\u00e7\u00e3o<\/strong>, voc\u00ea elimina gastos com compra, manuten\u00e7\u00e3o e atualiza\u00e7\u00f5es tecnol\u00f3gicas.<\/span><\/li>\n<\/ul>\n<h3><span style=\"font-size: 20px;\"><strong>Loca\u00e7\u00e3o de Soprano Platinum com a Just Laser: Qualidade e Seguran\u00e7a<\/strong><\/span><\/h3>\n<p><span style=\"font-size: 20px;\">Diferente de outras empresas que apenas alugam equipamentos, a <strong>Just Laser<\/strong> tem um compromisso real com a <strong>qualidade e a performance<\/strong> dos aparelhos. Todos os nossos equipamentos passam por um <strong>rigoroso processo de manuten\u00e7\u00e3o peri\u00f3dica<\/strong>, garantindo que os <strong>diodos estejam sempre em perfeitas condi\u00e7\u00f5es<\/strong> para entregar <strong>a pot\u00eancia ideal e m\u00e1xima efic\u00e1cia no tratamento<\/strong>.<\/span><\/p>\n<p><span style=\"font-size: 20px;\">Muitas locadoras n\u00e3o realizam revis\u00f5es adequadas, o que pode comprometer os resultados do tratamento. Na Just Laser, asseguramos que cada <strong>Soprano Platinum<\/strong> alugado <strong>esteja operando com 100% de efici\u00eancia<\/strong>, oferecendo <strong>seguran\u00e7a e satisfa\u00e7\u00e3o para voc\u00ea e seus pacientes<\/strong>.<\/span><\/p>\n<h2><strong>Por que alugar ao inv\u00e9s de comprar?<\/strong><\/h2>\n<p><span style=\"font-size: 20px;\">A <strong>loca\u00e7\u00e3o de Soprano Platinum<\/strong> permite que cl\u00ednicas e profissionais de est\u00e9tica tenham acesso \u00e0 <strong>tecnologia de ponta<\/strong> sem a necessidade de um alto investimento inicial.<\/span><\/p>\n<ul>\n<li><span style=\"font-size: 20px;\"><strong>Sem imobilizar capital<\/strong> \u2013 Invista no crescimento do seu neg\u00f3cio sem comprometer seu or\u00e7amento.<\/span><\/li>\n<li><span style=\"font-size: 20px;\"><strong>Sempre atualizado<\/strong> \u2013 Tenha acesso aos equipamentos mais modernos do mercado sem se preocupar com a obsolesc\u00eancia.<\/span><\/li>\n<li><span style=\"font-size: 20px;\"><strong>Manuten\u00e7\u00e3o inclusa<\/strong> \u2013 Evite custos inesperados com reparos ou substitui\u00e7\u00f5es de pe\u00e7as.<\/span><\/li>\n<li><span style=\"font-size: 20px;\"><strong>Flexibilidade<\/strong> \u2013 Planos de loca\u00e7\u00e3o adaptados \u00e0 sua demanda, seja por dia, semana ou m\u00eas.<\/span><\/li>\n<\/ul>\n<h2><strong>Como funciona a loca\u00e7\u00e3o do Platinum na pr\u00e1tica,ent\u00e3o?<\/strong><\/h2>\n<p><span style=\"font-size: 20px;\">Nosso servi\u00e7o de <strong>loca\u00e7\u00e3o de Soprano Platinum<\/strong> \u00e9 simples e eficiente. Basta entrar em contato, escolher o plano mais adequado para sua cl\u00ednica e agendar a entrega do equipamento. Al\u00e9m disso, oferecemos <strong>suporte t\u00e9cnico especializado e treinamento<\/strong> para que voc\u00ea e sua equipe aproveitem ao m\u00e1ximo os benef\u00edcios desse laser incr\u00edvel.<\/span><\/p>\n<h2><strong>Transforme seu neg\u00f3cio com a loca\u00e7\u00e3o de Soprano Platinum!<\/strong><\/h2>\n<p><span style=\"font-size: 20px;\">A <strong>depila\u00e7\u00e3o a laser<\/strong> est\u00e1 entre os procedimentos mais procurados no mundo da est\u00e9tica. <strong>Garanta um diferencial para sua cl\u00ednica<\/strong> ao oferecer um tratamento com tecnologia de ponta, sem precisar arcar com os custos de compra e manuten\u00e7\u00e3o.<\/span><\/p>\n<p><span style=\"font-size: 20px;\">Entre em contato com a <strong>Just Laser<\/strong> e solicite um or\u00e7amento agora mesmo! Nossa equipe est\u00e1 pronta para tirar todas as suas d\u00favidas e ajudar voc\u00ea a elevar o n\u00edvel dos seus servi\u00e7os com a <strong>loca\u00e7\u00e3o de Soprano Platinum<\/strong>.<\/span><\/p>\n<p>&nbsp;<\/p>\n<p><span style=\"color: #ff0000;\"><strong><span style=\"font-size: 28px;\">Quer alugar um soprano falso?\u00a0 Um Belo Soprano Chingling?<\/span><\/strong><\/span><\/p>\n<p><span style=\"font-size: 24px;\">\u00a0Saiba mais nesse video sobre os falsos sopranos que inundam o mercado e d\u00ea boas risadas aqui !<\/span><\/p>\n<p><iframe src=\"\/\/www.youtube.com\/embed\/uP-Oem9-k0c\" width=\"560\" height=\"314\" allowfullscreen=\"allowfullscreen\" data-mce-fragment=\"1\"><\/iframe><\/p>\n<p>&nbsp;<\/p>\n<p><span style=\"font-size: 28px;\"><strong>Veja links de outros aparelhos para loca\u00e7\u00e3o:<\/strong><\/span><\/p>\n<p><span style=\"font-size: 20px;\"><a href=\"https:\/\/justlaser.com.br\/alugueldelasers\/aluguel-locacao-de-lasers\/locacao-aluguel-do-laser-plataforma-ethereamx-sao-paulo\/\">Aluguel Etherea MX<\/a><\/span><\/p>\n<p><span style=\"font-size: 20px;\"><a href=\"https:\/\/justlaser.com.br\/alugueldelasers\/aluguel-e-locacao-de-laser-para-depilacao-a-laser\/aluguel-soprano-platinum\">Aluguel\u00a0 Soprano Platinum<\/a><\/span><\/p>\n<p><span style=\"font-size: 20px;\"><a href=\"https:\/\/justlaser.com.br\/alugueldelasers\/aluguel-e-locacao-de-laser-para-depilacao-a-laser\/locacao-de-soprano-platinum\/\"><strong>Loca\u00e7\u00e3o de Soprano Platinum<\/strong><\/a><\/span><\/p>\n<p><span style=\"font-size: 20px;\"><a href=\"https:\/\/endoliftacademy.com.br\/\" target=\"_blank\" rel=\"noopener\">Curso de Endolaser<\/a><\/span><\/p>\n<p><span style=\"font-size: 20px;\"><strong><a href=\"https:\/\/www.instagram.com\/endoliftacademybrasil\/\" target=\"_blank\" rel=\"noopener\">Tudo sobre Endolaser &#8211; dicas e cursos no Instagram\u00a0<\/a><\/strong><\/span><\/p>\n<p><span style=\"font-size: 20px;\"><a href=\"https:\/\/justlaser.com.br\/alugueldelasers\/aluguel-de-endolift\/\"><strong>J\u00e1 pensou em aluguel do ENDOLASER\u00a0\u00a0<\/strong><\/a><\/span><\/p>\n<p>&nbsp;<\/p>\n<p><span style=\"font-size: 20px;\"><strong>N\u00e3o perca tempo!<\/strong> <\/span><\/p>\n<p><span style=\"font-size: 20px;\">Traga a tecnologia de depila\u00e7\u00e3o a laser mais avan\u00e7ada do mundo para o seu espa\u00e7o e ofere\u00e7a aos seus clientes <strong>seguran\u00e7a, efic\u00e1cia e conforto<\/strong> com o Soprano Platinum da Just Laser.<\/span><\/p>\n<blockquote><p><span style=\"font-size: 28px;\"><strong>Chame a gente agora, pelo Whatsapp.<br \/>\nO link est\u00e1 logo aqui: abaixo \u00e0 direita!<\/strong><\/span><\/p><\/blockquote>\n","protected":false},"excerpt":{"rendered":"<p>Loca\u00e7\u00e3o de Soprano Platinum Vamos falar sobre a loca\u00e7\u00e3o do soprano Platinum aqui nessa [&hellip;]<\/p>\n","protected":false},"author":2,"featured_media":0,"parent":2616,"menu_order":0,"comment_status":"closed","ping_status":"closed","template":"","meta":{"footnotes":""},"_links":{"self":[{"href":"https:\/\/justlaser.com.br\/alugueldelasers\/wp-json\/wp\/v2\/pages\/3963"}],"collection":[{"href":"https:\/\/justlaser.com.br\/alugueldelasers\/wp-json\/wp\/v2\/pages"}],"about":[{"href":"https:\/\/justlaser.com.br\/alugueldelasers\/wp-json\/wp\/v2\/types\/page"}],"author":[{"embeddable":true,"href":"https:\/\/justlaser.com.br\/alugueldelasers\/wp-json\/wp\/v2\/users\/2"}],"replies":[{"embeddable":true,"href":"https:\/\/justlaser.com.br\/alugueldelasers\/wp-json\/wp\/v2\/comments?post=3963"}],"version-history":[{"count":0,"href":"https:\/\/justlaser.com.br\/alugueldelasers\/wp-json\/wp\/v2\/pages\/3963\/revisions"}],"up":[{"embeddable":true,"href":"https:\/\/justlaser.com.br\/alugueldelasers\/wp-json\/wp\/v2\/pages\/2616"}],"wp:attachment":[{"href":"https:\/\/justlaser.com.br\/alugueldelasers\/wp-json\/wp\/v2\/media?parent=3963"}],"curies":[{"name":"wp","href":"https:\/\/api.w.org\/{rel}","templated":true}]}}